{"id":756413,"date":"2025-08-28T07:07:09","date_gmt":"2025-08-28T04:07:09","guid":{"rendered":"https:\/\/roveyayinevi.com.tr\/index.php\/urun\/bingolde-sosyal-normlar-ve-halk-edebiyat-turleri\/"},"modified":"2026-04-16T03:09:34","modified_gmt":"2026-04-16T00:09:34","slug":"bingolde-sosyal-normlar-ve-halk-edebiyat-turleri","status":"publish","type":"product","link":"https:\/\/roveyayinevi.com.tr\/index.php\/urun\/bingolde-sosyal-normlar-ve-halk-edebiyat-turleri\/","title":{"rendered":"Bing\u00f6l&#8217;de Sosyal Normlar ve Halk Edebiyat T\u00fcrleri"},"content":{"rendered":"<p>Ge\u00e7mi\u015ften gelece\u011fe uzanan k\u00fclt\u00fcrel aktar\u0131m s\u00fcrecinde, i\u00e7inden \u00e7\u0131kt\u0131\u011f\u0131 toplumun k\u00fclt\u00fcrel kodlar\u0131n\u0131 gelece\u011fe ta\u015f\u0131yarak k\u00f6pr\u00fc vazifesi g\u00f6rmesinden dolay\u0131 halk edebiyat\u0131 i\u00e7erikleri, T\u00fcrk toplumunun maddi ve manevi de\u011ferlerini somut \u015fekilde yans\u0131tan edebi \u00fcr\u00fcnler bar\u0131nd\u0131rmaktad\u0131r. Bu aktar\u0131m s\u00fcrecinde ki\u015finin k\u00fclt\u00fcrel de\u011ferlerinin fark\u0131na varmas\u0131 \u00f6nem arz etmektedir. Bir milletin gelene\u011fi, ya\u015fam \u015fekli ve inan\u00e7 yap\u0131s\u0131, i\u00e7inde bulundu\u011fu k\u00fclt\u00fcrel normlara s\u0131k\u0131 s\u0131k\u0131ya ba\u011fl\u0131d\u0131r. Bu nedenle halk k\u00fclt\u00fcr\u00fcn\u00fcn aktar\u0131m\u0131; bireyin do\u011fumuyla ba\u015flayan, aile, okul, arkada\u015f \u00e7evresi ve kitle ileti\u015fim ara\u00e7lar\u0131 gibi vas\u0131talarla ona toplumun mevcut de\u011ferlerini g\u00f6steren, \u00e7evreyle uyumuna arac\u0131l\u0131k eden ve ya\u015fam boyu devam eden s\u00fcre\u00e7tir. Bing\u00f6l&#8217;de sosyal normlar ve halk edebiyat\u0131 t\u00fcrlerinin ele al\u0131nd\u0131\u011f\u0131 bu \u00e7al\u0131\u015fmada -d\u00f6rt y\u0131l s\u00fcren me\u015fakkatli bir ara\u015ft\u0131rma sonucunda- bilimsel tasnif ve metodolojiler tespit edilirken 46 kat\u0131l\u0131mc\u0131n\u0131n anlatt\u0131\u011f\u0131 bilgiler \u0131\u015f\u0131\u011f\u0131nda, belirlenen metodolojik y\u00f6ntem ve analizlerden faydalan\u0131lm\u0131\u015ft\u0131r. Bing\u00f6l il ve il\u00e7elerinde ge\u00e7mi\u015ften bug\u00fcne dek anlat\u0131lagelen halk edebiyat\u0131 t\u00fcr i\u00e7eriklerinin her kat\u0131l\u0131mc\u0131ya tek tek soruldu\u011fu s\u00f6zl\u00fc ya da yaz\u0131l\u0131 folklor \u00fcr\u00fcnleri, toplumun d\u00fc\u015f\u00fcnce ve k\u00fclt\u00fcr yap\u0131s\u0131ndan ayr\u0131 d\u00fc\u015f\u00fcn\u00fclmemektedir. \u0130deoloji, din anlay\u0131\u015f\u0131, toplumun etno-folklorik de\u011fer yarg\u0131lar\u0131 ve inan\u0131\u015flar\u0131 k\u00fclt\u00fcrel vesika h\u00fcviyetinde olan folklor metinlerine de etki etmi\u015ftir. Halk edebiyat\u0131 t\u00fcrlerinin bi\u00e7imlenmesinde toplumun duyu\u015f, d\u00fc\u015f\u00fcn\u00fc\u015f \u015fekli ve ya\u015fam standard\u0131 etkili olabilmektedir. Bu nedenle hem literat\u00fcr taramas\u0131 hem de derleme y\u00f6ntemiyle elde edilen bulgular sonucunda ula\u015f\u0131lan halk edebiyat\u0131 metinleri, tarafs\u0131z olarak ve d\u00f6nemsel \u015fartlar g\u00f6z \u00f6n\u00fcnde bulundurularak yorumlanm\u0131\u015f, t\u00fcr i\u00e7eriklerine g\u00f6re belirlenen metodolojiler dahilinde de tahlil edilmi\u015ftir. Bing\u00f6l&#8217;de anlat\u0131lagelen kozmolojik yap\u0131daki s\u00f6zl\u00fc anlat\u0131 i\u00e7eriklerinde hem ge\u00e7mi\u015f toplumlar\u0131n inan\u00e7sal s\u00fcre\u00e7leri izlenebilirken hem de insan\u0131n var olu\u015f ile hayat\u0131n anlamland\u0131r\u0131lmas\u0131na dair kutsiyet arz eden s\u00f6zl\u00fc anlat\u0131 (masal, efsane, f\u0131kra vb.) i\u00e7eriklerini \u00fcretmeye yarayan yorumsal dayanaklar yer almaktad\u0131r. Bu ba\u011flamda ge\u00e7mi\u015f anlat\u0131larda, insan\u0131n k\u00fclt\u00fcrel bir varl\u0131k olarak kendisini kutsalla\u015ft\u0131rmas\u0131n\u0131n evreleri de en \u00e7ok bu metinler\/anlat\u0131lar arac\u0131l\u0131\u011f\u0131yla \u00f6\u011frenilmektedir. <\/p>\n","protected":false},"excerpt":{"rendered":"<p>Ge\u00e7mi\u015ften gelece\u011fe uzanan k\u00fclt\u00fcrel aktar\u0131m s\u00fcrecinde, i\u00e7inden \u00e7\u0131kt\u0131\u011f\u0131 toplumun k\u00fclt\u00fcrel kodlar\u0131n\u0131 gelece\u011fe ta\u015f\u0131yarak k\u00f6pr\u00fc vazifesi g\u00f6rmesinden dolay\u0131 halk edebiyat\u0131 i\u00e7erikleri, T\u00fcrk toplumunun maddi ve manevi de\u011ferlerini<span class=\"excerpt-hellip\"> [\u2026]<\/span><\/p>\n","protected":false},"featured_media":0,"template":"","meta":{"_monsterinsights_skip_tracking":false,"_monsterinsights_sitenote_active":false,"_monsterinsights_sitenote_note":"","_monsterinsights_sitenote_category":0},"product_brand":[],"product_cat":[13072,12291],"product_tag":[],"class_list":{"0":"post-756413","1":"product","2":"type-product","3":"status-publish","5":"product_cat-arastirma-inceleme-referans","6":"product_cat-edebiyat","7":"pa_cilt-ciltsiz","8":"pa_tur-kitap","9":"pa_yayinevi-soncag-akademik-kitaplar","10":"pa_yazar-recai-bazancir","12":"first","13":"instock","14":"sale","15":"shipping-taxable","16":"purchasable","17":"product-type-simple"},"_links":{"self":[{"href":"https:\/\/roveyayinevi.com.tr\/index.php\/wp-json\/wp\/v2\/product\/756413","targetHints":{"allow":["GET"]}}],"collection":[{"href":"https:\/\/roveyayinevi.com.tr\/index.php\/wp-json\/wp\/v2\/product"}],"about":[{"href":"https:\/\/roveyayinevi.com.tr\/index.php\/wp-json\/wp\/v2\/types\/product"}],"wp:attachment":[{"href":"https:\/\/roveyayinevi.com.tr\/index.php\/wp-json\/wp\/v2\/media?parent=756413"}],"wp:term":[{"taxonomy":"product_brand","embeddable":true,"href":"https:\/\/roveyayinevi.com.tr\/index.php\/wp-json\/wp\/v2\/product_brand?post=756413"},{"taxonomy":"product_cat","embeddable":true,"href":"https:\/\/roveyayinevi.com.tr\/index.php\/wp-json\/wp\/v2\/product_cat?post=756413"},{"taxonomy":"product_tag","embeddable":true,"href":"https:\/\/roveyayinevi.com.tr\/index.php\/wp-json\/wp\/v2\/product_tag?post=756413"}],"curies":[{"name":"wp","href":"https:\/\/api.w.org\/{rel}","templated":true}]}}