{"id":756392,"date":"2025-08-28T07:06:35","date_gmt":"2025-08-28T04:06:35","guid":{"rendered":"https:\/\/roveyayinevi.com.tr\/index.php\/urun\/usulca\/"},"modified":"2026-04-16T03:09:34","modified_gmt":"2026-04-16T00:09:34","slug":"usulca","status":"publish","type":"product","link":"https:\/\/roveyayinevi.com.tr\/index.php\/urun\/usulca\/","title":{"rendered":"Usulca"},"content":{"rendered":"<p>Bir hayalin kanad\u0131n\u0131 kopar\u0131p G\u00f6ky\u00fcz\u00fcne kar\u0131\u015ft\u0131rd\u0131m U\u00e7amazd\u0131 biliyorum U\u00e7up gitse benim olmazd\u0131 Kalsa kanad\u0131 k\u0131r\u0131k&#8230;<\/p>\n","protected":false},"excerpt":{"rendered":"<p>Bir hayalin kanad\u0131n\u0131 kopar\u0131p G\u00f6ky\u00fcz\u00fcne kar\u0131\u015ft\u0131rd\u0131m U\u00e7amazd\u0131 biliyorum U\u00e7up gitse benim olmazd\u0131 Kalsa kanad\u0131 k\u0131r\u0131k&#8230;<\/p>\n","protected":false},"featured_media":0,"template":"","meta":{"_monsterinsights_skip_tracking":false,"_monsterinsights_sitenote_active":false,"_monsterinsights_sitenote_note":"","_monsterinsights_sitenote_category":0},"product_brand":[],"product_cat":[12291,12509],"product_tag":[],"class_list":{"0":"post-756392","1":"product","2":"type-product","3":"status-publish","5":"product_cat-edebiyat","6":"product_cat-siir","7":"pa_cilt-ciltsiz","8":"pa_tur-kitap","9":"pa_yayinevi-perseus","10":"pa_yazar-m-betul-uzun","12":"first","13":"instock","14":"sale","15":"shipping-taxable","16":"purchasable","17":"product-type-simple"},"_links":{"self":[{"href":"https:\/\/roveyayinevi.com.tr\/index.php\/wp-json\/wp\/v2\/product\/756392","targetHints":{"allow":["GET"]}}],"collection":[{"href":"https:\/\/roveyayinevi.com.tr\/index.php\/wp-json\/wp\/v2\/product"}],"about":[{"href":"https:\/\/roveyayinevi.com.tr\/index.php\/wp-json\/wp\/v2\/types\/product"}],"wp:attachment":[{"href":"https:\/\/roveyayinevi.com.tr\/index.php\/wp-json\/wp\/v2\/media?parent=756392"}],"wp:term":[{"taxonomy":"product_brand","embeddable":true,"href":"https:\/\/roveyayinevi.com.tr\/index.php\/wp-json\/wp\/v2\/product_brand?post=756392"},{"taxonomy":"product_cat","embeddable":true,"href":"https:\/\/roveyayinevi.com.tr\/index.php\/wp-json\/wp\/v2\/product_cat?post=756392"},{"taxonomy":"product_tag","embeddable":true,"href":"https:\/\/roveyayinevi.com.tr\/index.php\/wp-json\/wp\/v2\/product_tag?post=756392"}],"curies":[{"name":"wp","href":"https:\/\/api.w.org\/{rel}","templated":true}]}}