{"id":756391,"date":"2025-08-28T07:06:33","date_gmt":"2025-08-28T04:06:33","guid":{"rendered":"https:\/\/roveyayinevi.com.tr\/index.php\/urun\/iktisadi-ve-idari-bilimler-alaninda-akademik-calismalar-teori-ve-uygulamalar\/"},"modified":"2026-04-16T03:09:34","modified_gmt":"2026-04-16T00:09:34","slug":"iktisadi-ve-idari-bilimler-alaninda-akademik-calismalar-teori-ve-uygulamalar","status":"publish","type":"product","link":"https:\/\/roveyayinevi.com.tr\/index.php\/urun\/iktisadi-ve-idari-bilimler-alaninda-akademik-calismalar-teori-ve-uygulamalar\/","title":{"rendered":"\u0130ktisadi Ve \u0130dari Bilimler Alan\u0131nda Akademik \u00c7al\u0131\u015fmalar: Teori Ve Uygulamalar"},"content":{"rendered":"<p>\u0130\u00e7indekiler     \u00b7         E-T\u0130CARET VE UYGULAMALARI   \u00b7         KAMUSAL H\u0130ZMET SUNUMUNDA D\u0130J\u0130TAL D\u00d6N\u00dc\u015e\u00dcM\u00dcN SON DURA\u011eI: KAMU Y\u00d6NET\u0130M\u0130 5.0   \u00b7         T\u00dcRK\u0130YE \u0130ST\u0130HDAM YAPISININ ESNEK \u00c7ALI\u015eMA S\u00dcREC\u0130   \u00b7         D\u0130J\u0130TAL \u0130NSAN KAYNAKLARI Y\u00d6NET\u0130M\u0130NDE B\u00dcY\u00dcK VER\u0130 ANAL\u0130T\u0130\u011e\u0130   \u00b7         OECD \u00dcLKELER\u0130 ARASINDAK\u0130 T\u0130CARET\u0130N BEL\u0130RLEY\u0130C\u0130LER\u0130 VE L\u0130NDER       H\u0130POTEZ\u0130N\u0130N TEST ED\u0130LMES\u0130   \u00b7         \u0130NSAN KAYNAKLARI \u0130\u015e POZ\u0130SYONLARI \u0130\u00c7\u0130N VER\u0130LEN \u0130\u015e \u0130LANLARININ C\u0130NS\u0130YET KODLU D\u0130L ANAL\u0130Z\u0130   \u00b7         KIRILGAN BE\u015eL\u0130 \u00dcLKELER\u0130NDE B\u00dcY\u00dcMEN\u0130N N\u0130TEL\u0130\u011e\u0130   \u00b7         G\u0130R\u0130\u015e\u0130MLER\u0130N EVRELER\u0130 VE T\u00dcRK\u0130YE PROF\u0130L\u0130   \u00b7         BENEL\u00dcX \u00dcLKELER\u0130NDE \u00c7EVRE VERG\u0130LER\u0130   \u00b7         2008 EKONOM\u0130K KR\u0130Z\u0130 VE COV\u0130D-19 K\u00dcRESEL SALGINI \u00c7ER\u00c7EVES\u0130NDE AVRUPA B\u0130RL\u0130\u011e\u0130\u2019N\u0130N KR\u0130Z Y\u00d6NET\u0130M\u0130N\u0130N DE\u011eERLEND\u0130R\u0130LMES\u0130   \u00b7         T\u00dcRK\u0130YE\u2019N\u0130N TARIMSAL DI\u015e T\u0130CARET\u0130N\u0130N \u00dcR\u00dcN HAR\u0130TALANDIRMASI Y\u00d6NTEM\u0130 \u0130LE ANAL\u0130Z\u0130   \u00b7         YA\u015eLI N\u00dcFUS POL\u0130T\u0130KALARINI ANLAMAK: SA\u011eLIK HARCAMALARI VE BAKIM H\u0130ZMETLER\u0130 <\/p>\n","protected":false},"excerpt":{"rendered":"<p>\u0130\u00e7indekiler \u00b7 E-T\u0130CARET VE UYGULAMALARI \u00b7 KAMUSAL H\u0130ZMET SUNUMUNDA D\u0130J\u0130TAL D\u00d6N\u00dc\u015e\u00dcM\u00dcN SON DURA\u011eI: KAMU Y\u00d6NET\u0130M\u0130 5.0 \u00b7 T\u00dcRK\u0130YE \u0130ST\u0130HDAM YAPISININ ESNEK \u00c7ALI\u015eMA S\u00dcREC\u0130 \u00b7 D\u0130J\u0130TAL \u0130NSAN<span class=\"excerpt-hellip\"> [\u2026]<\/span><\/p>\n","protected":false},"featured_media":0,"template":"","meta":{"_monsterinsights_skip_tracking":false,"_monsterinsights_sitenote_active":false,"_monsterinsights_sitenote_note":"","_monsterinsights_sitenote_category":0},"product_brand":[],"product_cat":[13043],"product_tag":[],"class_list":{"0":"post-756391","1":"product","2":"type-product","3":"status-publish","5":"product_cat-ekonomi","6":"pa_cilt-ciltsiz","7":"pa_tur-kitap","8":"pa_yayinevi-gazi-kitabevi","9":"pa_yazar-kolektif","11":"first","12":"instock","13":"sale","14":"shipping-taxable","15":"purchasable","16":"product-type-simple"},"_links":{"self":[{"href":"https:\/\/roveyayinevi.com.tr\/index.php\/wp-json\/wp\/v2\/product\/756391","targetHints":{"allow":["GET"]}}],"collection":[{"href":"https:\/\/roveyayinevi.com.tr\/index.php\/wp-json\/wp\/v2\/product"}],"about":[{"href":"https:\/\/roveyayinevi.com.tr\/index.php\/wp-json\/wp\/v2\/types\/product"}],"wp:attachment":[{"href":"https:\/\/roveyayinevi.com.tr\/index.php\/wp-json\/wp\/v2\/media?parent=756391"}],"wp:term":[{"taxonomy":"product_brand","embeddable":true,"href":"https:\/\/roveyayinevi.com.tr\/index.php\/wp-json\/wp\/v2\/product_brand?post=756391"},{"taxonomy":"product_cat","embeddable":true,"href":"https:\/\/roveyayinevi.com.tr\/index.php\/wp-json\/wp\/v2\/product_cat?post=756391"},{"taxonomy":"product_tag","embeddable":true,"href":"https:\/\/roveyayinevi.com.tr\/index.php\/wp-json\/wp\/v2\/product_tag?post=756391"}],"curies":[{"name":"wp","href":"https:\/\/api.w.org\/{rel}","templated":true}]}}