{"id":756382,"date":"2025-08-28T07:06:18","date_gmt":"2025-08-28T04:06:18","guid":{"rendered":"https:\/\/roveyayinevi.com.tr\/index.php\/urun\/pm101-prompt-muhendisligine-giris\/"},"modified":"2026-04-16T03:09:34","modified_gmt":"2026-04-16T00:09:34","slug":"pm101-prompt-muhendisligine-giris","status":"publish","type":"product","link":"https:\/\/roveyayinevi.com.tr\/index.php\/urun\/pm101-prompt-muhendisligine-giris\/","title":{"rendered":"PM101 &#8211; Prompt M\u00fchendisli\u011fine Giri\u015f"},"content":{"rendered":"<p>&#8220;PM101: Prompt M\u00fchendisli\u011fine Giri\u015f&#8221; adl\u0131 bu kitap, g\u00fcn\u00fcm\u00fczde h\u0131zla artan yapay zeka kullan\u0131m\u0131n\u0131n merkezinde yer alan ChatGPT, Bard ve Copilot gibi B\u00fcy\u00fck Dil Modellerinin (LLM) nas\u0131l kullan\u0131laca\u011f\u0131n\u0131 anlatmaktad\u0131r. Bu modeller, g\u00fcnl\u00fck ya\u015fam\u0131m\u0131z\u0131 kolayla\u015ft\u0131rmakta ancak geli\u015fim a\u015famas\u0131nda olduklar\u0131 i\u00e7in bazen istenen bilgileri tam olarak sa\u011flayamamaktad\u0131rlar. \u0130\u015fte bu noktada &#8220;prompt m\u00fchendisli\u011fi&#8221; devreye giriyor. Kitap, prompt m\u00fchendisli\u011finin ne oldu\u011funu, tekniklerini, kullan\u0131m senaryolar\u0131n\u0131, ipu\u00e7lar\u0131n\u0131 ve gelecek trendlerini detayl\u0131 bir \u015fekilde ele al\u0131yor. \u00d6nemle belirtmek gerekir ki, bu teknikler yaz\u0131l\u0131mc\u0131lar\u0131n modelleri geli\u015ftirmek i\u00e7in kulland\u0131klar\u0131 tekniklerden farkl\u0131d\u0131r; bu kitap, modellerden en etkili \u015fekilde bilgi \u00e7ekmek isteyen kullan\u0131c\u0131lar i\u00e7in haz\u0131rlanm\u0131\u015ft\u0131r. Yeni ba\u015flayanlar i\u00e7in m\u00fckemmel bir rehber olan &#8220;PM101: Prompt M\u00fchendisli\u011fine Giri\u015f&#8221;, yapay zek\u00e2 ile \u00e7al\u0131\u015fman\u0131n p\u00fcf noktalar\u0131n\u0131 \u00f6\u011frenmek isteyen herkes i\u00e7in vazge\u00e7ilmez bir kaynakt\u0131r.<\/p>\n","protected":false},"excerpt":{"rendered":"<p>&#8220;PM101: Prompt M\u00fchendisli\u011fine Giri\u015f&#8221; adl\u0131 bu kitap, g\u00fcn\u00fcm\u00fczde h\u0131zla artan yapay zeka kullan\u0131m\u0131n\u0131n merkezinde yer alan ChatGPT, Bard ve Copilot gibi B\u00fcy\u00fck Dil Modellerinin (LLM) nas\u0131l<span class=\"excerpt-hellip\"> [\u2026]<\/span><\/p>\n","protected":false},"featured_media":0,"template":"","meta":{"_monsterinsights_skip_tracking":false,"_monsterinsights_sitenote_active":false,"_monsterinsights_sitenote_note":"","_monsterinsights_sitenote_category":0},"product_brand":[],"product_cat":[13005,37328],"product_tag":[],"class_list":{"0":"post-756382","1":"product","2":"type-product","3":"status-publish","5":"product_cat-bilim-muhendislik","6":"product_cat-diger-bilim-muhendislik","7":"pa_cilt-ciltsiz","8":"pa_tur-kitap","9":"pa_yayinevi-bilgin-kultur-sanat","10":"pa_yazar-efecan-anaz","12":"first","13":"instock","14":"sale","15":"shipping-taxable","16":"purchasable","17":"product-type-simple"},"_links":{"self":[{"href":"https:\/\/roveyayinevi.com.tr\/index.php\/wp-json\/wp\/v2\/product\/756382","targetHints":{"allow":["GET"]}}],"collection":[{"href":"https:\/\/roveyayinevi.com.tr\/index.php\/wp-json\/wp\/v2\/product"}],"about":[{"href":"https:\/\/roveyayinevi.com.tr\/index.php\/wp-json\/wp\/v2\/types\/product"}],"wp:attachment":[{"href":"https:\/\/roveyayinevi.com.tr\/index.php\/wp-json\/wp\/v2\/media?parent=756382"}],"wp:term":[{"taxonomy":"product_brand","embeddable":true,"href":"https:\/\/roveyayinevi.com.tr\/index.php\/wp-json\/wp\/v2\/product_brand?post=756382"},{"taxonomy":"product_cat","embeddable":true,"href":"https:\/\/roveyayinevi.com.tr\/index.php\/wp-json\/wp\/v2\/product_cat?post=756382"},{"taxonomy":"product_tag","embeddable":true,"href":"https:\/\/roveyayinevi.com.tr\/index.php\/wp-json\/wp\/v2\/product_tag?post=756382"}],"curies":[{"name":"wp","href":"https:\/\/api.w.org\/{rel}","templated":true}]}}