{"id":756373,"date":"2025-08-28T07:06:02","date_gmt":"2025-08-28T04:06:02","guid":{"rendered":"https:\/\/roveyayinevi.com.tr\/index.php\/urun\/mananin-izi\/"},"modified":"2026-04-16T03:09:34","modified_gmt":"2026-04-16T00:09:34","slug":"mananin-izi","status":"publish","type":"product","link":"https:\/\/roveyayinevi.com.tr\/index.php\/urun\/mananin-izi\/","title":{"rendered":"Manan\u0131n \u0130zi"},"content":{"rendered":"<p>Hayat ba\u015fl\u0131 ba\u015f\u0131na bir kitap\u2026 Kimimiz bu kitab\u0131 okumaya \u00e7al\u0131\u015f\u0131rken, kimimizin okumak dahi akl\u0131na gelmiyor. Belki de okumay\u0131 ne \u015fekilde ifa edece\u011fimizi bilemiyoruz. Manan\u0131n \u0130zi\u2019nde hayat\u0131 bir\u00e7ok y\u00f6n\u00fc ile yeniden ke\u015ffetmeyi ve k\u00e2inat kitab\u0131n\u0131n her sayfas\u0131ndan bir hikmet dersi \u00e7\u0131kararak okumay\u0131 hedef edinmeyi g\u00f6steren bir\u00e7ok ipucu bulunuyor. Beyzanur Y\u0131lmaz bu ipu\u00e7lar\u0131n\u0131 g\u00f6sterirken, felsefe ve psikoloji bilimi ile maneviyat olgusunun i\u00e7erik ve y\u00f6ntemlerini b\u00fct\u00fcnc\u00fcl bir bak\u0131\u015f a\u00e7\u0131s\u0131yla de\u011ferlendirerek okurlara sunuyor. Ya\u015fad\u0131\u011f\u0131m\u0131z durum ve olaylar\u0131, kendini ke\u015ffetme yolculu\u011fundaki insan\u0131 ve genel olarak hayat silsilesinin \u00e7o\u011fu y\u00f6n\u00fcn\u00fc psikoloji ve maneviyat ekseninde ele alan kitap, hayat\u0131n manas\u0131n\u0131, ya\u015fam\u0131m\u0131zda etkili iki \u00f6nemli kavram olan \u201chikmet\u201d ve \u201cfazilet\u201d ekseninde tahlil ediyor. Hayat\u0131n manas\u0131n\u0131n ve ruhsal dehlizlerdeki \u00e7\u0131k\u0131\u015f kap\u0131lar\u0131n\u0131n ancak bu olgular\u0131 anlamland\u0131rmak ile m\u00fcmk\u00fcn oldu\u011funu ya\u015fam\u0131n i\u00e7inden \u00f6rneklerle a\u00e7\u0131kl\u0131yor.<\/p>\n","protected":false},"excerpt":{"rendered":"<p>Hayat ba\u015fl\u0131 ba\u015f\u0131na bir kitap\u2026 Kimimiz bu kitab\u0131 okumaya \u00e7al\u0131\u015f\u0131rken, kimimizin okumak dahi akl\u0131na gelmiyor. Belki de okumay\u0131 ne \u015fekilde ifa edece\u011fimizi bilemiyoruz. Manan\u0131n \u0130zi\u2019nde hayat\u0131<span class=\"excerpt-hellip\"> [\u2026]<\/span><\/p>\n","protected":false},"featured_media":0,"template":"","meta":{"_monsterinsights_skip_tracking":false,"_monsterinsights_sitenote_active":false,"_monsterinsights_sitenote_note":"","_monsterinsights_sitenote_category":0},"product_brand":[],"product_cat":[12357],"product_tag":[],"class_list":{"0":"post-756373","1":"product","2":"type-product","3":"status-publish","5":"product_cat-psikoloji","6":"pa_cilt-ciltsiz","7":"pa_tur-kitap","8":"pa_yayinevi-divan-kitap","9":"pa_yazar-beyzanur-yilmaz","11":"first","12":"instock","13":"sale","14":"shipping-taxable","15":"purchasable","16":"product-type-simple"},"_links":{"self":[{"href":"https:\/\/roveyayinevi.com.tr\/index.php\/wp-json\/wp\/v2\/product\/756373","targetHints":{"allow":["GET"]}}],"collection":[{"href":"https:\/\/roveyayinevi.com.tr\/index.php\/wp-json\/wp\/v2\/product"}],"about":[{"href":"https:\/\/roveyayinevi.com.tr\/index.php\/wp-json\/wp\/v2\/types\/product"}],"wp:attachment":[{"href":"https:\/\/roveyayinevi.com.tr\/index.php\/wp-json\/wp\/v2\/media?parent=756373"}],"wp:term":[{"taxonomy":"product_brand","embeddable":true,"href":"https:\/\/roveyayinevi.com.tr\/index.php\/wp-json\/wp\/v2\/product_brand?post=756373"},{"taxonomy":"product_cat","embeddable":true,"href":"https:\/\/roveyayinevi.com.tr\/index.php\/wp-json\/wp\/v2\/product_cat?post=756373"},{"taxonomy":"product_tag","embeddable":true,"href":"https:\/\/roveyayinevi.com.tr\/index.php\/wp-json\/wp\/v2\/product_tag?post=756373"}],"curies":[{"name":"wp","href":"https:\/\/api.w.org\/{rel}","templated":true}]}}