{"id":756365,"date":"2025-08-28T07:05:47","date_gmt":"2025-08-28T04:05:47","guid":{"rendered":"https:\/\/roveyayinevi.com.tr\/index.php\/urun\/mobukonun-aski-6\/"},"modified":"2026-04-16T03:09:33","modified_gmt":"2026-04-16T00:09:33","slug":"mobukonun-aski-6","status":"publish","type":"product","link":"https:\/\/roveyayinevi.com.tr\/index.php\/urun\/mobukonun-aski-6\/","title":{"rendered":"Mobuko\u2019nun A\u015fk\u0131 6"},"content":{"rendered":"<p>Yanl\u0131\u015f anla\u015f\u0131lmalar\u0131 \u00e7\u00f6zerek daha da yak\u0131nla\u015f\u0131r\u0131z. A\u015fk\u0131n \u00f6tesine ula\u015ft\u0131k\u00e7a d\u00fcnyan geni\u015fler. Sevgili olmalar\u0131n\u0131n \u00fczerinden iki ay ge\u00e7ti. Birbirilerini daha yak\u0131ndan tan\u0131maya ba\u015flad\u0131lar. Gelecek hayalleri, \u00fcniversite dostluklar\u0131 ve aile ili\u015fkileri&#8230; Ve&#8230; Birbirine s\u0131k\u0131ca ba\u011flanan ellerin hissi&#8230; Seninle her bulu\u015ftu\u011fumuzda geni\u015fleyen d\u00fcnyana tekrar a\u015f\u0131k oluyorum.<\/p>\n","protected":false},"excerpt":{"rendered":"<p>Yanl\u0131\u015f anla\u015f\u0131lmalar\u0131 \u00e7\u00f6zerek daha da yak\u0131nla\u015f\u0131r\u0131z. A\u015fk\u0131n \u00f6tesine ula\u015ft\u0131k\u00e7a d\u00fcnyan geni\u015fler. Sevgili olmalar\u0131n\u0131n \u00fczerinden iki ay ge\u00e7ti. Birbirilerini daha yak\u0131ndan tan\u0131maya ba\u015flad\u0131lar. Gelecek hayalleri, \u00fcniversite dostluklar\u0131<span class=\"excerpt-hellip\"> [\u2026]<\/span><\/p>\n","protected":false},"featured_media":0,"template":"","meta":{"_monsterinsights_skip_tracking":false,"_monsterinsights_sitenote_active":false,"_monsterinsights_sitenote_note":"","_monsterinsights_sitenote_category":0},"product_brand":[],"product_cat":[12416,12291],"product_tag":[],"class_list":{"0":"post-756365","1":"product","2":"type-product","3":"status-publish","5":"product_cat-cizgi-roman","6":"product_cat-edebiyat","7":"pa_cilt-ciltsiz","8":"pa_tur-kitap","9":"pa_yayinevi-kayip-kita-yayinlari","10":"pa_yazar-akane-tamura","12":"first","13":"instock","14":"sale","15":"shipping-taxable","16":"purchasable","17":"product-type-simple"},"_links":{"self":[{"href":"https:\/\/roveyayinevi.com.tr\/index.php\/wp-json\/wp\/v2\/product\/756365","targetHints":{"allow":["GET"]}}],"collection":[{"href":"https:\/\/roveyayinevi.com.tr\/index.php\/wp-json\/wp\/v2\/product"}],"about":[{"href":"https:\/\/roveyayinevi.com.tr\/index.php\/wp-json\/wp\/v2\/types\/product"}],"wp:attachment":[{"href":"https:\/\/roveyayinevi.com.tr\/index.php\/wp-json\/wp\/v2\/media?parent=756365"}],"wp:term":[{"taxonomy":"product_brand","embeddable":true,"href":"https:\/\/roveyayinevi.com.tr\/index.php\/wp-json\/wp\/v2\/product_brand?post=756365"},{"taxonomy":"product_cat","embeddable":true,"href":"https:\/\/roveyayinevi.com.tr\/index.php\/wp-json\/wp\/v2\/product_cat?post=756365"},{"taxonomy":"product_tag","embeddable":true,"href":"https:\/\/roveyayinevi.com.tr\/index.php\/wp-json\/wp\/v2\/product_tag?post=756365"}],"curies":[{"name":"wp","href":"https:\/\/api.w.org\/{rel}","templated":true}]}}