{"id":756357,"date":"2025-08-28T07:05:32","date_gmt":"2025-08-28T04:05:32","guid":{"rendered":"https:\/\/roveyayinevi.com.tr\/index.php\/urun\/kuma-kuma-kuma-bear-5\/"},"modified":"2026-04-16T03:09:33","modified_gmt":"2026-04-16T00:09:33","slug":"kuma-kuma-kuma-bear-5","status":"publish","type":"product","link":"https:\/\/roveyayinevi.com.tr\/index.php\/urun\/kuma-kuma-kuma-bear-5\/","title":{"rendered":"Kuma Kuma Kuma Bear 5"},"content":{"rendered":"<p>KAR\u015eILA\u015eMALI, HAYDUTLU, P\u0130ZZA PART\u0130L\u0130 BA\u015eKENT MACERASI BA\u015eLASIN! Paralel d\u00fcnyaya hileli Kuma k\u0131yafetiyle s\u00fcr\u00fcklenen k\u0131z, Yuna. Lordun k\u0131z\u0131 Noire\u2019a ba\u015fkent yolunda e\u015flik ederken, orklar\u0131n sald\u0131r\u0131s\u0131na u\u011frayan bir grup gezginle kar\u015f\u0131la\u015f\u0131r. \u0130stemeyerek yard\u0131m etti\u011fi ki\u015filer de soylu bir aileden gelen Gran ve onun torunu Misa\u2019d\u0131r. Ba\u015fkente kadar birlikte gitmeyi teklif etseler de Yuna\u2019y\u0131 ve arkada\u015flar\u0131n\u0131 yeni bir tehlike beklemektedir! Cilt 5 de aksiyon dolu!<\/p>\n","protected":false},"excerpt":{"rendered":"<p>KAR\u015eILA\u015eMALI, HAYDUTLU, P\u0130ZZA PART\u0130L\u0130 BA\u015eKENT MACERASI BA\u015eLASIN! Paralel d\u00fcnyaya hileli Kuma k\u0131yafetiyle s\u00fcr\u00fcklenen k\u0131z, Yuna. Lordun k\u0131z\u0131 Noire\u2019a ba\u015fkent yolunda e\u015flik ederken, orklar\u0131n sald\u0131r\u0131s\u0131na u\u011frayan bir<span class=\"excerpt-hellip\"> [\u2026]<\/span><\/p>\n","protected":false},"featured_media":0,"template":"","meta":{"_monsterinsights_skip_tracking":false,"_monsterinsights_sitenote_active":false,"_monsterinsights_sitenote_note":"","_monsterinsights_sitenote_category":0},"product_brand":[],"product_cat":[12416,12291],"product_tag":[],"class_list":{"0":"post-756357","1":"product","2":"type-product","3":"status-publish","5":"product_cat-cizgi-roman","6":"product_cat-edebiyat","7":"pa_cilt-ciltsiz","8":"pa_tur-kitap","9":"pa_yayinevi-kayip-kita-yayinlari","10":"pa_yazar-kumanano","12":"first","13":"instock","14":"sale","15":"shipping-taxable","16":"purchasable","17":"product-type-simple"},"_links":{"self":[{"href":"https:\/\/roveyayinevi.com.tr\/index.php\/wp-json\/wp\/v2\/product\/756357","targetHints":{"allow":["GET"]}}],"collection":[{"href":"https:\/\/roveyayinevi.com.tr\/index.php\/wp-json\/wp\/v2\/product"}],"about":[{"href":"https:\/\/roveyayinevi.com.tr\/index.php\/wp-json\/wp\/v2\/types\/product"}],"wp:attachment":[{"href":"https:\/\/roveyayinevi.com.tr\/index.php\/wp-json\/wp\/v2\/media?parent=756357"}],"wp:term":[{"taxonomy":"product_brand","embeddable":true,"href":"https:\/\/roveyayinevi.com.tr\/index.php\/wp-json\/wp\/v2\/product_brand?post=756357"},{"taxonomy":"product_cat","embeddable":true,"href":"https:\/\/roveyayinevi.com.tr\/index.php\/wp-json\/wp\/v2\/product_cat?post=756357"},{"taxonomy":"product_tag","embeddable":true,"href":"https:\/\/roveyayinevi.com.tr\/index.php\/wp-json\/wp\/v2\/product_tag?post=756357"}],"curies":[{"name":"wp","href":"https:\/\/api.w.org\/{rel}","templated":true}]}}