{"id":756356,"date":"2025-08-28T07:05:31","date_gmt":"2025-08-28T04:05:31","guid":{"rendered":"https:\/\/roveyayinevi.com.tr\/index.php\/urun\/gok-sarkisi\/"},"modified":"2026-04-16T03:09:33","modified_gmt":"2026-04-16T00:09:33","slug":"gok-sarkisi","status":"publish","type":"product","link":"https:\/\/roveyayinevi.com.tr\/index.php\/urun\/gok-sarkisi\/","title":{"rendered":"G\u00f6k \u015eark\u0131s\u0131"},"content":{"rendered":"<p>\u201cMacera bir kez pen\u00e7esini ge\u00e7irdi\u011finde, onu engellemek i\u00e7in yap\u0131lacak pek bir \u015fey yoktur. \u00d6zellikle de i\u015fin i\u00e7inde sihir varsa&#8230;\u201d   Karl\u0131 Erkenwald Krall\u0131\u011f\u0131\u2019nda balinalar buz da\u011flar\u0131n\u0131n aras\u0131nda y\u00fczer, kurtlar tundrada avlan\u0131r, kutup ay\u0131lar\u0131 buzullarda gezinir. O topraklarda ya\u015fayan insanlar\u0131 bulmaksa hi\u00e7 kolay de\u011fildir. Kabileler zalim bir Buz Krali\u00e7esi taraf\u0131ndan tutsak edilmi\u015f, geri kalanlarsa vah\u015fi do\u011fan\u0131n derinliklerine gizlenmi\u015ftir. Lanetli bir m\u00fczik kutusundan kurtulan Eska ve Erkenwald\u2019un kaderini de\u011fi\u015ftirebilecek icatlar yapan Flint\u2019in, neredeyse unutulmu\u015f eski bir \u015fark\u0131n\u0131n pe\u015finde Sonsuz Da\u011flar\u0131n \u00f6tesine uzanan, tehlikelerle dolu b\u00fcy\u00fcl\u00fc maceras\u0131n\u0131n hik\u00e2yesidir bu&#8230;   <\/p>\n","protected":false},"excerpt":{"rendered":"<p>\u201cMacera bir kez pen\u00e7esini ge\u00e7irdi\u011finde, onu engellemek i\u00e7in yap\u0131lacak pek bir \u015fey yoktur. \u00d6zellikle de i\u015fin i\u00e7inde sihir varsa&#8230;\u201d Karl\u0131 Erkenwald Krall\u0131\u011f\u0131\u2019nda balinalar buz da\u011flar\u0131n\u0131n aras\u0131nda<span class=\"excerpt-hellip\"> [\u2026]<\/span><\/p>\n","protected":false},"featured_media":0,"template":"","meta":{"_monsterinsights_skip_tracking":false,"_monsterinsights_sitenote_active":false,"_monsterinsights_sitenote_note":"","_monsterinsights_sitenote_category":0},"product_brand":[],"product_cat":[12274,12284],"product_tag":[],"class_list":{"0":"post-756356","1":"product","2":"type-product","3":"status-publish","5":"product_cat-cocuk-ve-genclik-kitaplari","6":"product_cat-hikayeler","7":"pa_cilt-ciltsiz","8":"pa_tur-kitap","9":"pa_yayinevi-ithaki-yayinlari","10":"pa_yazar-abi-elphinstone","12":"first","13":"instock","14":"sale","15":"shipping-taxable","16":"purchasable","17":"product-type-simple"},"_links":{"self":[{"href":"https:\/\/roveyayinevi.com.tr\/index.php\/wp-json\/wp\/v2\/product\/756356","targetHints":{"allow":["GET"]}}],"collection":[{"href":"https:\/\/roveyayinevi.com.tr\/index.php\/wp-json\/wp\/v2\/product"}],"about":[{"href":"https:\/\/roveyayinevi.com.tr\/index.php\/wp-json\/wp\/v2\/types\/product"}],"wp:attachment":[{"href":"https:\/\/roveyayinevi.com.tr\/index.php\/wp-json\/wp\/v2\/media?parent=756356"}],"wp:term":[{"taxonomy":"product_brand","embeddable":true,"href":"https:\/\/roveyayinevi.com.tr\/index.php\/wp-json\/wp\/v2\/product_brand?post=756356"},{"taxonomy":"product_cat","embeddable":true,"href":"https:\/\/roveyayinevi.com.tr\/index.php\/wp-json\/wp\/v2\/product_cat?post=756356"},{"taxonomy":"product_tag","embeddable":true,"href":"https:\/\/roveyayinevi.com.tr\/index.php\/wp-json\/wp\/v2\/product_tag?post=756356"}],"curies":[{"name":"wp","href":"https:\/\/api.w.org\/{rel}","templated":true}]}}