{"id":756353,"date":"2025-08-28T07:05:26","date_gmt":"2025-08-28T04:05:26","guid":{"rendered":"https:\/\/roveyayinevi.com.tr\/index.php\/urun\/yolda-olmak\/"},"modified":"2026-04-16T03:09:33","modified_gmt":"2026-04-16T00:09:33","slug":"yolda-olmak","status":"publish","type":"product","link":"https:\/\/roveyayinevi.com.tr\/index.php\/urun\/yolda-olmak\/","title":{"rendered":"Yolda Olmak"},"content":{"rendered":"<p>\u0130lk kitab\u0131 Herkesten Uzakta ile 2022 Vedat T\u00fcrkali \u00d6yk\u00fc \u00d6d\u00fcl\u00fc\u2019ne lay\u0131k g\u00f6r\u00fclen Kadir I\u015f\u0131k\u2019tan bir gezi\/anlat\u0131: Yolda Olmak.   Tiflis\u2019ten Bak\u00fc\u2019ye, Tebriz\u2019ten Kirman\u015fah\u2019a, S\u00fcleymaniye\u2019den Midyat\u2019a&#8230; Do\u011fu\u2019nun alt\u0131n \u015fehirlerinde dola\u015fan Kadir I\u015f\u0131k, kadim medeniyetlerin kal\u0131nt\u0131lar\u0131 aras\u0131nda s\u0131n\u0131rlar\u0131n ay\u0131rd\u0131\u011f\u0131 sofralara davet ediyor okuru. Ortado\u011fu\u2019nun par\u0131ldayan renklerini, zengin \u00e7ar\u015f\u0131lar\u0131n\u0131 ve \u201cg\u00f6n\u00fcll\u00fc\u201d insanlar\u0131n\u0131 oldu\u011fu kadar \u00e7\u00f6z\u00fcms\u00fcz sorunlar\u0131n\u0131, adaletsizli\u011fini ve iktidarlar\u0131n\u0131n yaratt\u0131\u011f\u0131 yapay husumetleri de ta\u015f\u0131yor metnine.   Daima yolda olmaya, ke\u015ffetmeye&#8230;   \u201cOysa s\u0131n\u0131r benim i\u00e7in birbirinin ayn\u0131 olan iki halk\u0131n aras\u0131na \u00e7ekilmi\u015f \u00e7izgiden, insanlar\u0131 b\u00f6lmekten \u00f6te bir anlam ta\u015f\u0131m\u0131yor. Benim du\u0308nyamda bir \u00f6nemi yok, anlams\u0131z. Toplumlar\u0131 birbirinden ay\u0131rmak, insanlar\u0131 birbirine du\u0308\u015fman etmek, yabanc\u0131la\u015ft\u0131rmak, \u00f6zgu\u0308rlu\u0308klerini k\u0131s\u0131tlamak i\u00e7in \u00f6ru\u0308lmu\u0308\u015f kal\u0131n duvarlar. Hi\u00e7 ku\u015fkusuz zamanla incelecek o duvarlar, gittik\u00e7e ortadan kalkacak, e\u011fer sermaye bu kadar gu\u0308\u00e7lu\u0308, para tap\u0131n\u0131las\u0131 bir meta olmasayd\u0131&#8230;\u201d <\/p>\n","protected":false},"excerpt":{"rendered":"<p>\u0130lk kitab\u0131 Herkesten Uzakta ile 2022 Vedat T\u00fcrkali \u00d6yk\u00fc \u00d6d\u00fcl\u00fc\u2019ne lay\u0131k g\u00f6r\u00fclen Kadir I\u015f\u0131k\u2019tan bir gezi\/anlat\u0131: Yolda Olmak. Tiflis\u2019ten Bak\u00fc\u2019ye, Tebriz\u2019ten Kirman\u015fah\u2019a, S\u00fcleymaniye\u2019den Midyat\u2019a&#8230; Do\u011fu\u2019nun alt\u0131n<span class=\"excerpt-hellip\"> [\u2026]<\/span><\/p>\n","protected":false},"featured_media":0,"template":"","meta":{"_monsterinsights_skip_tracking":false,"_monsterinsights_sitenote_active":false,"_monsterinsights_sitenote_note":"","_monsterinsights_sitenote_category":0},"product_brand":[],"product_cat":[13054],"product_tag":[],"class_list":{"0":"post-756353","1":"product","2":"type-product","3":"status-publish","5":"product_cat-gezi-ve-rehber-kitaplari","6":"pa_cilt-ciltsiz","7":"pa_tur-kitap","8":"pa_yayinevi-ithaki-yayinlari","9":"pa_yazar-kadir-isik","11":"first","12":"instock","13":"sale","14":"shipping-taxable","15":"purchasable","16":"product-type-simple"},"_links":{"self":[{"href":"https:\/\/roveyayinevi.com.tr\/index.php\/wp-json\/wp\/v2\/product\/756353","targetHints":{"allow":["GET"]}}],"collection":[{"href":"https:\/\/roveyayinevi.com.tr\/index.php\/wp-json\/wp\/v2\/product"}],"about":[{"href":"https:\/\/roveyayinevi.com.tr\/index.php\/wp-json\/wp\/v2\/types\/product"}],"wp:attachment":[{"href":"https:\/\/roveyayinevi.com.tr\/index.php\/wp-json\/wp\/v2\/media?parent=756353"}],"wp:term":[{"taxonomy":"product_brand","embeddable":true,"href":"https:\/\/roveyayinevi.com.tr\/index.php\/wp-json\/wp\/v2\/product_brand?post=756353"},{"taxonomy":"product_cat","embeddable":true,"href":"https:\/\/roveyayinevi.com.tr\/index.php\/wp-json\/wp\/v2\/product_cat?post=756353"},{"taxonomy":"product_tag","embeddable":true,"href":"https:\/\/roveyayinevi.com.tr\/index.php\/wp-json\/wp\/v2\/product_tag?post=756353"}],"curies":[{"name":"wp","href":"https:\/\/api.w.org\/{rel}","templated":true}]}}