{"id":756352,"date":"2025-08-28T07:05:24","date_gmt":"2025-08-28T04:05:24","guid":{"rendered":"https:\/\/roveyayinevi.com.tr\/index.php\/urun\/usher-evinin-cokusu\/"},"modified":"2026-04-16T03:09:33","modified_gmt":"2026-04-16T00:09:33","slug":"usher-evinin-cokusu","status":"publish","type":"product","link":"https:\/\/roveyayinevi.com.tr\/index.php\/urun\/usher-evinin-cokusu\/","title":{"rendered":"Usher Evi\u2019nin \u00c7\u00f6k\u00fc\u015f\u00fc"},"content":{"rendered":"<p>\u201cEdgar Allan Poe\u2019nun \u00f6yk\u00fcleri okudu\u011fum en tekinsiz \u00f6yk\u00fclerdir.\u201d \u2014Stephen King   Edgar Allan Poe polisiye, korku ve gerilim t\u00fcr\u00fcnde yazd\u0131\u011f\u0131 \u00f6yk\u00fclerle hem Amerikan edebiyat\u0131n\u0131n hem de d\u00fcnya edebiyat\u0131n\u0131n en etkileyici yazarlar\u0131ndan, gotik kurgu deyince ise akla ilk gelen isim. Usher Evi\u2019nin \u00c7\u00f6k\u00fc\u015f\u00fc\u2019nde Poe hayal g\u00fcc\u00fc ile e\u015fsiz \u00fcslubunu g\u00f6zler \u00f6n\u00fcne seren on dokuz \u00f6yk\u00fc anlat\u0131yor.   F\u0131rt\u0131nan\u0131n ortas\u0131nda hayatta kalmaya \u00e7al\u0131\u015fan m\u00fcrettebat, i\u00e7indeki ev sahibiyle birlikte \u00e7\u00f6kmekte olan bir malik\u00e2ne, esrarl\u0131 bir rit\u00fcele tan\u0131k olan iki denizci, terk edilmi\u015f kalede ya\u015fad\u0131\u011f\u0131na inan\u0131lan bir hayalet ve \u00e7ok daha fazlas\u0131 gerilim dolu bu derlemede kendine yer buluyor.   Bir daha asla! <\/p>\n","protected":false},"excerpt":{"rendered":"<p>\u201cEdgar Allan Poe\u2019nun \u00f6yk\u00fcleri okudu\u011fum en tekinsiz \u00f6yk\u00fclerdir.\u201d \u2014Stephen King Edgar Allan Poe polisiye, korku ve gerilim t\u00fcr\u00fcnde yazd\u0131\u011f\u0131 \u00f6yk\u00fclerle hem Amerikan edebiyat\u0131n\u0131n hem de d\u00fcnya<span class=\"excerpt-hellip\"> [\u2026]<\/span><\/p>\n","protected":false},"featured_media":0,"template":"","meta":{"_monsterinsights_skip_tracking":false,"_monsterinsights_sitenote_active":false,"_monsterinsights_sitenote_note":"","_monsterinsights_sitenote_category":0},"product_brand":[],"product_cat":[12291,17033],"product_tag":[],"class_list":{"0":"post-756352","1":"product","2":"type-product","3":"status-publish","5":"product_cat-edebiyat","6":"product_cat-korku-gerilim","7":"pa_cilt-ciltsiz","8":"pa_tur-kitap","9":"pa_yayinevi-ithaki-yayinlari","10":"pa_yazar-edgar-allan-poe","12":"first","13":"instock","14":"sale","15":"shipping-taxable","16":"purchasable","17":"product-type-simple"},"_links":{"self":[{"href":"https:\/\/roveyayinevi.com.tr\/index.php\/wp-json\/wp\/v2\/product\/756352","targetHints":{"allow":["GET"]}}],"collection":[{"href":"https:\/\/roveyayinevi.com.tr\/index.php\/wp-json\/wp\/v2\/product"}],"about":[{"href":"https:\/\/roveyayinevi.com.tr\/index.php\/wp-json\/wp\/v2\/types\/product"}],"wp:attachment":[{"href":"https:\/\/roveyayinevi.com.tr\/index.php\/wp-json\/wp\/v2\/media?parent=756352"}],"wp:term":[{"taxonomy":"product_brand","embeddable":true,"href":"https:\/\/roveyayinevi.com.tr\/index.php\/wp-json\/wp\/v2\/product_brand?post=756352"},{"taxonomy":"product_cat","embeddable":true,"href":"https:\/\/roveyayinevi.com.tr\/index.php\/wp-json\/wp\/v2\/product_cat?post=756352"},{"taxonomy":"product_tag","embeddable":true,"href":"https:\/\/roveyayinevi.com.tr\/index.php\/wp-json\/wp\/v2\/product_tag?post=756352"}],"curies":[{"name":"wp","href":"https:\/\/api.w.org\/{rel}","templated":true}]}}