{"id":756351,"date":"2025-08-28T07:05:23","date_gmt":"2025-08-28T04:05:23","guid":{"rendered":"https:\/\/roveyayinevi.com.tr\/index.php\/urun\/ithaki-japon-edebiyati-ajandasi-2024\/"},"modified":"2026-04-16T03:09:33","modified_gmt":"2026-04-16T00:09:33","slug":"ithaki-japon-edebiyati-ajandasi-2024","status":"publish","type":"product","link":"https:\/\/roveyayinevi.com.tr\/index.php\/urun\/ithaki-japon-edebiyati-ajandasi-2024\/","title":{"rendered":"\u0130thaki Japon Edebiyat\u0131 Ajandas\u0131 2024"},"content":{"rendered":"<p>\u0130lk y\u0131l\u0131nda bilimkurgu, ikinci y\u0131l\u0131nda korku edebiyat\u0131,\u00fc\u00e7\u00fcnc\u00fcs\u00fcnde ise fantastik temas\u0131yla okurlarla bulu\u015fan ve bir gelenek h\u00e2line getirmeyi planlad\u0131\u011f\u0131m\u0131z \u0130thaki Ajandas\u0131\u2019n\u0131n d\u00f6rd\u00fcnc\u00fcs\u00fcyle kar\u015f\u0131n\u0131zday\u0131z.<\/p>\n","protected":false},"excerpt":{"rendered":"<p>\u0130lk y\u0131l\u0131nda bilimkurgu, ikinci y\u0131l\u0131nda korku edebiyat\u0131,\u00fc\u00e7\u00fcnc\u00fcs\u00fcnde ise fantastik temas\u0131yla okurlarla bulu\u015fan ve bir gelenek h\u00e2line getirmeyi planlad\u0131\u011f\u0131m\u0131z \u0130thaki Ajandas\u0131\u2019n\u0131n d\u00f6rd\u00fcnc\u00fcs\u00fcyle kar\u015f\u0131n\u0131zday\u0131z.<\/p>\n","protected":false},"featured_media":0,"template":"","meta":{"_monsterinsights_skip_tracking":false,"_monsterinsights_sitenote_active":false,"_monsterinsights_sitenote_note":"","_monsterinsights_sitenote_category":0},"product_brand":[],"product_cat":[28265,15563],"product_tag":[],"class_list":{"0":"post-756351","1":"product","2":"type-product","3":"status-publish","5":"product_cat-diger-hobi","6":"product_cat-hobi","7":"pa_cilt-ciltsiz","8":"pa_tur-kitap","9":"pa_yayinevi-ithaki-yayinlari","10":"pa_yazar-kolektif","12":"first","13":"instock","14":"sale","15":"shipping-taxable","16":"purchasable","17":"product-type-simple"},"_links":{"self":[{"href":"https:\/\/roveyayinevi.com.tr\/index.php\/wp-json\/wp\/v2\/product\/756351","targetHints":{"allow":["GET"]}}],"collection":[{"href":"https:\/\/roveyayinevi.com.tr\/index.php\/wp-json\/wp\/v2\/product"}],"about":[{"href":"https:\/\/roveyayinevi.com.tr\/index.php\/wp-json\/wp\/v2\/types\/product"}],"wp:attachment":[{"href":"https:\/\/roveyayinevi.com.tr\/index.php\/wp-json\/wp\/v2\/media?parent=756351"}],"wp:term":[{"taxonomy":"product_brand","embeddable":true,"href":"https:\/\/roveyayinevi.com.tr\/index.php\/wp-json\/wp\/v2\/product_brand?post=756351"},{"taxonomy":"product_cat","embeddable":true,"href":"https:\/\/roveyayinevi.com.tr\/index.php\/wp-json\/wp\/v2\/product_cat?post=756351"},{"taxonomy":"product_tag","embeddable":true,"href":"https:\/\/roveyayinevi.com.tr\/index.php\/wp-json\/wp\/v2\/product_tag?post=756351"}],"curies":[{"name":"wp","href":"https:\/\/api.w.org\/{rel}","templated":true}]}}