{"id":756333,"date":"2025-08-28T07:04:54","date_gmt":"2025-08-28T04:04:54","guid":{"rendered":"https:\/\/roveyayinevi.com.tr\/index.php\/urun\/aquinas\/"},"modified":"2026-04-16T03:09:33","modified_gmt":"2026-04-16T00:09:33","slug":"aquinas","status":"publish","type":"product","link":"https:\/\/roveyayinevi.com.tr\/index.php\/urun\/aquinas\/","title":{"rendered":"Aquinas"},"content":{"rendered":"<p>D\u00fc\u015f\u00fcnce tarihinin en etkili filozof ve teologlar\u0131ndan Aziz Thomas Aquinas, Bat\u0131\u2019da modern din felsefesinin temellerini atm\u0131\u015f ve Tanr\u0131\u2019n\u0131n varl\u0131\u011f\u0131na dair kan\u0131tlar\u0131yla \u00fcnlenmi\u015ftir. Edward Feser, bu b\u00fcy\u00fck d\u00fc\u015f\u00fcn\u00fcr\u00fcn felsefesini ele ald\u0131\u011f\u0131 ak\u0131c\u0131 ve \u00e7ok y\u00f6nl\u00fc eserinde, Aquinas\u2019\u0131n teolojisi olmadan felsefesini, felsefesi olmadan da teolojisini tam olarak anlayamayaca\u011f\u0131m\u0131z\u0131 savunuyor. Aristoteles\u2019ten skolastik d\u00fc\u015f\u00fcnceye uzanan bir rota izleyerek Aquinas d\u00fc\u015f\u00fcncesinin tarihsel izle\u011fini ortaya \u00e7\u0131kar\u0131yor. Aquinas\u2019\u0131n ruh, do\u011fal hukuk, metafizik ve inan\u00e7 ile akl\u0131n etkile\u015fimi hakk\u0131ndaki d\u00fc\u015f\u00fcncelerini kapsayan bu eser \u00f6\u011frenciler, uzmanlar ve genel okur i\u00e7in kaynak kitap niteli\u011fi ta\u015f\u0131yor. <\/p>\n","protected":false},"excerpt":{"rendered":"<p>D\u00fc\u015f\u00fcnce tarihinin en etkili filozof ve teologlar\u0131ndan Aziz Thomas Aquinas, Bat\u0131\u2019da modern din felsefesinin temellerini atm\u0131\u015f ve Tanr\u0131\u2019n\u0131n varl\u0131\u011f\u0131na dair kan\u0131tlar\u0131yla \u00fcnlenmi\u015ftir. Edward Feser, bu b\u00fcy\u00fck<span class=\"excerpt-hellip\"> [\u2026]<\/span><\/p>\n","protected":false},"featured_media":0,"template":"","meta":{"_monsterinsights_skip_tracking":false,"_monsterinsights_sitenote_active":false,"_monsterinsights_sitenote_note":"","_monsterinsights_sitenote_category":0},"product_brand":[],"product_cat":[20351,12388],"product_tag":[],"class_list":{"0":"post-756333","1":"product","2":"type-product","3":"status-publish","5":"product_cat-dusunce","6":"product_cat-felsefe","7":"pa_cilt-ciltsiz","8":"pa_tur-kitap","9":"pa_yayinevi-babil-kitap","10":"pa_yazar-edward-feser","12":"first","13":"instock","14":"sale","15":"shipping-taxable","16":"purchasable","17":"product-type-simple"},"_links":{"self":[{"href":"https:\/\/roveyayinevi.com.tr\/index.php\/wp-json\/wp\/v2\/product\/756333","targetHints":{"allow":["GET"]}}],"collection":[{"href":"https:\/\/roveyayinevi.com.tr\/index.php\/wp-json\/wp\/v2\/product"}],"about":[{"href":"https:\/\/roveyayinevi.com.tr\/index.php\/wp-json\/wp\/v2\/types\/product"}],"wp:attachment":[{"href":"https:\/\/roveyayinevi.com.tr\/index.php\/wp-json\/wp\/v2\/media?parent=756333"}],"wp:term":[{"taxonomy":"product_brand","embeddable":true,"href":"https:\/\/roveyayinevi.com.tr\/index.php\/wp-json\/wp\/v2\/product_brand?post=756333"},{"taxonomy":"product_cat","embeddable":true,"href":"https:\/\/roveyayinevi.com.tr\/index.php\/wp-json\/wp\/v2\/product_cat?post=756333"},{"taxonomy":"product_tag","embeddable":true,"href":"https:\/\/roveyayinevi.com.tr\/index.php\/wp-json\/wp\/v2\/product_tag?post=756333"}],"curies":[{"name":"wp","href":"https:\/\/api.w.org\/{rel}","templated":true}]}}