{"id":756330,"date":"2025-08-28T07:04:51","date_gmt":"2025-08-28T04:04:51","guid":{"rendered":"https:\/\/roveyayinevi.com.tr\/index.php\/urun\/national-geographic-essiz-rotalar\/"},"modified":"2026-04-16T03:09:33","modified_gmt":"2026-04-16T00:09:33","slug":"national-geographic-essiz-rotalar","status":"publish","type":"product","link":"https:\/\/roveyayinevi.com.tr\/index.php\/urun\/national-geographic-essiz-rotalar\/","title":{"rendered":"National Geograph\u0131c- E\u015fsiz Rotalar"},"content":{"rendered":"<p>S\u0131radaki Maceran\u0131z Bir Sonraki K\u00f6\u015fede Sizi Bekliyor!Y\u00fczden Fazla Yepyeni Rotas\u0131 \u0130le Bu Nefes Kesici Rehber, S\u00fcr\u00fc\u015f Gezisi R\u00fcyalar\u0131n\u0131z\u0131 Ger\u00e7e\u011fe \u00c7evirmenize Yard\u0131mc\u0131 Olacak. Bu Sayfalarda Pek \u00c7ok Farkl\u0131 Konumda Unutulmaz S\u00fcr\u00fc\u015f Deneyimlerinden Olu\u015fan Bir Koleksiyon Bulacaks\u0131n\u0131z.Tepeler Ve Da\u011flarYosemite\u2019deki Tioga Yolu\u2019ndan Japonya\u2019n\u0131n \u00dcnl\u00fc Irohazaka Virajl\u0131 Yolu\u2019na Kadar Bu Dik Rotalar Ve Virajl\u0131 T\u0131rman\u0131\u015flar Sizi Sadece D\u00fcnyan\u0131n En G\u00fczel Doruklar\u0131ndan G\u00f6rebilece\u011finiz Manzaralara Ula\u015ft\u0131racak.   Deniz Kenar\u0131 Ve SahillerAlaska\u2019n\u0131n Kodiak Adas\u0131\u2019ndan Balinalar\u0131 \u0130zleyin, Maryland\u2019\u0131n Chesapeake Koyu\u2019nda Yenge\u00e7 Yemek \u0130\u00e7in Durun Ya Da Yeni Zelanda\u2019n\u0131n Do\u011fal G\u00fczelli\u011fini \u00dclkenin K\u0131y\u0131 Sahilinden \u0130zleyin.  Nehirler Ve VadilerUtah\u2019\u0131n K\u0131rm\u0131z\u0131 Kayalarla \u00c7evrili Topraklar\u0131nda, Fransa\u2019n\u0131n Dordogne Vadisi\u2019nde Ve Mississippi\u2019nin Blues Ana Yolu\u2019nda K\u0131vr\u0131ml\u0131 Su Yollar\u0131n\u0131 Takip Ederek \u0130lham Verici Kanyonlara Ve Bo\u011fazlara Ula\u015f\u0131n.B\u0130L\u0130NMEYEN YOLLARK\u00fcba\u2019n\u0131n manzaral\u0131 yollar\u0131n\u0131, Wisconsin\u2019in Kuzey Ormanlar\u0131n\u0131, \u0130talya\u2019n\u0131n Toskana tepelerindeki gizli noktalar\u0131 ve Serengeti\u2019deki vah\u015fi safariyi ke\u015ffedin.<\/p>\n","protected":false},"excerpt":{"rendered":"<p>S\u0131radaki Maceran\u0131z Bir Sonraki K\u00f6\u015fede Sizi Bekliyor!Y\u00fczden Fazla Yepyeni Rotas\u0131 \u0130le Bu Nefes Kesici Rehber, S\u00fcr\u00fc\u015f Gezisi R\u00fcyalar\u0131n\u0131z\u0131 Ger\u00e7e\u011fe \u00c7evirmenize Yard\u0131mc\u0131 Olacak. Bu Sayfalarda Pek \u00c7ok<span class=\"excerpt-hellip\"> [\u2026]<\/span><\/p>\n","protected":false},"featured_media":0,"template":"","meta":{"_monsterinsights_skip_tracking":false,"_monsterinsights_sitenote_active":false,"_monsterinsights_sitenote_note":"","_monsterinsights_sitenote_category":0},"product_brand":[],"product_cat":[13005],"product_tag":[],"class_list":{"0":"post-756330","1":"product","2":"type-product","3":"status-publish","5":"product_cat-bilim-muhendislik","6":"pa_cilt-ciltli","7":"pa_tur-kitap","8":"pa_yayinevi-beta-kitap","9":"pa_yazar-kolektif","11":"first","12":"instock","13":"sale","14":"shipping-taxable","15":"purchasable","16":"product-type-simple"},"_links":{"self":[{"href":"https:\/\/roveyayinevi.com.tr\/index.php\/wp-json\/wp\/v2\/product\/756330","targetHints":{"allow":["GET"]}}],"collection":[{"href":"https:\/\/roveyayinevi.com.tr\/index.php\/wp-json\/wp\/v2\/product"}],"about":[{"href":"https:\/\/roveyayinevi.com.tr\/index.php\/wp-json\/wp\/v2\/types\/product"}],"wp:attachment":[{"href":"https:\/\/roveyayinevi.com.tr\/index.php\/wp-json\/wp\/v2\/media?parent=756330"}],"wp:term":[{"taxonomy":"product_brand","embeddable":true,"href":"https:\/\/roveyayinevi.com.tr\/index.php\/wp-json\/wp\/v2\/product_brand?post=756330"},{"taxonomy":"product_cat","embeddable":true,"href":"https:\/\/roveyayinevi.com.tr\/index.php\/wp-json\/wp\/v2\/product_cat?post=756330"},{"taxonomy":"product_tag","embeddable":true,"href":"https:\/\/roveyayinevi.com.tr\/index.php\/wp-json\/wp\/v2\/product_tag?post=756330"}],"curies":[{"name":"wp","href":"https:\/\/api.w.org\/{rel}","templated":true}]}}