{"id":756318,"date":"2025-08-28T07:04:33","date_gmt":"2025-08-28T04:04:33","guid":{"rendered":"https:\/\/roveyayinevi.com.tr\/index.php\/urun\/gelecek-tarihtir\/"},"modified":"2026-04-16T03:09:32","modified_gmt":"2026-04-16T00:09:32","slug":"gelecek-tarihtir","status":"publish","type":"product","link":"https:\/\/roveyayinevi.com.tr\/index.php\/urun\/gelecek-tarihtir\/","title":{"rendered":"Gelecek Tarihtir"},"content":{"rendered":"<p>Gelecek TarihtirMasha Gessen   2017 National Book Award sahibi National Book Critics Circle Awards finalisti New York Public Library\u2019s Helen Bernstein Book Award sahibi THE NEW YORK TIMES BOOK REVIEW, LOS ANGELES TIMES,WASHINGTON POST, BOSTON GLOBE, SEATTLE TIMES veNEWSWEEK TARAFINDAN 2017\u2019N\u0130N EN \u0130Y\u0130K\u0130TAPLARINDAN B\u0130R\u0130 OLARAK SE\u00c7\u0130LD\u0130. Vladimir Putin\u2019in \u00e7oksatan biyografisinin yazar\u0131, usta gazeteci Masha Gessen, Rusya\u2019n\u0131n bir nesil i\u00e7inde nas\u0131l daha sert ve kar\u015f\u0131 konulmaz yeni bir otokrasi t\u00fcr\u00fcne teslim oldu\u011funu g\u00f6zler \u00f6n\u00fcne seriyor. \u00d6d\u00fcll\u00fc gazeteci Gessen, son zamanlarda Rusya\u2019y\u0131 sarsan olaylar\u0131 ve dinamikleri benzersiz bir bak\u0131\u015f a\u00e7\u0131s\u0131yla ele alarak bu kitapta demokrasinin \u015fafa\u011f\u0131 olmas\u0131 beklenen d\u00f6nemde do\u011fan d\u00f6rt ki\u015finin hayatlar\u0131n\u0131 konu ediyor. Baz\u0131lar\u0131 yeni Rusya\u2019n\u0131n mimarlar\u0131n\u0131n \u00e7ocuklar\u0131 ve torunlar\u0131 olan bu ki\u015filerin her biri giri\u015fimci, aktivist, d\u00fc\u015f\u00fcn\u00fcr ve yazar olarak yepyeni umutlarla yeti\u015fkinli\u011fe ad\u0131m at\u0131yor.  Dahas\u0131 Gessen, onlar\u0131 peri\u015fan edecek olan rejimin entrikalar\u0131na ve eski Sovyet d\u00fczeninin g\u00fcn\u00fcm\u00fcz\u00fcn mafya devleti bi\u00e7iminde yeniden ortaya \u00e7\u0131kmas\u0131n\u0131 sa\u011flayan anlay\u0131\u015fa kar\u015f\u0131 bir yol \u00e7iziyor. G\u00fc\u00e7l\u00fc ve g\u00fcncel bir kitap olan Gelecek Tarihtir, g\u00fcn\u00fcm\u00fcz ve t\u00fcm zamanlar i\u00e7in uyar\u0131 niteli\u011finde bir \u00e7al\u0131\u015fma.<\/p>\n","protected":false},"excerpt":{"rendered":"<p>Gelecek TarihtirMasha Gessen 2017 National Book Award sahibi National Book Critics Circle Awards finalisti New York Public Library\u2019s Helen Bernstein Book Award sahibi THE NEW YORK<span class=\"excerpt-hellip\"> [\u2026]<\/span><\/p>\n","protected":false},"featured_media":0,"template":"","meta":{"_monsterinsights_skip_tracking":false,"_monsterinsights_sitenote_active":false,"_monsterinsights_sitenote_note":"","_monsterinsights_sitenote_category":0},"product_brand":[],"product_cat":[13590,12337],"product_tag":[],"class_list":{"0":"post-756318","1":"product","2":"type-product","3":"status-publish","5":"product_cat-arastirma-inceleme-politika-siyaset","6":"product_cat-politika-siyaset","7":"pa_cilt-ciltsiz","8":"pa_tur-kitap","9":"pa_yayinevi-epsilon-yayinlari","10":"pa_yazar-masha-gessen","12":"first","13":"instock","14":"sale","15":"shipping-taxable","16":"purchasable","17":"product-type-simple"},"_links":{"self":[{"href":"https:\/\/roveyayinevi.com.tr\/index.php\/wp-json\/wp\/v2\/product\/756318","targetHints":{"allow":["GET"]}}],"collection":[{"href":"https:\/\/roveyayinevi.com.tr\/index.php\/wp-json\/wp\/v2\/product"}],"about":[{"href":"https:\/\/roveyayinevi.com.tr\/index.php\/wp-json\/wp\/v2\/types\/product"}],"wp:attachment":[{"href":"https:\/\/roveyayinevi.com.tr\/index.php\/wp-json\/wp\/v2\/media?parent=756318"}],"wp:term":[{"taxonomy":"product_brand","embeddable":true,"href":"https:\/\/roveyayinevi.com.tr\/index.php\/wp-json\/wp\/v2\/product_brand?post=756318"},{"taxonomy":"product_cat","embeddable":true,"href":"https:\/\/roveyayinevi.com.tr\/index.php\/wp-json\/wp\/v2\/product_cat?post=756318"},{"taxonomy":"product_tag","embeddable":true,"href":"https:\/\/roveyayinevi.com.tr\/index.php\/wp-json\/wp\/v2\/product_tag?post=756318"}],"curies":[{"name":"wp","href":"https:\/\/api.w.org\/{rel}","templated":true}]}}