{"id":756311,"date":"2025-08-28T07:04:20","date_gmt":"2025-08-28T04:04:20","guid":{"rendered":"https:\/\/roveyayinevi.com.tr\/index.php\/urun\/osmanli\/"},"modified":"2026-04-16T03:09:32","modified_gmt":"2026-04-16T00:09:32","slug":"osmanli","status":"publish","type":"product","link":"https:\/\/roveyayinevi.com.tr\/index.php\/urun\/osmanli\/","title":{"rendered":"Osmanl\u0131"},"content":{"rendered":"<p>\u201cBug\u00fcnk\u00fc ve d\u00fcnk\u00fc \u2018teokratik devlet\u2019; Devr-i Sa\u00e2det\u2019in ve Kur\u2019\u00e2n-\u0131 Ker\u00eem\u2019in \u0130sl\u00e2m\u0131 ile Devletler ve Saltanatlar\u0131n (s\u00f6zde) \u0130sl\u00e2m\u0131 ve nihayet Osmanl\u0131\u2019n\u0131n (s\u00f6zde) \u2018\u0130sl\u00e2m\u00ee\u2019\/\u015eer\u2019\u00ee normatif yap\u0131s\u0131 tart\u0131\u015fmalar\u0131 da; de\u011fi\u015fik kimliklerdeki s\u00f6ylem sahiplerinin yakla\u015f\u0131mlardaki k\u0131s\u0131r d\u00f6ng\u00fclerin muharriki olmaktad\u0131r.\u201d \u00dcmit Hassan, vazge\u00e7ilmez ba\u015fvuru kayna\u011f\u0131 niteli\u011fi ta\u015f\u0131yan Eski T\u00fcrk Toplumu \u00dczerine \u0130ncelemeler\u2019inden sonra, Osmanl\u0131 Devleti\u2019nin kurulu\u015f \u201cfelsefesini\u201d ele al\u0131yor. Bunun i\u00e7in, Osmanl\u0131\u2019n\u0131n devlet \u00f6rg\u00fctlenmesinde ve me\u015fruiyet \u00fcretiminde eski\/kadim T\u00fcrk y\u00f6netim zihniyetinin ve otorite fig\u00fcrlerinin izini s\u00fcr\u00fcyor. \u201cAtadan gelme\u201d T\u00f6re-Yasa(k) s\u00fcrecinin, devletl\u00fb-sultan\u00ee K\u00e2nun\/K\u00e2nunn\u00e2me\u2019ye nas\u0131l vard\u0131\u011f\u0131n\u0131 inceliyor. Ve bu bire\u015fimin olgunla\u015fma belgesi olarak Fatih K\u00e2nunn\u00e2mesi\u2019ne bak\u0131yor. B\u00f6ylece, Osmanl\u0131\u2019y\u0131 anlamakta \u00d6rf-\u015eeriat z\u0131tl\u0131\u011f\u0131n\u0131n \u00e7ok yan\u0131lt\u0131c\u0131 oldu\u011fu \u00e7\u0131k\u0131yor ortaya. Bu analiz, Osmanl\u0131\u2019n\u0131n kurulu\u015funa dair kuramsal yakla\u015f\u0131mlara ve a\u00e7\u0131klama \u015fablonlar\u0131na ili\u015fkin bir tart\u0131\u015fmayla beraber y\u00fcr\u00fcyor. Halil \u0130nalc\u0131k, Cemal Kafadar, Ahmet Ya\u015far Ocak, Halil Berktay, Oktay \u00d6zel-Mehmet \u00d6z\u2019\u00fcn (tabii yine Togan ve K\u00f6pr\u00fcl\u00fc\u2019n\u00fcn) ve Bat\u0131l\u0131 bilim insanlar\u0131n\u0131n \u201ckurulu\u015f\u201da dair tezlerine mercek tutuyor. \u00dcmit Hassan, Osmanl\u0131 kitab\u0131yla, bu \u00fclkenin devlet zihniyetine, siyaset \u201ct\u00f6re\u201dsine, y\u00f6netim \u201c\u00f6rf\u201d\u00fcne dair \u00f6nemli \u015ferhler d\u00fc\u015f\u00fcyor. \u201cHassan, devlet dedi\u011fimiz siyasi te\u015fekk\u00fcl\u00fc tarihselle\u015ftirmeden, yani onu kendinden \u00f6nce gelmi\u015f toplumsal \u00f6rg\u00fctlenme \u015fekillerinden belirgin bir \u015fekilde ay\u0131rmadan tarih yazamayaca\u011f\u0131m\u0131z\u0131 s\u00f6yl\u00fcyor.\u201d<\/p>\n","protected":false},"excerpt":{"rendered":"<p>\u201cBug\u00fcnk\u00fc ve d\u00fcnk\u00fc \u2018teokratik devlet\u2019; Devr-i Sa\u00e2det\u2019in ve Kur\u2019\u00e2n-\u0131 Ker\u00eem\u2019in \u0130sl\u00e2m\u0131 ile Devletler ve Saltanatlar\u0131n (s\u00f6zde) \u0130sl\u00e2m\u0131 ve nihayet Osmanl\u0131\u2019n\u0131n (s\u00f6zde) \u2018\u0130sl\u00e2m\u00ee\u2019\/\u015eer\u2019\u00ee normatif yap\u0131s\u0131 tart\u0131\u015fmalar\u0131 da;<span class=\"excerpt-hellip\"> [\u2026]<\/span><\/p>\n","protected":false},"featured_media":0,"template":"","meta":{"_monsterinsights_skip_tracking":false,"_monsterinsights_sitenote_active":false,"_monsterinsights_sitenote_note":"","_monsterinsights_sitenote_category":0},"product_brand":[],"product_cat":[13517,12304],"product_tag":[],"class_list":{"0":"post-756311","1":"product","2":"type-product","3":"status-publish","5":"product_cat-osmanli-tarihi","6":"product_cat-tarih","7":"pa_cilt-ciltsiz","8":"pa_tur-kitap","9":"pa_yayinevi-iletisim-yayinlari","10":"pa_yazar-umit-hassan","12":"first","13":"instock","14":"sale","15":"shipping-taxable","16":"purchasable","17":"product-type-simple"},"_links":{"self":[{"href":"https:\/\/roveyayinevi.com.tr\/index.php\/wp-json\/wp\/v2\/product\/756311","targetHints":{"allow":["GET"]}}],"collection":[{"href":"https:\/\/roveyayinevi.com.tr\/index.php\/wp-json\/wp\/v2\/product"}],"about":[{"href":"https:\/\/roveyayinevi.com.tr\/index.php\/wp-json\/wp\/v2\/types\/product"}],"wp:attachment":[{"href":"https:\/\/roveyayinevi.com.tr\/index.php\/wp-json\/wp\/v2\/media?parent=756311"}],"wp:term":[{"taxonomy":"product_brand","embeddable":true,"href":"https:\/\/roveyayinevi.com.tr\/index.php\/wp-json\/wp\/v2\/product_brand?post=756311"},{"taxonomy":"product_cat","embeddable":true,"href":"https:\/\/roveyayinevi.com.tr\/index.php\/wp-json\/wp\/v2\/product_cat?post=756311"},{"taxonomy":"product_tag","embeddable":true,"href":"https:\/\/roveyayinevi.com.tr\/index.php\/wp-json\/wp\/v2\/product_tag?post=756311"}],"curies":[{"name":"wp","href":"https:\/\/api.w.org\/{rel}","templated":true}]}}