{"id":756298,"date":"2025-08-28T07:03:58","date_gmt":"2025-08-28T04:03:58","guid":{"rendered":"https:\/\/roveyayinevi.com.tr\/index.php\/urun\/national-geographic-kozmos-serisi-4-kitap\/"},"modified":"2026-04-16T03:09:32","modified_gmt":"2026-04-16T00:09:32","slug":"national-geographic-kozmos-serisi-4-kitap","status":"publish","type":"product","link":"https:\/\/roveyayinevi.com.tr\/index.php\/urun\/national-geographic-kozmos-serisi-4-kitap\/","title":{"rendered":"National Geographic Kozmos Serisi 4 Kitap"},"content":{"rendered":"<p>Kozmos: Yeni Du\u0308nyalar, Carl Sagan ve Ann Druyan\u2019\u0131nbirlikteba\u015flad\u0131klar\u0131destan\u0131nheyecanverici yeni halkas\u0131d\u0131r. Druyan\u2019\u0131n Emmy ve Peabody \u00f6du\u0308llu\u0308 Kozmos: Bir UzaySeru\u0308veniadl\u0131belgeseli, 181 u\u0308lkedeg\u00f6sterilmi\u015fku\u0308reselbirfenomendir. Druyan\u015fimdi de Yeni Du\u0308nyalar\u2019lasizi, 14 milyary\u0131ll\u0131kkozmikevriminvedo\u011fan\u0131nenmahremgirintilerinesu\u0308ru\u0308klenece\u011finizbu\u00e7arp\u0131c\u0131macerayadavetediyor.Bu kitaplar, bize yeni yenianlamayaba\u015flad\u0131\u011f\u0131m\u0131zdevasaevrenikorkusuzcasorularsorarakvebu\u0308yu\u0308kbedeller\u00f6deyereksunanara\u015ft\u0131rmac\u0131lar\u0131ndaha\u00f6nceanlat\u0131lmam\u0131\u015fhik\u00e2yelerinibulacaks\u0131n\u0131z. Y\u0131ld\u0131zlarayelkena\u00e7mayahaz\u0131rlan\u0131n!9786254361913 &#8211; National Geographic Kozmos\u0130nsanl\u0131\u011f\u0131nOlgunluk\u00c7a\u011f\u01319786254361890 &#8211; National Geographic KozmosY\u0131ld\u0131zlaraUzananMerdiven9786254361920 &#8211; National Geographic KozmosD\u00fcnyadaAk\u0131ll\u0131Ya\u015fam9786254361906 &#8211; National Geographic KozmosKozmikBeyinHaritas\u0131<\/p>\n","protected":false},"excerpt":{"rendered":"<p>Kozmos: Yeni Du\u0308nyalar, Carl Sagan ve Ann Druyan\u2019\u0131nbirlikteba\u015flad\u0131klar\u0131destan\u0131nheyecanverici yeni halkas\u0131d\u0131r. Druyan\u2019\u0131n Emmy ve Peabody \u00f6du\u0308llu\u0308 Kozmos: Bir UzaySeru\u0308veniadl\u0131belgeseli, 181 u\u0308lkedeg\u00f6sterilmi\u015fku\u0308reselbirfenomendir. Druyan\u015fimdi de Yeni Du\u0308nyalar\u2019lasizi, 14 milyary\u0131ll\u0131kkozmikevriminvedo\u011fan\u0131nenmahremgirintilerinesu\u0308ru\u0308klenece\u011finizbu\u00e7arp\u0131c\u0131macerayadavetediyor.Bu<span class=\"excerpt-hellip\"> [\u2026]<\/span><\/p>\n","protected":false},"featured_media":0,"template":"","meta":{"_monsterinsights_skip_tracking":false,"_monsterinsights_sitenote_active":false,"_monsterinsights_sitenote_note":"","_monsterinsights_sitenote_category":0},"product_brand":[],"product_cat":[13005],"product_tag":[],"class_list":{"0":"post-756298","1":"product","2":"type-product","3":"status-publish","5":"product_cat-bilim-muhendislik","6":"pa_cilt-ciltsiz","7":"pa_tur-kitap","8":"pa_yayinevi-beta-kitap","9":"pa_yazar-ann-druyan","11":"first","12":"instock","13":"sale","14":"shipping-taxable","15":"purchasable","16":"product-type-simple"},"_links":{"self":[{"href":"https:\/\/roveyayinevi.com.tr\/index.php\/wp-json\/wp\/v2\/product\/756298","targetHints":{"allow":["GET"]}}],"collection":[{"href":"https:\/\/roveyayinevi.com.tr\/index.php\/wp-json\/wp\/v2\/product"}],"about":[{"href":"https:\/\/roveyayinevi.com.tr\/index.php\/wp-json\/wp\/v2\/types\/product"}],"wp:attachment":[{"href":"https:\/\/roveyayinevi.com.tr\/index.php\/wp-json\/wp\/v2\/media?parent=756298"}],"wp:term":[{"taxonomy":"product_brand","embeddable":true,"href":"https:\/\/roveyayinevi.com.tr\/index.php\/wp-json\/wp\/v2\/product_brand?post=756298"},{"taxonomy":"product_cat","embeddable":true,"href":"https:\/\/roveyayinevi.com.tr\/index.php\/wp-json\/wp\/v2\/product_cat?post=756298"},{"taxonomy":"product_tag","embeddable":true,"href":"https:\/\/roveyayinevi.com.tr\/index.php\/wp-json\/wp\/v2\/product_tag?post=756298"}],"curies":[{"name":"wp","href":"https:\/\/api.w.org\/{rel}","templated":true}]}}