{"id":756294,"date":"2025-08-28T07:03:52","date_gmt":"2025-08-28T04:03:52","guid":{"rendered":"https:\/\/roveyayinevi.com.tr\/index.php\/urun\/disney-zavalli-sanssiz-ruh-deniz-cadisinin-oykusu\/"},"modified":"2026-04-11T03:18:15","modified_gmt":"2026-04-11T00:18:15","slug":"disney-zavalli-sanssiz-ruh-deniz-cadisinin-oykusu","status":"publish","type":"product","link":"https:\/\/roveyayinevi.com.tr\/index.php\/urun\/disney-zavalli-sanssiz-ruh-deniz-cadisinin-oykusu\/","title":{"rendered":"Disney- Zavall\u0131 \u015eanss\u0131z Ruh: Deniz Cad\u0131s\u0131&#8217;n\u0131n \u00d6yk\u00fcs\u00fc"},"content":{"rendered":"<p>Deniz Kral\u0131\u2019n\u0131n k\u0131z\u0131 Ariel\u2019in sesini yitirmesi ve ard\u0131ndan yeniden bulmas\u0131 hemen herkes taraf\u0131ndan sevilen bir \u00f6yku\u0308du\u0308r. Bu \u00f6yku\u0308 pek \u00e7ok kez ve birbirinden farkl\u0131 \u015fekillerde anlat\u0131lm\u0131\u015ft\u0131r. Ancak her \u00f6yku\u0308de Ku\u0308\u00e7u\u0308k Deniz K\u0131z\u0131 du\u0308nyas\u0131n\u0131n ona sunduklar\u0131ndan fazlas\u0131n\u0131 istemi\u015f, babas\u0131 ise k\u0131z\u0131n\u0131n ait oldu\u011fu yerde ya\u015famas\u0131n\u0131 beklemi\u015ftir. \u0130syank\u00e2rl\u0131\u011f\u0131 Ku\u0308\u00e7u\u0308k Deniz K\u0131z\u0131\u2019n\u0131n sesine, hatta neredeyse ruhuna mal olacakt\u0131r. Neyse ki iyili\u011fin gu\u0308cu\u0308 a\u011f\u0131r basacak, Ariel bu seru\u0308venden gururla ve de\u011fi\u015fmi\u015f olarak \u00e7\u0131kacakt\u0131r. Yine de bu, \u00f6yku\u0308nu\u0308n sadece yar\u0131s\u0131d\u0131r. Peki, Ariel\u2019in intikam tanr\u0131\u00e7as\u0131, Deniz Cad\u0131s\u0131 Ursula\u2019n\u0131n \u00f6yku\u0308su\u0308nu\u0308 merak eden yok mu?Ursula\u2019n\u0131n yoldan \u00e7\u0131km\u0131\u015fl\u0131\u011f\u0131n\u0131n, bu denli ku\u0308\u00e7u\u0308msenmesinin ve nefret dolu olmas\u0131n\u0131n sebepleri nedir? Ursula\u2019y\u0131 Deniz Cad\u0131s\u0131\u2019na d\u00f6nu\u0308\u015ftu\u0308ren nedenleri anlatmaya y\u00f6nelik \u00e7ok say\u0131da \u00f6yku\u0308 denemesi yap\u0131lm\u0131\u015ft\u0131r. Burada da onun nefret edilen, zavall\u0131 \u015fanss\u0131z bir ruh olma yoluna hangi nedenlerden girdi\u011fine dair yeni bir \u00f6yku\u0308 anlat\u0131lmaktad\u0131r.<\/p>\n","protected":false},"excerpt":{"rendered":"<p>Deniz Kral\u0131\u2019n\u0131n k\u0131z\u0131 Ariel\u2019in sesini yitirmesi ve ard\u0131ndan yeniden bulmas\u0131 hemen herkes taraf\u0131ndan sevilen bir \u00f6yku\u0308du\u0308r. Bu \u00f6yku\u0308 pek \u00e7ok kez ve birbirinden farkl\u0131 \u015fekillerde anlat\u0131lm\u0131\u015ft\u0131r.<span class=\"excerpt-hellip\"> [\u2026]<\/span><\/p>\n","protected":false},"featured_media":0,"template":"","meta":{"_monsterinsights_skip_tracking":false,"_monsterinsights_sitenote_active":false,"_monsterinsights_sitenote_note":"","_monsterinsights_sitenote_category":0},"product_brand":[],"product_cat":[12291,12711],"product_tag":[],"class_list":{"0":"post-756294","1":"product","2":"type-product","3":"status-publish","5":"product_cat-edebiyat","6":"product_cat-roman-oyku","7":"pa_cilt-ciltsiz","8":"pa_tur-kitap","9":"pa_yayinevi-beta-byou","10":"pa_yazar-serena-valentino","12":"first","13":"instock","14":"sale","15":"shipping-taxable","16":"purchasable","17":"product-type-simple"},"_links":{"self":[{"href":"https:\/\/roveyayinevi.com.tr\/index.php\/wp-json\/wp\/v2\/product\/756294","targetHints":{"allow":["GET"]}}],"collection":[{"href":"https:\/\/roveyayinevi.com.tr\/index.php\/wp-json\/wp\/v2\/product"}],"about":[{"href":"https:\/\/roveyayinevi.com.tr\/index.php\/wp-json\/wp\/v2\/types\/product"}],"wp:attachment":[{"href":"https:\/\/roveyayinevi.com.tr\/index.php\/wp-json\/wp\/v2\/media?parent=756294"}],"wp:term":[{"taxonomy":"product_brand","embeddable":true,"href":"https:\/\/roveyayinevi.com.tr\/index.php\/wp-json\/wp\/v2\/product_brand?post=756294"},{"taxonomy":"product_cat","embeddable":true,"href":"https:\/\/roveyayinevi.com.tr\/index.php\/wp-json\/wp\/v2\/product_cat?post=756294"},{"taxonomy":"product_tag","embeddable":true,"href":"https:\/\/roveyayinevi.com.tr\/index.php\/wp-json\/wp\/v2\/product_tag?post=756294"}],"curies":[{"name":"wp","href":"https:\/\/api.w.org\/{rel}","templated":true}]}}