{"id":756291,"date":"2025-08-28T07:03:47","date_gmt":"2025-08-28T04:03:47","guid":{"rendered":"https:\/\/roveyayinevi.com.tr\/index.php\/urun\/oteki-ve-ben\/"},"modified":"2026-04-16T03:09:32","modified_gmt":"2026-04-16T00:09:32","slug":"oteki-ve-ben","status":"publish","type":"product","link":"https:\/\/roveyayinevi.com.tr\/index.php\/urun\/oteki-ve-ben\/","title":{"rendered":"\u00d6teki ve Ben"},"content":{"rendered":"<p>\u201cBen\u201d do\u011fu\u015ftan belli olan bir \u00f6z \u00e7er\u00e7evesinde, kendi do\u011fas\u0131 neyse, ona sad\u0131k kalarak geli\u015fecek bir varl\u0131k de\u011fildir.  O bir \u00f6zden \u00e7ok, bir potansiyeller manzumesidir ve olas\u0131l\u0131klardan hangisinin ne zaman bask\u0131n \u00e7\u0131kaca\u011f\u0131 d\u0131\u015fsal \u015fartlara g\u00f6re s\u00fcrekli de\u011fi\u015fir.   \u201cBen\u201d bir uzla\u015f\u0131mc\u0131d\u0131r. \u201c\u00d6teki\u201d ile her daim pazarl\u0131k halindedir ve bu pazarl\u0131k ya\u015fam\u0131n her g\u00fcn\u00fc yeniden ba\u015flar. Dinmez bir ili\u015fki i\u00e7erisinde \u201cben\u201d \u201c\u00f6teki\u201dleri, \u201c\u00f6teki\u201dler \u201cben\u201di etkiler. Fakat \u201c\u00f6teki\u201dlerden ve \u201cben\u201dden olu\u015fan toplumda \u201cben\u201d tek, \u201c\u00f6tekiler\u201d say\u0131s\u0131zd\u0131r. Bu asimetrik ili\u015fkide \u201cben\u201din \u201c\u00f6teki\u201dler ve kendisi \u00fczerindeki etkisi geride kal\u0131r. O, do\u011fu\u015fundan itibaren \u201c\u00f6teki\u201dnin g\u00f6zetiminde, denetiminde ve dan\u0131\u015fmanl\u0131\u011f\u0131nda serpilir. Her g\u00fcn yeniden in\u015fa edilen bir kurgu olan \u201cben\u201d, b\u00fcy\u00fck oranda \u201c\u00f6teki\u201d taraf\u0131ndan belirlenir.   Rimbaud\u2019nun s\u00f6yledi\u011fi gibi, \u201cben, bir \u00f6tekidir\u201d. <\/p>\n","protected":false},"excerpt":{"rendered":"<p>\u201cBen\u201d do\u011fu\u015ftan belli olan bir \u00f6z \u00e7er\u00e7evesinde, kendi do\u011fas\u0131 neyse, ona sad\u0131k kalarak geli\u015fecek bir varl\u0131k de\u011fildir. O bir \u00f6zden \u00e7ok, bir potansiyeller manzumesidir ve olas\u0131l\u0131klardan<span class=\"excerpt-hellip\"> [\u2026]<\/span><\/p>\n","protected":false},"featured_media":0,"template":"","meta":{"_monsterinsights_skip_tracking":false,"_monsterinsights_sitenote_active":false,"_monsterinsights_sitenote_note":"","_monsterinsights_sitenote_category":0},"product_brand":[],"product_cat":[13072,12291],"product_tag":[],"class_list":{"0":"post-756291","1":"product","2":"type-product","3":"status-publish","5":"product_cat-arastirma-inceleme-referans","6":"product_cat-edebiyat","7":"pa_cilt-ciltsiz","8":"pa_tur-kitap","9":"pa_yayinevi-kara-karga-yayinlari","10":"pa_yazar-yalin-alpay","12":"first","13":"instock","14":"sale","15":"shipping-taxable","16":"purchasable","17":"product-type-simple"},"_links":{"self":[{"href":"https:\/\/roveyayinevi.com.tr\/index.php\/wp-json\/wp\/v2\/product\/756291","targetHints":{"allow":["GET"]}}],"collection":[{"href":"https:\/\/roveyayinevi.com.tr\/index.php\/wp-json\/wp\/v2\/product"}],"about":[{"href":"https:\/\/roveyayinevi.com.tr\/index.php\/wp-json\/wp\/v2\/types\/product"}],"wp:attachment":[{"href":"https:\/\/roveyayinevi.com.tr\/index.php\/wp-json\/wp\/v2\/media?parent=756291"}],"wp:term":[{"taxonomy":"product_brand","embeddable":true,"href":"https:\/\/roveyayinevi.com.tr\/index.php\/wp-json\/wp\/v2\/product_brand?post=756291"},{"taxonomy":"product_cat","embeddable":true,"href":"https:\/\/roveyayinevi.com.tr\/index.php\/wp-json\/wp\/v2\/product_cat?post=756291"},{"taxonomy":"product_tag","embeddable":true,"href":"https:\/\/roveyayinevi.com.tr\/index.php\/wp-json\/wp\/v2\/product_tag?post=756291"}],"curies":[{"name":"wp","href":"https:\/\/api.w.org\/{rel}","templated":true}]}}