{"id":756266,"date":"2025-08-28T07:03:09","date_gmt":"2025-08-28T04:03:09","guid":{"rendered":"https:\/\/roveyayinevi.com.tr\/index.php\/urun\/is-yasaminda-kadin-2\/"},"modified":"2026-04-16T03:09:31","modified_gmt":"2026-04-16T00:09:31","slug":"is-yasaminda-kadin-2","status":"publish","type":"product","link":"https:\/\/roveyayinevi.com.tr\/index.php\/urun\/is-yasaminda-kadin-2\/","title":{"rendered":"\u0130\u015f Ya\u015fam\u0131nda Kad\u0131n"},"content":{"rendered":"<p>\u0130\u015f D\u00fcnyas\u0131ndan De\u011ferlendirmelerS\u0131rad\u0131\u015f\u0131 Sekt\u00f6rlerde Kad\u0131n Dostu \u015eirketler\u0130\u015f Ya\u015fam\u0131 ve Kad\u0131nCovid-19 Sonras\u0131 Artan Dijitalle\u015fme ve \u0130\u015f Ya\u015fam\u0131nda Kad\u0131na Y\u00f6nelik Dijital \u015eiddetTarihsel S\u00fcre\u00e7 \u0130\u00e7inde Kad\u0131n\u0131n \u0130\u015f G\u00fcc\u00fcne Kat\u0131l\u0131m\u0131D\u00fcnyada ve T\u00fcrkiye\u2019de Kad\u0131n \u0130stihdam\u0131Y\u00f6netim Kurullar\u0131 ve Kad\u0131nKad\u0131nlar\u0131n \u0130\u015f D\u00fcnyas\u0131nda Kar\u015f\u0131la\u015ft\u0131klar\u0131 Zorluklar ve Kariyer EngelleriReklamda Kad\u0131n\u0131n Portresi: Kad\u0131n\u0131n Nesneler Aras\u0131nda \u00d6zne Kalailme M\u00fccadelesi\u00c7ift Kariyerl \u0130\u015fler: Kad\u0131n ve Kariyer \u0130li\u015fkisiCam Tavan Engelleri ve Kad\u0131n Giri\u015fimcili\u011fiCovid-19 S\u00fcrecinde Sa\u011fl\u0131k Sekt\u00f6r\u00fcnde Kad\u0131n \u00c7al\u0131\u015fanlar\u0130\u015f \u2013 Aile (Ya\u015fam) DengesiOrta D\u00fczey Bankac\u0131 Kad\u0131n Y\u00f6neticilerin Annelik S\u00fcrecinin \u0130\u015f Ya\u015famlar\u0131 \u00dczerine Etkisi\u0130\u015f D\u00fcnyas\u0131nda Kad\u0131n\u0131n \u00dc\u00e7 Yakas\u0131: Mavi, Beyaz, Alt\u0131n<\/p>\n","protected":false},"excerpt":{"rendered":"<p>\u0130\u015f D\u00fcnyas\u0131ndan De\u011ferlendirmelerS\u0131rad\u0131\u015f\u0131 Sekt\u00f6rlerde Kad\u0131n Dostu \u015eirketler\u0130\u015f Ya\u015fam\u0131 ve Kad\u0131nCovid-19 Sonras\u0131 Artan Dijitalle\u015fme ve \u0130\u015f Ya\u015fam\u0131nda Kad\u0131na Y\u00f6nelik Dijital \u015eiddetTarihsel S\u00fcre\u00e7 \u0130\u00e7inde Kad\u0131n\u0131n \u0130\u015f G\u00fcc\u00fcne Kat\u0131l\u0131m\u0131D\u00fcnyada<span class=\"excerpt-hellip\"> [\u2026]<\/span><\/p>\n","protected":false},"featured_media":0,"template":"","meta":{"_monsterinsights_skip_tracking":false,"_monsterinsights_sitenote_active":false,"_monsterinsights_sitenote_note":"","_monsterinsights_sitenote_category":0},"product_brand":[],"product_cat":[13488],"product_tag":[],"class_list":{"0":"post-756266","1":"product","2":"type-product","3":"status-publish","5":"product_cat-toplum-ve-insan","6":"pa_cilt-ciltsiz","7":"pa_tur-kitap","8":"pa_yayinevi-beta-kitap","9":"pa_yazar-kolektif","11":"first","12":"instock","13":"sale","14":"shipping-taxable","15":"purchasable","16":"product-type-simple"},"_links":{"self":[{"href":"https:\/\/roveyayinevi.com.tr\/index.php\/wp-json\/wp\/v2\/product\/756266","targetHints":{"allow":["GET"]}}],"collection":[{"href":"https:\/\/roveyayinevi.com.tr\/index.php\/wp-json\/wp\/v2\/product"}],"about":[{"href":"https:\/\/roveyayinevi.com.tr\/index.php\/wp-json\/wp\/v2\/types\/product"}],"wp:attachment":[{"href":"https:\/\/roveyayinevi.com.tr\/index.php\/wp-json\/wp\/v2\/media?parent=756266"}],"wp:term":[{"taxonomy":"product_brand","embeddable":true,"href":"https:\/\/roveyayinevi.com.tr\/index.php\/wp-json\/wp\/v2\/product_brand?post=756266"},{"taxonomy":"product_cat","embeddable":true,"href":"https:\/\/roveyayinevi.com.tr\/index.php\/wp-json\/wp\/v2\/product_cat?post=756266"},{"taxonomy":"product_tag","embeddable":true,"href":"https:\/\/roveyayinevi.com.tr\/index.php\/wp-json\/wp\/v2\/product_tag?post=756266"}],"curies":[{"name":"wp","href":"https:\/\/api.w.org\/{rel}","templated":true}]}}