{"id":756230,"date":"2025-08-28T07:02:11","date_gmt":"2025-08-28T04:02:11","guid":{"rendered":"https:\/\/roveyayinevi.com.tr\/index.php\/urun\/delilige-ovgu-6\/"},"modified":"2026-04-16T03:09:30","modified_gmt":"2026-04-16T00:09:30","slug":"delilige-ovgu-6","status":"publish","type":"product","link":"https:\/\/roveyayinevi.com.tr\/index.php\/urun\/delilige-ovgu-6\/","title":{"rendered":"Delili\u011fe \u00d6vg\u00fc"},"content":{"rendered":"<p>R\u00f6nesans\u0131n en \u00f6nemli d\u00fc\u015f\u00fcn\u00fcrlerinden biri olan Desiderius Erasmus, &#8220;Delili\u011fe \u00d6vg\u00fc&#8221; adl\u0131 bu ba\u015fyap\u0131t\u0131nda delili\u011fin \u00e7e\u015fitli bi\u00e7imlerini ve toplumdaki rol\u00fcn\u00fc keskin bir zek\u00e2 ile inceliyor. <\/p>\n","protected":false},"excerpt":{"rendered":"<p>R\u00f6nesans\u0131n en \u00f6nemli d\u00fc\u015f\u00fcn\u00fcrlerinden biri olan Desiderius Erasmus, &#8220;Delili\u011fe \u00d6vg\u00fc&#8221; adl\u0131 bu ba\u015fyap\u0131t\u0131nda delili\u011fin \u00e7e\u015fitli bi\u00e7imlerini ve toplumdaki rol\u00fcn\u00fc keskin bir zek\u00e2 ile inceliyor.<\/p>\n","protected":false},"featured_media":0,"template":"","meta":{"_monsterinsights_skip_tracking":false,"_monsterinsights_sitenote_active":false,"_monsterinsights_sitenote_note":"","_monsterinsights_sitenote_category":0},"product_brand":[],"product_cat":[20351,12388],"product_tag":[],"class_list":{"0":"post-756230","1":"product","2":"type-product","3":"status-publish","5":"product_cat-dusunce","6":"product_cat-felsefe","7":"pa_cilt-ciltsiz","8":"pa_tur-kitap","9":"pa_yayinevi-fark-yayinlari","10":"pa_yazar-desiderius-erasmus","12":"first","13":"instock","14":"sale","15":"shipping-taxable","16":"purchasable","17":"product-type-simple"},"_links":{"self":[{"href":"https:\/\/roveyayinevi.com.tr\/index.php\/wp-json\/wp\/v2\/product\/756230","targetHints":{"allow":["GET"]}}],"collection":[{"href":"https:\/\/roveyayinevi.com.tr\/index.php\/wp-json\/wp\/v2\/product"}],"about":[{"href":"https:\/\/roveyayinevi.com.tr\/index.php\/wp-json\/wp\/v2\/types\/product"}],"wp:attachment":[{"href":"https:\/\/roveyayinevi.com.tr\/index.php\/wp-json\/wp\/v2\/media?parent=756230"}],"wp:term":[{"taxonomy":"product_brand","embeddable":true,"href":"https:\/\/roveyayinevi.com.tr\/index.php\/wp-json\/wp\/v2\/product_brand?post=756230"},{"taxonomy":"product_cat","embeddable":true,"href":"https:\/\/roveyayinevi.com.tr\/index.php\/wp-json\/wp\/v2\/product_cat?post=756230"},{"taxonomy":"product_tag","embeddable":true,"href":"https:\/\/roveyayinevi.com.tr\/index.php\/wp-json\/wp\/v2\/product_tag?post=756230"}],"curies":[{"name":"wp","href":"https:\/\/api.w.org\/{rel}","templated":true}]}}