{"id":756229,"date":"2025-08-28T07:02:01","date_gmt":"2025-08-28T04:02:01","guid":{"rendered":"https:\/\/roveyayinevi.com.tr\/index.php\/urun\/kuyu-8\/"},"modified":"2026-04-16T03:09:30","modified_gmt":"2026-04-16T00:09:30","slug":"kuyu-8","status":"publish","type":"product","link":"https:\/\/roveyayinevi.com.tr\/index.php\/urun\/kuyu-8\/","title":{"rendered":"Kuyu"},"content":{"rendered":"<p>Ben Kenan\u2019da bir kuyu. Bin y\u0131ld\u0131r buraday\u0131m. Oldu\u011fum yerde&#8230; Bin y\u0131ld\u0131r karanl\u0131\u011f\u0131m ben. Derin ve yaln\u0131z&#8230; Her yan\u0131m b\u00f6rt\u00fc b\u00f6cekle sar\u0131l\u0131. Ama i\u00e7imde temiz bir su sakl\u0131yorum. Ac\u0131 da olsa i\u00e7enlerin susuzlu\u011funu kand\u0131racak temiz bir su. Hi\u00e7 kimse tan\u0131maz beni ve bilmez hislerimi. Her gelen ipini sark\u0131t\u0131r da bir kova su al\u0131r benden. Her gelen benden bir par\u00e7a al\u0131r da gider. D\u00f6n\u00fcp de bakmaz ard\u0131na sonra. Olsun, umursam\u0131yorum&#8230; Birini bekliyorum ben. Karanl\u0131\u011f\u0131m\u0131 ayd\u0131nlatacak olan\u0131. G\u00fcne\u015fimi, ziyam\u0131, nurumu\u2026 Birini bekliyorum ben. Biri dedi\u011fime bakmay\u0131n, var olma sebebimi bekliyorum hakikatte. \u0130brahim torunu, Yakub o\u011flunu\u2026 Yusuf\u2019u. *** Karanl\u0131k bir kuyuyum ben. M\u0131s\u0131r Saray\u0131\u2019na do\u011facak g\u00fcne\u015fi g\u00f6zleyen. <\/p>\n","protected":false},"excerpt":{"rendered":"<p>Ben Kenan\u2019da bir kuyu. Bin y\u0131ld\u0131r buraday\u0131m. Oldu\u011fum yerde&#8230; Bin y\u0131ld\u0131r karanl\u0131\u011f\u0131m ben. Derin ve yaln\u0131z&#8230; Her yan\u0131m b\u00f6rt\u00fc b\u00f6cekle sar\u0131l\u0131. Ama i\u00e7imde temiz bir su<span class=\"excerpt-hellip\"> [\u2026]<\/span><\/p>\n","protected":false},"featured_media":0,"template":"","meta":{"_monsterinsights_skip_tracking":false,"_monsterinsights_sitenote_active":false,"_monsterinsights_sitenote_note":"","_monsterinsights_sitenote_category":0},"product_brand":[],"product_cat":[12291,12711],"product_tag":[],"class_list":{"0":"post-756229","1":"product","2":"type-product","3":"status-publish","5":"product_cat-edebiyat","6":"product_cat-roman-oyku","7":"pa_cilt-ciltsiz","8":"pa_tur-kitap","9":"pa_yayinevi-nesil-yayinlari","10":"pa_yazar-yusuf-yildiz","12":"first","13":"instock","14":"sale","15":"shipping-taxable","16":"purchasable","17":"product-type-simple"},"_links":{"self":[{"href":"https:\/\/roveyayinevi.com.tr\/index.php\/wp-json\/wp\/v2\/product\/756229","targetHints":{"allow":["GET"]}}],"collection":[{"href":"https:\/\/roveyayinevi.com.tr\/index.php\/wp-json\/wp\/v2\/product"}],"about":[{"href":"https:\/\/roveyayinevi.com.tr\/index.php\/wp-json\/wp\/v2\/types\/product"}],"wp:attachment":[{"href":"https:\/\/roveyayinevi.com.tr\/index.php\/wp-json\/wp\/v2\/media?parent=756229"}],"wp:term":[{"taxonomy":"product_brand","embeddable":true,"href":"https:\/\/roveyayinevi.com.tr\/index.php\/wp-json\/wp\/v2\/product_brand?post=756229"},{"taxonomy":"product_cat","embeddable":true,"href":"https:\/\/roveyayinevi.com.tr\/index.php\/wp-json\/wp\/v2\/product_cat?post=756229"},{"taxonomy":"product_tag","embeddable":true,"href":"https:\/\/roveyayinevi.com.tr\/index.php\/wp-json\/wp\/v2\/product_tag?post=756229"}],"curies":[{"name":"wp","href":"https:\/\/api.w.org\/{rel}","templated":true}]}}