{"id":756226,"date":"2025-08-28T07:01:57","date_gmt":"2025-08-28T04:01:57","guid":{"rendered":"https:\/\/roveyayinevi.com.tr\/index.php\/urun\/karma-astroloji-ve-ezoterizm-isiginda-2024\/"},"modified":"2026-04-16T03:09:30","modified_gmt":"2026-04-16T00:09:30","slug":"karma-astroloji-ve-ezoterizm-isiginda-2024","status":"publish","type":"product","link":"https:\/\/roveyayinevi.com.tr\/index.php\/urun\/karma-astroloji-ve-ezoterizm-isiginda-2024\/","title":{"rendered":"Karma Astroloji ve Ezoterizm I\u015f\u0131\u011f\u0131nda 2024"},"content":{"rendered":"<p>\u0130nsan G\u00f6ky\u00fcz\u00fcyle Yery\u00fcz\u00fc aras\u0131nda kalan, Ge\u00e7mi\u015fiyle beslenen, Gelece\u011fiyle filizlenen bir varl\u0131kt\u0131r. Astroloji bu yolculu\u011fu ayd\u0131nlat\u0131r. O\u011fuzhan Ceyhan ve G\u00fclnihal \u00d6zt\u00fcrk taraf\u0131ndan kaleme al\u0131nan ve 2024 y\u0131l\u0131n\u0131 astrolojik a\u00e7\u0131dan derinlemesine inceleyen bu eser, g\u00f6ky\u00fcz\u00fcn\u00fcn kadim bilgisini, Norse mitolojilerinin gizemli sembolleri R\u00fcnleri g\u00fcn\u00fcm\u00fcz\u00fcn anlay\u0131\u015f\u0131yla harmanlayarak okuyucular\u0131na sunuyor. Karma Astroloji ve Ezoterizm I\u015f\u0131\u011f\u0131nda 2024, sizi gezegenlerin ve kadim R\u00fcnlerin dans\u0131n\u0131 ke\u015ffetmeye ve bu ritmin hayat\u0131n\u0131zdaki yans\u0131malar\u0131n\u0131 anlamaya davet ediyor. G\u00fclnihal \u00d6zt\u00fcrk\u2019\u00fcn uzmanl\u0131k alan\u0131 olan Karma ve Spirit\u00fcel Astroloji ile hocalar\u0131n hocas\u0131 O\u011fuzhan Ceyhan\u2019\u0131n derin ezoterik astroloji bilgisi, bu kitab\u0131 hem astroloji merakl\u0131lar\u0131 i\u00e7in vazge\u00e7ilmez bir kaynak haline getiriyor hem de yeni ba\u015flayanlar i\u00e7in anla\u015f\u0131l\u0131r bir rehber olu\u015fturuyor. 2024 y\u0131l\u0131n\u0131n astrolojik haritas\u0131n\u0131 \u00e7\u0131kar\u0131rken, finansal e\u011filimlerden duygusal dengelere, toplumsal de\u011fi\u015fimlerden ki\u015fisel d\u00f6n\u00fc\u015f\u00fcmlere kadar geni\u015f bir yelpazede yol g\u00f6sterici olacak bu kitap; her burcun ve gezegenin y\u0131l\u0131 nas\u0131l etkileyece\u011fi \u00fczerine derinlemesine bilgiler i\u00e7eriyor. Yeni bir y\u0131l\u0131n e\u015fi\u011finde, O\u011fuzhan Ceyhan ve G\u00fclnihal \u00d6zt\u00fcrk\u2019\u00fcn kaleminden \u00e7\u0131kan bu eserle, astrolojinin \u0131\u015f\u0131\u011f\u0131nda kendinizi ve \u00e7evrenizi daha iyi anlama f\u0131rsat\u0131n\u0131 yakalayacaks\u0131n\u0131z. 2024 y\u0131l\u0131na \u00f6zel bu rehber, g\u00f6ky\u00fcz\u00fcn\u00fcn ritmini anlamak ve bu bilgiyi hayat\u0131na entegre etmek isteyen herkes i\u00e7in e\u015fsiz bir ba\u015fucu kitab\u0131 olmaya aday. Y\u0131ld\u0131zlar\u0131n rehberli\u011finde bir yolculu\u011fa \u00e7\u0131kmaya haz\u0131r olun ve O\u011fuzhan Ceyhan ile G\u00fclnihal \u00d6zt\u00fcrk\u2019\u00fcn uzman g\u00f6zlemleriyle 2024\u2019\u00fc en verimli \u015fekilde kar\u015f\u0131lamaya haz\u0131rlan\u0131n. <\/p>\n","protected":false},"excerpt":{"rendered":"<p>\u0130nsan G\u00f6ky\u00fcz\u00fcyle Yery\u00fcz\u00fc aras\u0131nda kalan, Ge\u00e7mi\u015fiyle beslenen, Gelece\u011fiyle filizlenen bir varl\u0131kt\u0131r. Astroloji bu yolculu\u011fu ayd\u0131nlat\u0131r. O\u011fuzhan Ceyhan ve G\u00fclnihal \u00d6zt\u00fcrk taraf\u0131ndan kaleme al\u0131nan ve 2024 y\u0131l\u0131n\u0131<span class=\"excerpt-hellip\"> [\u2026]<\/span><\/p>\n","protected":false},"featured_media":0,"template":"","meta":{"_monsterinsights_skip_tracking":false,"_monsterinsights_sitenote_active":false,"_monsterinsights_sitenote_note":"","_monsterinsights_sitenote_category":0},"product_brand":[],"product_cat":[18082,15563],"product_tag":[],"class_list":{"0":"post-756226","1":"product","2":"type-product","3":"status-publish","5":"product_cat-astroloji-fal-ruya","6":"product_cat-hobi","7":"pa_cilt-ciltsiz","8":"pa_tur-kitap","9":"pa_yayinevi-destek-yayinlari","10":"pa_yazar-oguzhan-ceyhan-gulnihal-ozturk","12":"first","13":"instock","14":"sale","15":"shipping-taxable","16":"purchasable","17":"product-type-simple"},"_links":{"self":[{"href":"https:\/\/roveyayinevi.com.tr\/index.php\/wp-json\/wp\/v2\/product\/756226","targetHints":{"allow":["GET"]}}],"collection":[{"href":"https:\/\/roveyayinevi.com.tr\/index.php\/wp-json\/wp\/v2\/product"}],"about":[{"href":"https:\/\/roveyayinevi.com.tr\/index.php\/wp-json\/wp\/v2\/types\/product"}],"wp:attachment":[{"href":"https:\/\/roveyayinevi.com.tr\/index.php\/wp-json\/wp\/v2\/media?parent=756226"}],"wp:term":[{"taxonomy":"product_brand","embeddable":true,"href":"https:\/\/roveyayinevi.com.tr\/index.php\/wp-json\/wp\/v2\/product_brand?post=756226"},{"taxonomy":"product_cat","embeddable":true,"href":"https:\/\/roveyayinevi.com.tr\/index.php\/wp-json\/wp\/v2\/product_cat?post=756226"},{"taxonomy":"product_tag","embeddable":true,"href":"https:\/\/roveyayinevi.com.tr\/index.php\/wp-json\/wp\/v2\/product_tag?post=756226"}],"curies":[{"name":"wp","href":"https:\/\/api.w.org\/{rel}","templated":true}]}}