{"id":756221,"date":"2025-08-28T07:01:49","date_gmt":"2025-08-28T04:01:49","guid":{"rendered":"https:\/\/roveyayinevi.com.tr\/index.php\/urun\/sende-kaldim\/"},"modified":"2026-04-16T03:09:30","modified_gmt":"2026-04-16T00:09:30","slug":"sende-kaldim","status":"publish","type":"product","link":"https:\/\/roveyayinevi.com.tr\/index.php\/urun\/sende-kaldim\/","title":{"rendered":"Sende Kald\u0131m"},"content":{"rendered":"<p>Topra\u011fa d\u00fc\u015fen her yaprak Bir g\u00f6zya\u015f\u0131 misali Benim g\u00f6nl\u00fcmde T\u0131pk\u0131 bir hazan mevsimi Solmu\u015f sararm\u0131\u015f Yapraklar misali <\/p>\n","protected":false},"excerpt":{"rendered":"<p>Topra\u011fa d\u00fc\u015fen her yaprak Bir g\u00f6zya\u015f\u0131 misali Benim g\u00f6nl\u00fcmde T\u0131pk\u0131 bir hazan mevsimi Solmu\u015f sararm\u0131\u015f Yapraklar misali<\/p>\n","protected":false},"featured_media":0,"template":"","meta":{"_monsterinsights_skip_tracking":false,"_monsterinsights_sitenote_active":false,"_monsterinsights_sitenote_note":"","_monsterinsights_sitenote_category":0},"product_brand":[],"product_cat":[12291,12509],"product_tag":[],"class_list":{"0":"post-756221","1":"product","2":"type-product","3":"status-publish","5":"product_cat-edebiyat","6":"product_cat-siir","7":"pa_cilt-ciltsiz","8":"pa_tur-kitap","9":"pa_yayinevi-kuytu-yayinlari","10":"pa_yazar-aynur-camdibi","12":"first","13":"instock","14":"sale","15":"shipping-taxable","16":"purchasable","17":"product-type-simple"},"_links":{"self":[{"href":"https:\/\/roveyayinevi.com.tr\/index.php\/wp-json\/wp\/v2\/product\/756221","targetHints":{"allow":["GET"]}}],"collection":[{"href":"https:\/\/roveyayinevi.com.tr\/index.php\/wp-json\/wp\/v2\/product"}],"about":[{"href":"https:\/\/roveyayinevi.com.tr\/index.php\/wp-json\/wp\/v2\/types\/product"}],"wp:attachment":[{"href":"https:\/\/roveyayinevi.com.tr\/index.php\/wp-json\/wp\/v2\/media?parent=756221"}],"wp:term":[{"taxonomy":"product_brand","embeddable":true,"href":"https:\/\/roveyayinevi.com.tr\/index.php\/wp-json\/wp\/v2\/product_brand?post=756221"},{"taxonomy":"product_cat","embeddable":true,"href":"https:\/\/roveyayinevi.com.tr\/index.php\/wp-json\/wp\/v2\/product_cat?post=756221"},{"taxonomy":"product_tag","embeddable":true,"href":"https:\/\/roveyayinevi.com.tr\/index.php\/wp-json\/wp\/v2\/product_tag?post=756221"}],"curies":[{"name":"wp","href":"https:\/\/api.w.org\/{rel}","templated":true}]}}