{"id":756219,"date":"2025-08-28T07:01:46","date_gmt":"2025-08-28T04:01:46","guid":{"rendered":"https:\/\/roveyayinevi.com.tr\/index.php\/urun\/dinozor-boyama-ve-etkinlik-kitabi\/"},"modified":"2026-04-16T03:09:30","modified_gmt":"2026-04-16T00:09:30","slug":"dinozor-boyama-ve-etkinlik-kitabi","status":"publish","type":"product","link":"https:\/\/roveyayinevi.com.tr\/index.php\/urun\/dinozor-boyama-ve-etkinlik-kitabi\/","title":{"rendered":"Dinozor Boyama ve Etkinlik Kitab\u0131"},"content":{"rendered":"<p>Bu heyecan verici kitapta, macera dolu tarih \u00f6ncesi sahnelere sen renk vereceksin! Seni ad\u0131m ad\u0131m y\u00f6nlendiren \u201cNas\u0131l \u00e7izilir?\u201d b\u00f6l\u00fcmleri sayesinde dinozorlar\u0131 ve di\u011fer canl\u0131lar\u0131 \u00e7izmek art\u0131k \u00e7ok kolay! <\/p>\n","protected":false},"excerpt":{"rendered":"<p>Bu heyecan verici kitapta, macera dolu tarih \u00f6ncesi sahnelere sen renk vereceksin! Seni ad\u0131m ad\u0131m y\u00f6nlendiren \u201cNas\u0131l \u00e7izilir?\u201d b\u00f6l\u00fcmleri sayesinde dinozorlar\u0131 ve di\u011fer canl\u0131lar\u0131 \u00e7izmek art\u0131k<span class=\"excerpt-hellip\"> [\u2026]<\/span><\/p>\n","protected":false},"featured_media":0,"template":"","meta":{"_monsterinsights_skip_tracking":false,"_monsterinsights_sitenote_active":false,"_monsterinsights_sitenote_note":"","_monsterinsights_sitenote_category":0},"product_brand":[],"product_cat":[12644,12274],"product_tag":[],"class_list":{"0":"post-756219","1":"product","2":"type-product","3":"status-publish","5":"product_cat-boyama-kitaplari","6":"product_cat-cocuk-ve-genclik-kitaplari","7":"pa_cilt-ciltsiz","8":"pa_tur-kitap","9":"pa_yayinevi-1001-cicek-kitaplar","10":"pa_yazar-simon-tudhope-kirsteen-rogers","12":"first","13":"instock","14":"sale","15":"shipping-taxable","16":"purchasable","17":"product-type-simple"},"_links":{"self":[{"href":"https:\/\/roveyayinevi.com.tr\/index.php\/wp-json\/wp\/v2\/product\/756219","targetHints":{"allow":["GET"]}}],"collection":[{"href":"https:\/\/roveyayinevi.com.tr\/index.php\/wp-json\/wp\/v2\/product"}],"about":[{"href":"https:\/\/roveyayinevi.com.tr\/index.php\/wp-json\/wp\/v2\/types\/product"}],"wp:attachment":[{"href":"https:\/\/roveyayinevi.com.tr\/index.php\/wp-json\/wp\/v2\/media?parent=756219"}],"wp:term":[{"taxonomy":"product_brand","embeddable":true,"href":"https:\/\/roveyayinevi.com.tr\/index.php\/wp-json\/wp\/v2\/product_brand?post=756219"},{"taxonomy":"product_cat","embeddable":true,"href":"https:\/\/roveyayinevi.com.tr\/index.php\/wp-json\/wp\/v2\/product_cat?post=756219"},{"taxonomy":"product_tag","embeddable":true,"href":"https:\/\/roveyayinevi.com.tr\/index.php\/wp-json\/wp\/v2\/product_tag?post=756219"}],"curies":[{"name":"wp","href":"https:\/\/api.w.org\/{rel}","templated":true}]}}