{"id":756174,"date":"2025-08-28T07:00:31","date_gmt":"2025-08-28T04:00:31","guid":{"rendered":"https:\/\/roveyayinevi.com.tr\/index.php\/urun\/bugun-nasil-kukuli-duygulari-ogreniyoruz\/"},"modified":"2025-11-21T09:52:34","modified_gmt":"2025-11-21T06:52:34","slug":"bugun-nasil-kukuli-duygulari-ogreniyoruz","status":"publish","type":"product","link":"https:\/\/roveyayinevi.com.tr\/index.php\/urun\/bugun-nasil-kukuli-duygulari-ogreniyoruz\/","title":{"rendered":"BUG\u00dcN NASIL KUKUL\u0130 ? DUYGULARI \u00d6\u011eREN\u0130YORUZ !"},"content":{"rendered":"<p>Kukuli acaba bug\u00fcn nas\u0131l? \u00dczg\u00fcn, mutlu, \u015fa\u015fk\u0131n\u2026  Kukuli\u2019yle duygular\u0131n\u0131 tan\u0131maya ne dersin?  Sayfalar\u0131 kar\u0131\u015ft\u0131r\u0131rken dikkatli ol! K\u00fc\u00e7\u00fck bir s\u00fcrpriz seni bekliyor!<\/p>\n","protected":false},"excerpt":{"rendered":"<p>Kukuli acaba bug\u00fcn nas\u0131l? \u00dczg\u00fcn, mutlu, \u015fa\u015fk\u0131n\u2026 Kukuli\u2019yle duygular\u0131n\u0131 tan\u0131maya ne dersin? Sayfalar\u0131 kar\u0131\u015ft\u0131r\u0131rken dikkatli ol! K\u00fc\u00e7\u00fck bir s\u00fcrpriz seni bekliyor!<\/p>\n","protected":false},"featured_media":0,"template":"","meta":{"_monsterinsights_skip_tracking":false,"_monsterinsights_sitenote_active":false,"_monsterinsights_sitenote_note":"","_monsterinsights_sitenote_category":0},"product_brand":[],"product_cat":[12274,12284],"product_tag":[],"class_list":{"0":"post-756174","1":"product","2":"type-product","3":"status-publish","5":"product_cat-cocuk-ve-genclik-kitaplari","6":"product_cat-hikayeler","7":"pa_cilt-ciltli","8":"pa_tur-kitap","9":"pa_yayinevi-beta-kids","10":"pa_yazar-kollektif","12":"first","13":"instock","14":"sale","15":"shipping-taxable","16":"purchasable","17":"product-type-simple"},"_links":{"self":[{"href":"https:\/\/roveyayinevi.com.tr\/index.php\/wp-json\/wp\/v2\/product\/756174","targetHints":{"allow":["GET"]}}],"collection":[{"href":"https:\/\/roveyayinevi.com.tr\/index.php\/wp-json\/wp\/v2\/product"}],"about":[{"href":"https:\/\/roveyayinevi.com.tr\/index.php\/wp-json\/wp\/v2\/types\/product"}],"wp:attachment":[{"href":"https:\/\/roveyayinevi.com.tr\/index.php\/wp-json\/wp\/v2\/media?parent=756174"}],"wp:term":[{"taxonomy":"product_brand","embeddable":true,"href":"https:\/\/roveyayinevi.com.tr\/index.php\/wp-json\/wp\/v2\/product_brand?post=756174"},{"taxonomy":"product_cat","embeddable":true,"href":"https:\/\/roveyayinevi.com.tr\/index.php\/wp-json\/wp\/v2\/product_cat?post=756174"},{"taxonomy":"product_tag","embeddable":true,"href":"https:\/\/roveyayinevi.com.tr\/index.php\/wp-json\/wp\/v2\/product_tag?post=756174"}],"curies":[{"name":"wp","href":"https:\/\/api.w.org\/{rel}","templated":true}]}}