{"id":756162,"date":"2025-08-28T07:00:10","date_gmt":"2025-08-28T04:00:10","guid":{"rendered":"https:\/\/roveyayinevi.com.tr\/index.php\/urun\/dc-harika-maceralarla-superman-supergirlun-evcil-hayvan-sorunu\/"},"modified":"2026-04-16T03:09:29","modified_gmt":"2026-04-16T00:09:29","slug":"dc-harika-maceralarla-superman-supergirlun-evcil-hayvan-sorunu","status":"publish","type":"product","link":"https:\/\/roveyayinevi.com.tr\/index.php\/urun\/dc-harika-maceralarla-superman-supergirlun-evcil-hayvan-sorunu\/","title":{"rendered":"DC HAR\u0130KA MACERALARLA S\u00dcPERMAN SUPERG\u0130RL&#8217;\u00dcN EVC\u0130L HAYVAN SORUNU"},"content":{"rendered":"<p>DC HAR\u0130KA MACERALARLA S\u00dcPERMAN SUPERG\u0130RL&#8217;\u00dcN EVC\u0130L HAYVAN SORUNU BU \u0130\u015e TAM SUPERMAN\u2019E G\u00d6RE!SUPERG\u0130RL tuhaf bir evcil hayvan buldu ama hi\u00e7bir \u015feyg\u00f6r\u00fcnd\u00fc\u011f\u00fc gibi de\u011fildi! \u00c7ok ge\u00e7meden bu minik yarat\u0131k, devasa bir soruna d\u00f6n\u00fc\u015ft\u00fc ve t\u00fcm su\u00e7 Toyman\u2019indi! Acaba SUPERMAN, Supergirl\u2019\u00fcn evcil hayvan sorununu \u00e7\u00f6zebilecek mi?<\/p>\n","protected":false},"excerpt":{"rendered":"<p>DC HAR\u0130KA MACERALARLA S\u00dcPERMAN SUPERG\u0130RL&#8217;\u00dcN EVC\u0130L HAYVAN SORUNU BU \u0130\u015e TAM SUPERMAN\u2019E G\u00d6RE!SUPERG\u0130RL tuhaf bir evcil hayvan buldu ama hi\u00e7bir \u015feyg\u00f6r\u00fcnd\u00fc\u011f\u00fc gibi de\u011fildi! \u00c7ok ge\u00e7meden bu<span class=\"excerpt-hellip\"> [\u2026]<\/span><\/p>\n","protected":false},"featured_media":0,"template":"","meta":{"_monsterinsights_skip_tracking":false,"_monsterinsights_sitenote_active":false,"_monsterinsights_sitenote_note":"","_monsterinsights_sitenote_category":0},"product_brand":[],"product_cat":[12274,12284],"product_tag":[],"class_list":{"0":"post-756162","1":"product","2":"type-product","3":"status-publish","5":"product_cat-cocuk-ve-genclik-kitaplari","6":"product_cat-hikayeler","7":"pa_cilt-ciltsiz","8":"pa_tur-kitap","9":"pa_yayinevi-beta-kids","10":"pa_yazar-benjamin-bird","12":"first","13":"instock","14":"sale","15":"shipping-taxable","16":"purchasable","17":"product-type-simple"},"_links":{"self":[{"href":"https:\/\/roveyayinevi.com.tr\/index.php\/wp-json\/wp\/v2\/product\/756162","targetHints":{"allow":["GET"]}}],"collection":[{"href":"https:\/\/roveyayinevi.com.tr\/index.php\/wp-json\/wp\/v2\/product"}],"about":[{"href":"https:\/\/roveyayinevi.com.tr\/index.php\/wp-json\/wp\/v2\/types\/product"}],"wp:attachment":[{"href":"https:\/\/roveyayinevi.com.tr\/index.php\/wp-json\/wp\/v2\/media?parent=756162"}],"wp:term":[{"taxonomy":"product_brand","embeddable":true,"href":"https:\/\/roveyayinevi.com.tr\/index.php\/wp-json\/wp\/v2\/product_brand?post=756162"},{"taxonomy":"product_cat","embeddable":true,"href":"https:\/\/roveyayinevi.com.tr\/index.php\/wp-json\/wp\/v2\/product_cat?post=756162"},{"taxonomy":"product_tag","embeddable":true,"href":"https:\/\/roveyayinevi.com.tr\/index.php\/wp-json\/wp\/v2\/product_tag?post=756162"}],"curies":[{"name":"wp","href":"https:\/\/api.w.org\/{rel}","templated":true}]}}