{"id":756159,"date":"2025-08-28T07:00:05","date_gmt":"2025-08-28T04:00:05","guid":{"rendered":"https:\/\/roveyayinevi.com.tr\/index.php\/urun\/dc-super-friends-superman\/"},"modified":"2026-04-16T03:09:29","modified_gmt":"2026-04-16T00:09:29","slug":"dc-super-friends-superman","status":"publish","type":"product","link":"https:\/\/roveyayinevi.com.tr\/index.php\/urun\/dc-super-friends-superman\/","title":{"rendered":"DC SUPER FRIENDS- SUPERMAN"},"content":{"rendered":"<p>DC SUPER FR\u0130ENDS- SUPERMANGelmi\u015f ge\u00e7mi\u015f en g\u00fc\u00e7l\u00fc kahramanlardan biriyle tan\u0131\u015fmayane dersin? Superman, inan\u0131lmaz yeteneklerini kullanarak D\u00fcnya\u2019y\u0131 k\u00f6t\u00fclerin hain planlar\u0131ndan korur. Uzayl\u0131lar, ba\u015fka boyutlardan gelenler, do\u011fal afetler, canavarlar, s\u00fcper k\u00f6t\u00fcler ve daha fazlas\u0131\u2026 Hepsi ama hepsi, kahraman\u0131m\u0131z\u0131n kar\u015f\u0131 konulmaz g\u00fcc\u00fc kar\u015f\u0131s\u0131nda geri \u00e7ekilmeye mecbur!<\/p>\n","protected":false},"excerpt":{"rendered":"<p>DC SUPER FR\u0130ENDS- SUPERMANGelmi\u015f ge\u00e7mi\u015f en g\u00fc\u00e7l\u00fc kahramanlardan biriyle tan\u0131\u015fmayane dersin? Superman, inan\u0131lmaz yeteneklerini kullanarak D\u00fcnya\u2019y\u0131 k\u00f6t\u00fclerin hain planlar\u0131ndan korur. Uzayl\u0131lar, ba\u015fka boyutlardan gelenler, do\u011fal afetler,<span class=\"excerpt-hellip\"> [\u2026]<\/span><\/p>\n","protected":false},"featured_media":0,"template":"","meta":{"_monsterinsights_skip_tracking":false,"_monsterinsights_sitenote_active":false,"_monsterinsights_sitenote_note":"","_monsterinsights_sitenote_category":0},"product_brand":[],"product_cat":[12274,12284],"product_tag":[],"class_list":{"0":"post-756159","1":"product","2":"type-product","3":"status-publish","5":"product_cat-cocuk-ve-genclik-kitaplari","6":"product_cat-hikayeler","7":"pa_cilt-ciltsiz","8":"pa_tur-kitap","9":"pa_yayinevi-beta-kids","10":"pa_yazar-dc-editor-ekibi","12":"first","13":"instock","14":"sale","15":"shipping-taxable","16":"purchasable","17":"product-type-simple"},"_links":{"self":[{"href":"https:\/\/roveyayinevi.com.tr\/index.php\/wp-json\/wp\/v2\/product\/756159","targetHints":{"allow":["GET"]}}],"collection":[{"href":"https:\/\/roveyayinevi.com.tr\/index.php\/wp-json\/wp\/v2\/product"}],"about":[{"href":"https:\/\/roveyayinevi.com.tr\/index.php\/wp-json\/wp\/v2\/types\/product"}],"wp:attachment":[{"href":"https:\/\/roveyayinevi.com.tr\/index.php\/wp-json\/wp\/v2\/media?parent=756159"}],"wp:term":[{"taxonomy":"product_brand","embeddable":true,"href":"https:\/\/roveyayinevi.com.tr\/index.php\/wp-json\/wp\/v2\/product_brand?post=756159"},{"taxonomy":"product_cat","embeddable":true,"href":"https:\/\/roveyayinevi.com.tr\/index.php\/wp-json\/wp\/v2\/product_cat?post=756159"},{"taxonomy":"product_tag","embeddable":true,"href":"https:\/\/roveyayinevi.com.tr\/index.php\/wp-json\/wp\/v2\/product_tag?post=756159"}],"curies":[{"name":"wp","href":"https:\/\/api.w.org\/{rel}","templated":true}]}}