{"id":756155,"date":"2025-08-28T06:59:56","date_gmt":"2025-08-28T03:59:56","guid":{"rendered":"https:\/\/roveyayinevi.com.tr\/index.php\/urun\/dc-super-friends-batman\/"},"modified":"2026-04-16T03:09:29","modified_gmt":"2026-04-16T00:09:29","slug":"dc-super-friends-batman","status":"publish","type":"product","link":"https:\/\/roveyayinevi.com.tr\/index.php\/urun\/dc-super-friends-batman\/","title":{"rendered":"DC SUPER FRIENDS BATMAN"},"content":{"rendered":"<p>DC SUPER FR\u0130ENDS BATMANGotham City\u2019nin koruyucusu, k\u00f6t\u00fclerin korkulu r\u00fcyas\u0131 Batman hakk\u0131nda bilmek istedi\u011fin her \u015feybu kitapta&#8230; Onun kendine ait \u00f6zel g\u00fc\u00e7leri yok ama m\u00fcthi\u015f bir zek\u00e2s\u0131 ve s\u0131n\u0131r tan\u0131maz bir cesareti var. Haydi, Batman\u2019in dostlar\u0131n\u0131, d\u00fc\u015fmanlar\u0131n\u0131 ve d\u00fcnyay\u0131 korumak i\u00e7in kulland\u0131\u011f\u0131 ara\u00e7lar\u0131 tan\u0131<\/p>\n","protected":false},"excerpt":{"rendered":"<p>DC SUPER FR\u0130ENDS BATMANGotham City\u2019nin koruyucusu, k\u00f6t\u00fclerin korkulu r\u00fcyas\u0131 Batman hakk\u0131nda bilmek istedi\u011fin her \u015feybu kitapta&#8230; Onun kendine ait \u00f6zel g\u00fc\u00e7leri yok ama m\u00fcthi\u015f bir zek\u00e2s\u0131<span class=\"excerpt-hellip\"> [\u2026]<\/span><\/p>\n","protected":false},"featured_media":0,"template":"","meta":{"_monsterinsights_skip_tracking":false,"_monsterinsights_sitenote_active":false,"_monsterinsights_sitenote_note":"","_monsterinsights_sitenote_category":0},"product_brand":[],"product_cat":[12274,12284],"product_tag":[],"class_list":{"0":"post-756155","1":"product","2":"type-product","3":"status-publish","5":"product_cat-cocuk-ve-genclik-kitaplari","6":"product_cat-hikayeler","7":"pa_cilt-ciltsiz","8":"pa_tur-kitap","9":"pa_yayinevi-beta-kids","10":"pa_yazar-dc-editor-ekibi","12":"first","13":"instock","14":"sale","15":"shipping-taxable","16":"purchasable","17":"product-type-simple"},"_links":{"self":[{"href":"https:\/\/roveyayinevi.com.tr\/index.php\/wp-json\/wp\/v2\/product\/756155","targetHints":{"allow":["GET"]}}],"collection":[{"href":"https:\/\/roveyayinevi.com.tr\/index.php\/wp-json\/wp\/v2\/product"}],"about":[{"href":"https:\/\/roveyayinevi.com.tr\/index.php\/wp-json\/wp\/v2\/types\/product"}],"wp:attachment":[{"href":"https:\/\/roveyayinevi.com.tr\/index.php\/wp-json\/wp\/v2\/media?parent=756155"}],"wp:term":[{"taxonomy":"product_brand","embeddable":true,"href":"https:\/\/roveyayinevi.com.tr\/index.php\/wp-json\/wp\/v2\/product_brand?post=756155"},{"taxonomy":"product_cat","embeddable":true,"href":"https:\/\/roveyayinevi.com.tr\/index.php\/wp-json\/wp\/v2\/product_cat?post=756155"},{"taxonomy":"product_tag","embeddable":true,"href":"https:\/\/roveyayinevi.com.tr\/index.php\/wp-json\/wp\/v2\/product_tag?post=756155"}],"curies":[{"name":"wp","href":"https:\/\/api.w.org\/{rel}","templated":true}]}}