{"id":756154,"date":"2025-08-28T06:59:53","date_gmt":"2025-08-28T03:59:53","guid":{"rendered":"https:\/\/roveyayinevi.com.tr\/index.php\/urun\/dc-super-villains-sinestro-korku-halkasi\/"},"modified":"2026-04-16T03:09:29","modified_gmt":"2026-04-16T00:09:29","slug":"dc-super-villains-sinestro-korku-halkasi","status":"publish","type":"product","link":"https:\/\/roveyayinevi.com.tr\/index.php\/urun\/dc-super-villains-sinestro-korku-halkasi\/","title":{"rendered":"DC SUPER VILLAINS SINESTRO KORKU HALKASI"},"content":{"rendered":"<p>DC SUPER VILLAINS SINESTRO KORKU HALKASIYellow Lantern Birli\u011fi\u2019nin lideri Thaal Sinestro, evreni korku yoluyla kontrol etmeyi planl\u0131yor. Bu super k\u00f6t\u00fc adam, g\u00fc\u00e7 y\u00fcz\u00fc\u011f\u00fcyle gezegen gezegen dola\u015f\u0131p kabus gibi yarat\u0131klar\u0131 kullanarak masumlar\u0131 deh\u015fete bo\u011fuyor. Neyse ki onu durdurabilecek biri var: Evrenin Koruyucusu Hal Jordan. D\u00fcnyal\u0131 Green Latern bakal\u0131m k\u00f6t\u00fcl\u00fc\u011f\u00fcn \u00fcstesinden gelebilecek mi yoksa kazanan, eski ak\u0131l hocas\u0131 Sinestro mu olacak?<\/p>\n","protected":false},"excerpt":{"rendered":"<p>DC SUPER VILLAINS SINESTRO KORKU HALKASIYellow Lantern Birli\u011fi\u2019nin lideri Thaal Sinestro, evreni korku yoluyla kontrol etmeyi planl\u0131yor. Bu super k\u00f6t\u00fc adam, g\u00fc\u00e7 y\u00fcz\u00fc\u011f\u00fcyle gezegen gezegen dola\u015f\u0131p<span class=\"excerpt-hellip\"> [\u2026]<\/span><\/p>\n","protected":false},"featured_media":0,"template":"","meta":{"_monsterinsights_skip_tracking":false,"_monsterinsights_sitenote_active":false,"_monsterinsights_sitenote_note":"","_monsterinsights_sitenote_category":0},"product_brand":[],"product_cat":[12416,12291],"product_tag":[],"class_list":{"0":"post-756154","1":"product","2":"type-product","3":"status-publish","5":"product_cat-cizgi-roman","6":"product_cat-edebiyat","7":"pa_cilt-ciltsiz","8":"pa_tur-kitap","9":"pa_yayinevi-beta-kids","10":"pa_yazar-laurie-s-sutton","12":"first","13":"instock","14":"sale","15":"shipping-taxable","16":"purchasable","17":"product-type-simple"},"_links":{"self":[{"href":"https:\/\/roveyayinevi.com.tr\/index.php\/wp-json\/wp\/v2\/product\/756154","targetHints":{"allow":["GET"]}}],"collection":[{"href":"https:\/\/roveyayinevi.com.tr\/index.php\/wp-json\/wp\/v2\/product"}],"about":[{"href":"https:\/\/roveyayinevi.com.tr\/index.php\/wp-json\/wp\/v2\/types\/product"}],"wp:attachment":[{"href":"https:\/\/roveyayinevi.com.tr\/index.php\/wp-json\/wp\/v2\/media?parent=756154"}],"wp:term":[{"taxonomy":"product_brand","embeddable":true,"href":"https:\/\/roveyayinevi.com.tr\/index.php\/wp-json\/wp\/v2\/product_brand?post=756154"},{"taxonomy":"product_cat","embeddable":true,"href":"https:\/\/roveyayinevi.com.tr\/index.php\/wp-json\/wp\/v2\/product_cat?post=756154"},{"taxonomy":"product_tag","embeddable":true,"href":"https:\/\/roveyayinevi.com.tr\/index.php\/wp-json\/wp\/v2\/product_tag?post=756154"}],"curies":[{"name":"wp","href":"https:\/\/api.w.org\/{rel}","templated":true}]}}