{"id":756152,"date":"2025-08-28T06:59:49","date_gmt":"2025-08-28T03:59:49","guid":{"rendered":"https:\/\/roveyayinevi.com.tr\/index.php\/urun\/dc-super-villains-cheetah-kusurrrsuz-suc\/"},"modified":"2026-04-16T03:09:29","modified_gmt":"2026-04-16T00:09:29","slug":"dc-super-villains-cheetah-kusurrrsuz-suc","status":"publish","type":"product","link":"https:\/\/roveyayinevi.com.tr\/index.php\/urun\/dc-super-villains-cheetah-kusurrrsuz-suc\/","title":{"rendered":"DC SUPER VILLAINS CHEETAH KUSURRRSUZ SU\u00c7"},"content":{"rendered":"<p>DC SUPER VILLAINS CHEETAH KUSURRRSUZ SU\u00c7Gotham City\u2019de bir h\u0131rs\u0131z kedi dolan\u0131yor! Batman, hain Catwoman\u2019dan \u015f\u00fcpheleniyor ancak bu su\u00e7 \u00e7\u0131lg\u0131nl\u0131\u011f\u0131, tek ba\u015f\u0131na \u00e7al\u0131\u015fan bir su\u00e7lu kedicik i\u00e7in fazla kusurrrsuz. D\u00fcnyan\u0131n en b\u00fcy\u00fck dedektifi, Wonder Woman\u2019\u0131n yard\u0131m\u0131yla bu soygunlarda patisi olan ba\u015fka bir kedi su\u00e7lunun, h\u0131zl\u0131 ve kurnaz super k\u00f6t\u00fc Cheetah\u2019n\u0131n izini s\u00fcr\u00fcyor.<\/p>\n","protected":false},"excerpt":{"rendered":"<p>DC SUPER VILLAINS CHEETAH KUSURRRSUZ SU\u00c7Gotham City\u2019de bir h\u0131rs\u0131z kedi dolan\u0131yor! Batman, hain Catwoman\u2019dan \u015f\u00fcpheleniyor ancak bu su\u00e7 \u00e7\u0131lg\u0131nl\u0131\u011f\u0131, tek ba\u015f\u0131na \u00e7al\u0131\u015fan bir su\u00e7lu kedicik i\u00e7in<span class=\"excerpt-hellip\"> [\u2026]<\/span><\/p>\n","protected":false},"featured_media":0,"template":"","meta":{"_monsterinsights_skip_tracking":false,"_monsterinsights_sitenote_active":false,"_monsterinsights_sitenote_note":"","_monsterinsights_sitenote_category":0},"product_brand":[],"product_cat":[12416,12291],"product_tag":[],"class_list":{"0":"post-756152","1":"product","2":"type-product","3":"status-publish","5":"product_cat-cizgi-roman","6":"product_cat-edebiyat","7":"pa_cilt-ciltsiz","8":"pa_tur-kitap","9":"pa_yayinevi-beta-kids","10":"pa_yazar-laurie-s-sutton","12":"first","13":"instock","14":"sale","15":"shipping-taxable","16":"purchasable","17":"product-type-simple"},"_links":{"self":[{"href":"https:\/\/roveyayinevi.com.tr\/index.php\/wp-json\/wp\/v2\/product\/756152","targetHints":{"allow":["GET"]}}],"collection":[{"href":"https:\/\/roveyayinevi.com.tr\/index.php\/wp-json\/wp\/v2\/product"}],"about":[{"href":"https:\/\/roveyayinevi.com.tr\/index.php\/wp-json\/wp\/v2\/types\/product"}],"wp:attachment":[{"href":"https:\/\/roveyayinevi.com.tr\/index.php\/wp-json\/wp\/v2\/media?parent=756152"}],"wp:term":[{"taxonomy":"product_brand","embeddable":true,"href":"https:\/\/roveyayinevi.com.tr\/index.php\/wp-json\/wp\/v2\/product_brand?post=756152"},{"taxonomy":"product_cat","embeddable":true,"href":"https:\/\/roveyayinevi.com.tr\/index.php\/wp-json\/wp\/v2\/product_cat?post=756152"},{"taxonomy":"product_tag","embeddable":true,"href":"https:\/\/roveyayinevi.com.tr\/index.php\/wp-json\/wp\/v2\/product_tag?post=756152"}],"curies":[{"name":"wp","href":"https:\/\/api.w.org\/{rel}","templated":true}]}}