{"id":756150,"date":"2025-08-28T06:59:46","date_gmt":"2025-08-28T03:59:46","guid":{"rendered":"https:\/\/roveyayinevi.com.tr\/index.php\/urun\/dc-friends-kahramanlarla-boya-super-havali-boyama-kitabi\/"},"modified":"2025-08-31T19:58:07","modified_gmt":"2025-08-31T16:58:07","slug":"dc-friends-kahramanlarla-boya-super-havali-boyama-kitabi","status":"publish","type":"product","link":"https:\/\/roveyayinevi.com.tr\/index.php\/urun\/dc-friends-kahramanlarla-boya-super-havali-boyama-kitabi\/","title":{"rendered":"DC FRIENDS KAHRAMANLARLA BOYA S\u00dcPER HAVALI BOYAMA K\u0130TABI"},"content":{"rendered":"<p>DC KAHRAMANLARLA BOYA S\u00dcPER HAVALI BOYAMA K\u0130TABIHaydi, reng\u00e2renk bir macera i\u00e7in sen de DC\u2019nin Super Friends tak\u0131m\u0131na kat\u0131l! Heyecan verici sahneler onlara renk katman\u0131 bekliyor. Boya kalemlerini kap, hayal g\u00fcc\u00fcn\u00fc \u00f6zg\u00fcr b\u0131rak ve e\u011flenceyi ba\u015flat!<\/p>\n","protected":false},"excerpt":{"rendered":"<p>DC KAHRAMANLARLA BOYA S\u00dcPER HAVALI BOYAMA K\u0130TABIHaydi, reng\u00e2renk bir macera i\u00e7in sen de DC\u2019nin Super Friends tak\u0131m\u0131na kat\u0131l! Heyecan verici sahneler onlara renk katman\u0131 bekliyor. Boya<span class=\"excerpt-hellip\"> [\u2026]<\/span><\/p>\n","protected":false},"featured_media":0,"template":"","meta":{"_monsterinsights_skip_tracking":false,"_monsterinsights_sitenote_active":false,"_monsterinsights_sitenote_note":"","_monsterinsights_sitenote_category":0},"product_brand":[],"product_cat":[12644,12274],"product_tag":[],"class_list":{"0":"post-756150","1":"product","2":"type-product","3":"status-publish","5":"product_cat-boyama-kitaplari","6":"product_cat-cocuk-ve-genclik-kitaplari","7":"pa_cilt-ciltsiz","8":"pa_tur-kitap","9":"pa_yayinevi-beta-kids","10":"pa_yazar-dc-editor-ekibi","12":"first","13":"instock","14":"sale","15":"shipping-taxable","16":"purchasable","17":"product-type-simple"},"_links":{"self":[{"href":"https:\/\/roveyayinevi.com.tr\/index.php\/wp-json\/wp\/v2\/product\/756150","targetHints":{"allow":["GET"]}}],"collection":[{"href":"https:\/\/roveyayinevi.com.tr\/index.php\/wp-json\/wp\/v2\/product"}],"about":[{"href":"https:\/\/roveyayinevi.com.tr\/index.php\/wp-json\/wp\/v2\/types\/product"}],"wp:attachment":[{"href":"https:\/\/roveyayinevi.com.tr\/index.php\/wp-json\/wp\/v2\/media?parent=756150"}],"wp:term":[{"taxonomy":"product_brand","embeddable":true,"href":"https:\/\/roveyayinevi.com.tr\/index.php\/wp-json\/wp\/v2\/product_brand?post=756150"},{"taxonomy":"product_cat","embeddable":true,"href":"https:\/\/roveyayinevi.com.tr\/index.php\/wp-json\/wp\/v2\/product_cat?post=756150"},{"taxonomy":"product_tag","embeddable":true,"href":"https:\/\/roveyayinevi.com.tr\/index.php\/wp-json\/wp\/v2\/product_tag?post=756150"}],"curies":[{"name":"wp","href":"https:\/\/api.w.org\/{rel}","templated":true}]}}