{"id":756149,"date":"2025-08-28T06:59:44","date_gmt":"2025-08-28T03:59:44","guid":{"rendered":"https:\/\/roveyayinevi.com.tr\/index.php\/urun\/dc-comics-super-kahramanlar-100-super-boyama\/"},"modified":"2026-04-16T03:09:29","modified_gmt":"2026-04-16T00:09:29","slug":"dc-comics-super-kahramanlar-100-super-boyama","status":"publish","type":"product","link":"https:\/\/roveyayinevi.com.tr\/index.php\/urun\/dc-comics-super-kahramanlar-100-super-boyama\/","title":{"rendered":"DC COMICS S\u00dcPER- KAHRAMANLAR 100 S\u00dcPER BOYAMA"},"content":{"rendered":"<p>DC COM\u0130C S\u00dcPER KAHRAMANLAR 100 S\u00dcPER BOYAMABoyama kalemlerini al, DC Comics\u2019in efsanevi karakterlerini renklendir. Batman, Superman, Wonder Woman, Robin ve \u00e7ok daha fazlas\u0131yla s\u00fcper kahramanlar evrenine heyecanl\u0131 bir giri\u015f yap&#8230;<\/p>\n","protected":false},"excerpt":{"rendered":"<p>DC COM\u0130C S\u00dcPER KAHRAMANLAR 100 S\u00dcPER BOYAMABoyama kalemlerini al, DC Comics\u2019in efsanevi karakterlerini renklendir. Batman, Superman, Wonder Woman, Robin ve \u00e7ok daha fazlas\u0131yla s\u00fcper kahramanlar evrenine<span class=\"excerpt-hellip\"> [\u2026]<\/span><\/p>\n","protected":false},"featured_media":0,"template":"","meta":{"_monsterinsights_skip_tracking":false,"_monsterinsights_sitenote_active":false,"_monsterinsights_sitenote_note":"","_monsterinsights_sitenote_category":0},"product_brand":[],"product_cat":[12644,12274],"product_tag":[],"class_list":{"0":"post-756149","1":"product","2":"type-product","3":"status-publish","5":"product_cat-boyama-kitaplari","6":"product_cat-cocuk-ve-genclik-kitaplari","7":"pa_cilt-ciltsiz","8":"pa_tur-kitap","9":"pa_yayinevi-beta-kids","10":"pa_yazar-dc-editor-ekibi","12":"first","13":"instock","14":"sale","15":"shipping-taxable","16":"purchasable","17":"product-type-simple"},"_links":{"self":[{"href":"https:\/\/roveyayinevi.com.tr\/index.php\/wp-json\/wp\/v2\/product\/756149","targetHints":{"allow":["GET"]}}],"collection":[{"href":"https:\/\/roveyayinevi.com.tr\/index.php\/wp-json\/wp\/v2\/product"}],"about":[{"href":"https:\/\/roveyayinevi.com.tr\/index.php\/wp-json\/wp\/v2\/types\/product"}],"wp:attachment":[{"href":"https:\/\/roveyayinevi.com.tr\/index.php\/wp-json\/wp\/v2\/media?parent=756149"}],"wp:term":[{"taxonomy":"product_brand","embeddable":true,"href":"https:\/\/roveyayinevi.com.tr\/index.php\/wp-json\/wp\/v2\/product_brand?post=756149"},{"taxonomy":"product_cat","embeddable":true,"href":"https:\/\/roveyayinevi.com.tr\/index.php\/wp-json\/wp\/v2\/product_cat?post=756149"},{"taxonomy":"product_tag","embeddable":true,"href":"https:\/\/roveyayinevi.com.tr\/index.php\/wp-json\/wp\/v2\/product_tag?post=756149"}],"curies":[{"name":"wp","href":"https:\/\/api.w.org\/{rel}","templated":true}]}}