{"id":756127,"date":"2025-08-28T06:59:08","date_gmt":"2025-08-28T03:59:08","guid":{"rendered":"https:\/\/roveyayinevi.com.tr\/index.php\/urun\/disney-cizgi-klasikler-esrarengiz-kasaba-acayip-otesi-maceralar\/"},"modified":"2026-04-16T03:09:28","modified_gmt":"2026-04-16T00:09:28","slug":"disney-cizgi-klasikler-esrarengiz-kasaba-acayip-otesi-maceralar","status":"publish","type":"product","link":"https:\/\/roveyayinevi.com.tr\/index.php\/urun\/disney-cizgi-klasikler-esrarengiz-kasaba-acayip-otesi-maceralar\/","title":{"rendered":"Disney  \u00c7izgi Klasikler \u2013  ESRARENG\u0130Z KASABA ACAY\u0130P \u00d6TES\u0130 MACERALAR"},"content":{"rendered":"<p>Esrarengiz Kasaba\u2019ya hos\u0327geldin! Burada tu\u0308rlu\u0308 tu\u0308rlu\u0308 tuhafl\u0131klar ve birbirinden gizemli olaylar gu\u0308nlu\u0308k hayat\u0131n ayr\u0131lmaz bir parc\u0327as\u0131. Korkunc\u0327 yarat\u0131klardan ac\u0327\u0131klanamayan dev dis\u0327lere, kasaban\u0131n yerel televizyonundaki komik programlardan aksiyonlu bir sinema gecesine uzanan bu hika\u0302yelerden de anlas\u0327\u0131lacag\u0306\u0131 u\u0308zere Esrarengiz Kasaba\u2019da s\u0131k\u0131c\u0131 bir gu\u0308n gec\u0327irmek olanaks\u0131z!Sen de gerc\u0327ek bir Esrarengiz Kasaba hayran\u0131ysan Alex Hirsch\u2019u\u0308n yazd\u0131g\u0306\u0131 Disney XD c\u0327izgi dizisinden uyarlanan, k\u0131sa maceralarla dolu bu kitaba bay\u0131lacaks\u0131n!<\/p>\n","protected":false},"excerpt":{"rendered":"<p>Esrarengiz Kasaba\u2019ya hos\u0327geldin! Burada tu\u0308rlu\u0308 tu\u0308rlu\u0308 tuhafl\u0131klar ve birbirinden gizemli olaylar gu\u0308nlu\u0308k hayat\u0131n ayr\u0131lmaz bir parc\u0327as\u0131. Korkunc\u0327 yarat\u0131klardan ac\u0327\u0131klanamayan dev dis\u0327lere, kasaban\u0131n yerel televizyonundaki komik programlardan<span class=\"excerpt-hellip\"> [\u2026]<\/span><\/p>\n","protected":false},"featured_media":0,"template":"","meta":{"_monsterinsights_skip_tracking":false,"_monsterinsights_sitenote_active":false,"_monsterinsights_sitenote_note":"","_monsterinsights_sitenote_category":0},"product_brand":[],"product_cat":[12689,12274],"product_tag":[],"class_list":{"0":"post-756127","1":"product","2":"type-product","3":"status-publish","5":"product_cat-cizgi-roman-cocuk-ve-genclik-kitaplari","6":"product_cat-cocuk-ve-genclik-kitaplari","7":"pa_cilt-ciltsiz","8":"pa_tur-kitap","9":"pa_yayinevi-beta-kids","10":"pa_yazar-disney-editor-ekibi","12":"first","13":"instock","14":"sale","15":"shipping-taxable","16":"purchasable","17":"product-type-simple"},"_links":{"self":[{"href":"https:\/\/roveyayinevi.com.tr\/index.php\/wp-json\/wp\/v2\/product\/756127","targetHints":{"allow":["GET"]}}],"collection":[{"href":"https:\/\/roveyayinevi.com.tr\/index.php\/wp-json\/wp\/v2\/product"}],"about":[{"href":"https:\/\/roveyayinevi.com.tr\/index.php\/wp-json\/wp\/v2\/types\/product"}],"wp:attachment":[{"href":"https:\/\/roveyayinevi.com.tr\/index.php\/wp-json\/wp\/v2\/media?parent=756127"}],"wp:term":[{"taxonomy":"product_brand","embeddable":true,"href":"https:\/\/roveyayinevi.com.tr\/index.php\/wp-json\/wp\/v2\/product_brand?post=756127"},{"taxonomy":"product_cat","embeddable":true,"href":"https:\/\/roveyayinevi.com.tr\/index.php\/wp-json\/wp\/v2\/product_cat?post=756127"},{"taxonomy":"product_tag","embeddable":true,"href":"https:\/\/roveyayinevi.com.tr\/index.php\/wp-json\/wp\/v2\/product_tag?post=756127"}],"curies":[{"name":"wp","href":"https:\/\/api.w.org\/{rel}","templated":true}]}}