{"id":756114,"date":"2025-08-28T06:58:44","date_gmt":"2025-08-28T03:58:44","guid":{"rendered":"https:\/\/roveyayinevi.com.tr\/index.php\/urun\/disney-cizgi-klasikler-soy-luna-arkadas-etkisi\/"},"modified":"2026-04-16T03:09:28","modified_gmt":"2026-04-16T00:09:28","slug":"disney-cizgi-klasikler-soy-luna-arkadas-etkisi","status":"publish","type":"product","link":"https:\/\/roveyayinevi.com.tr\/index.php\/urun\/disney-cizgi-klasikler-soy-luna-arkadas-etkisi\/","title":{"rendered":"Disney \u00c7izgi Klasikler \u2013 SOY LUNA ARKADA\u015e ETK\u0130S\u0130"},"content":{"rendered":"<p>Buenos Aires\u2019e gelen Luna, birlikte pek c\u0327ok yeni macera yas\u0327ayacag\u0306\u0131, mu\u0308this\u0327 arkadas\u0327lar ediniyor!Bu harika c\u0327izgi romandaki c\u0327ok o\u0308zel o\u0308yku\u0308lerde Luna yepyeni bir sac\u0327 stili deneyecek, \u201ckorkunc\u0327 bo\u0308ceklerle\u2019\u2019 yu\u0308zles\u0327ecek ve hatta dost gibi go\u0308ru\u0308nen du\u0308s\u0327man\u0131 A\u0303mbar\u2019la gu\u0308c\u0327 birlig\u0306i yapmak zorunda kalacak! Eg\u0306lenceye kat\u0131lmaya haz\u0131r m\u0131s\u0131n?<\/p>\n","protected":false},"excerpt":{"rendered":"<p>Buenos Aires\u2019e gelen Luna, birlikte pek c\u0327ok yeni macera yas\u0327ayacag\u0306\u0131, mu\u0308this\u0327 arkadas\u0327lar ediniyor!Bu harika c\u0327izgi romandaki c\u0327ok o\u0308zel o\u0308yku\u0308lerde Luna yepyeni bir sac\u0327 stili deneyecek, \u201ckorkunc\u0327<span class=\"excerpt-hellip\"> [\u2026]<\/span><\/p>\n","protected":false},"featured_media":0,"template":"","meta":{"_monsterinsights_skip_tracking":false,"_monsterinsights_sitenote_active":false,"_monsterinsights_sitenote_note":"","_monsterinsights_sitenote_category":0},"product_brand":[],"product_cat":[12689,12274],"product_tag":[],"class_list":{"0":"post-756114","1":"product","2":"type-product","3":"status-publish","5":"product_cat-cizgi-roman-cocuk-ve-genclik-kitaplari","6":"product_cat-cocuk-ve-genclik-kitaplari","7":"pa_cilt-ciltsiz","8":"pa_tur-kitap","9":"pa_yayinevi-beta-kids","10":"pa_yazar-disney-editor-ekibi","12":"first","13":"instock","14":"sale","15":"shipping-taxable","16":"purchasable","17":"product-type-simple"},"_links":{"self":[{"href":"https:\/\/roveyayinevi.com.tr\/index.php\/wp-json\/wp\/v2\/product\/756114","targetHints":{"allow":["GET"]}}],"collection":[{"href":"https:\/\/roveyayinevi.com.tr\/index.php\/wp-json\/wp\/v2\/product"}],"about":[{"href":"https:\/\/roveyayinevi.com.tr\/index.php\/wp-json\/wp\/v2\/types\/product"}],"wp:attachment":[{"href":"https:\/\/roveyayinevi.com.tr\/index.php\/wp-json\/wp\/v2\/media?parent=756114"}],"wp:term":[{"taxonomy":"product_brand","embeddable":true,"href":"https:\/\/roveyayinevi.com.tr\/index.php\/wp-json\/wp\/v2\/product_brand?post=756114"},{"taxonomy":"product_cat","embeddable":true,"href":"https:\/\/roveyayinevi.com.tr\/index.php\/wp-json\/wp\/v2\/product_cat?post=756114"},{"taxonomy":"product_tag","embeddable":true,"href":"https:\/\/roveyayinevi.com.tr\/index.php\/wp-json\/wp\/v2\/product_tag?post=756114"}],"curies":[{"name":"wp","href":"https:\/\/api.w.org\/{rel}","templated":true}]}}