{"id":756111,"date":"2025-08-28T06:58:37","date_gmt":"2025-08-28T03:58:37","guid":{"rendered":"https:\/\/roveyayinevi.com.tr\/index.php\/urun\/disney-cizgi-klasikler-disney-cizgi-klasikler-drakula\/"},"modified":"2026-04-16T03:09:28","modified_gmt":"2026-04-16T00:09:28","slug":"disney-cizgi-klasikler-disney-cizgi-klasikler-drakula","status":"publish","type":"product","link":"https:\/\/roveyayinevi.com.tr\/index.php\/urun\/disney-cizgi-klasikler-disney-cizgi-klasikler-drakula\/","title":{"rendered":"Disney  \u00c7izgi Klasikler- Disney  \u00c7izgi Klasikler \u2013 DRAKULA"},"content":{"rendered":"<p>Mickey, Minnie ve Goofy, Bram Stoker\u2019\u0131n klasik eseri Drakula\u2019n\u0131n bu yepyeni uyarlamas\u0131yla kars\u0327\u0131m\u0131zdalar! Onlarla birlikte go\u0308lgelerden yu\u0308kselen vampirlerin du\u0308nyas\u0131na ad\u0131m atmaya haz\u0131r m\u0131s\u0131n? Drakula\u2019n\u0131n s\u0327atosunda kapal\u0131 kalan Jonathan Ratker (Mickey), oradan kac\u0327arak bu\u0308yu\u0308k as\u0327k\u0131 Minnina\u2019ya geri do\u0308nmenin bir yolunu bulmak zorunda. O s\u0131rada Minnina ve Doktor Goofy Van Helsing ise, DOG\u0306AU\u0308STU\u0308 gu\u0308c\u0327lerle kendi bas\u0327lar\u0131na mu\u0308cadele veriyorlar. Drakula, Jonathan Ratker\u2019\u0131n en sevdig\u0306i kis\u0327inin pes\u0327inde olabilir mi?<\/p>\n","protected":false},"excerpt":{"rendered":"<p>Mickey, Minnie ve Goofy, Bram Stoker\u2019\u0131n klasik eseri Drakula\u2019n\u0131n bu yepyeni uyarlamas\u0131yla kars\u0327\u0131m\u0131zdalar! Onlarla birlikte go\u0308lgelerden yu\u0308kselen vampirlerin du\u0308nyas\u0131na ad\u0131m atmaya haz\u0131r m\u0131s\u0131n? Drakula\u2019n\u0131n s\u0327atosunda kapal\u0131<span class=\"excerpt-hellip\"> [\u2026]<\/span><\/p>\n","protected":false},"featured_media":0,"template":"","meta":{"_monsterinsights_skip_tracking":false,"_monsterinsights_sitenote_active":false,"_monsterinsights_sitenote_note":"","_monsterinsights_sitenote_category":0},"product_brand":[],"product_cat":[12689,12274],"product_tag":[],"class_list":{"0":"post-756111","1":"product","2":"type-product","3":"status-publish","5":"product_cat-cizgi-roman-cocuk-ve-genclik-kitaplari","6":"product_cat-cocuk-ve-genclik-kitaplari","7":"pa_cilt-ciltsiz","8":"pa_tur-kitap","9":"pa_yayinevi-beta-kids","10":"pa_yazar-bruno-enna","12":"first","13":"instock","14":"sale","15":"shipping-taxable","16":"purchasable","17":"product-type-simple"},"_links":{"self":[{"href":"https:\/\/roveyayinevi.com.tr\/index.php\/wp-json\/wp\/v2\/product\/756111","targetHints":{"allow":["GET"]}}],"collection":[{"href":"https:\/\/roveyayinevi.com.tr\/index.php\/wp-json\/wp\/v2\/product"}],"about":[{"href":"https:\/\/roveyayinevi.com.tr\/index.php\/wp-json\/wp\/v2\/types\/product"}],"wp:attachment":[{"href":"https:\/\/roveyayinevi.com.tr\/index.php\/wp-json\/wp\/v2\/media?parent=756111"}],"wp:term":[{"taxonomy":"product_brand","embeddable":true,"href":"https:\/\/roveyayinevi.com.tr\/index.php\/wp-json\/wp\/v2\/product_brand?post=756111"},{"taxonomy":"product_cat","embeddable":true,"href":"https:\/\/roveyayinevi.com.tr\/index.php\/wp-json\/wp\/v2\/product_cat?post=756111"},{"taxonomy":"product_tag","embeddable":true,"href":"https:\/\/roveyayinevi.com.tr\/index.php\/wp-json\/wp\/v2\/product_tag?post=756111"}],"curies":[{"name":"wp","href":"https:\/\/api.w.org\/{rel}","templated":true}]}}