{"id":756110,"date":"2025-08-28T06:58:36","date_gmt":"2025-08-28T03:58:36","guid":{"rendered":"https:\/\/roveyayinevi.com.tr\/index.php\/urun\/disney-cizgi-klasikler-frankenstein-basrolde-donald\/"},"modified":"2026-04-16T03:09:28","modified_gmt":"2026-04-16T00:09:28","slug":"disney-cizgi-klasikler-frankenstein-basrolde-donald","status":"publish","type":"product","link":"https:\/\/roveyayinevi.com.tr\/index.php\/urun\/disney-cizgi-klasikler-frankenstein-basrolde-donald\/","title":{"rendered":"Disney \u00c7izgi Klasikler Frankenstein Ba\u015frolde Donald"},"content":{"rendered":"<p>Mary Shelley\u2019nin klasik roman\u0131ndan, ba\u015frol\u00fcn\u00fc Donald\u2019\u0131n oynad\u0131\u011f\u0131 m\u00fcthi\u015f bir uyarlama!Donald, yarat\u0131m sanat\u0131na kar\u015f\u0131 b\u00fcy\u00fck bir yetene\u011fi olan Doktor Victor von Duckenstein\u2019dir. Eski bir bilim kitab\u0131ndan esinlenen Victor, hayalini ger\u00e7ekle\u015ftirmek \u00fczere harekete ge\u00e7er. Say\u0131s\u0131z deneyden sonra, nefes alan, canavar g\u00f6r\u00fcn\u00fcml\u00fc ve amac\u0131n\u0131n ne oldu\u011fu bilinmeyen bir canl\u0131 yarat\u0131r. Acaba Victor ne yaratm\u0131\u015f olabilir ve bu yarat\u0131\u011f\u0131n amac\u0131 nedir?<\/p>\n","protected":false},"excerpt":{"rendered":"<p>Mary Shelley\u2019nin klasik roman\u0131ndan, ba\u015frol\u00fcn\u00fc Donald\u2019\u0131n oynad\u0131\u011f\u0131 m\u00fcthi\u015f bir uyarlama!Donald, yarat\u0131m sanat\u0131na kar\u015f\u0131 b\u00fcy\u00fck bir yetene\u011fi olan Doktor Victor von Duckenstein\u2019dir. Eski bir bilim kitab\u0131ndan esinlenen<span class=\"excerpt-hellip\"> [\u2026]<\/span><\/p>\n","protected":false},"featured_media":0,"template":"","meta":{"_monsterinsights_skip_tracking":false,"_monsterinsights_sitenote_active":false,"_monsterinsights_sitenote_note":"","_monsterinsights_sitenote_category":0},"product_brand":[],"product_cat":[12689,12274],"product_tag":[],"class_list":{"0":"post-756110","1":"product","2":"type-product","3":"status-publish","5":"product_cat-cizgi-roman-cocuk-ve-genclik-kitaplari","6":"product_cat-cocuk-ve-genclik-kitaplari","7":"pa_cilt-ciltsiz","8":"pa_tur-kitap","9":"pa_yayinevi-beta-kids","10":"pa_yazar-bruno-enna","12":"first","13":"instock","14":"sale","15":"shipping-taxable","16":"purchasable","17":"product-type-simple"},"_links":{"self":[{"href":"https:\/\/roveyayinevi.com.tr\/index.php\/wp-json\/wp\/v2\/product\/756110","targetHints":{"allow":["GET"]}}],"collection":[{"href":"https:\/\/roveyayinevi.com.tr\/index.php\/wp-json\/wp\/v2\/product"}],"about":[{"href":"https:\/\/roveyayinevi.com.tr\/index.php\/wp-json\/wp\/v2\/types\/product"}],"wp:attachment":[{"href":"https:\/\/roveyayinevi.com.tr\/index.php\/wp-json\/wp\/v2\/media?parent=756110"}],"wp:term":[{"taxonomy":"product_brand","embeddable":true,"href":"https:\/\/roveyayinevi.com.tr\/index.php\/wp-json\/wp\/v2\/product_brand?post=756110"},{"taxonomy":"product_cat","embeddable":true,"href":"https:\/\/roveyayinevi.com.tr\/index.php\/wp-json\/wp\/v2\/product_cat?post=756110"},{"taxonomy":"product_tag","embeddable":true,"href":"https:\/\/roveyayinevi.com.tr\/index.php\/wp-json\/wp\/v2\/product_tag?post=756110"}],"curies":[{"name":"wp","href":"https:\/\/api.w.org\/{rel}","templated":true}]}}