{"id":756108,"date":"2025-08-28T06:58:32","date_gmt":"2025-08-28T03:58:32","guid":{"rendered":"https:\/\/roveyayinevi.com.tr\/index.php\/urun\/disney-cizgi-klasikler-don-kisot-basrolde-goofy-ve-mickey\/"},"modified":"2026-04-16T03:09:28","modified_gmt":"2026-04-16T00:09:28","slug":"disney-cizgi-klasikler-don-kisot-basrolde-goofy-ve-mickey","status":"publish","type":"product","link":"https:\/\/roveyayinevi.com.tr\/index.php\/urun\/disney-cizgi-klasikler-don-kisot-basrolde-goofy-ve-mickey\/","title":{"rendered":"Disney  \u00c7izgi Klasikler \u2013 DON K\u0130\u015eOT Ba\u015frolde: Goofy Ve Mickey"},"content":{"rendered":"<p>Miguel de Cervantes\u2019in klasik roman\u0131n\u0131n bu eg\u0306lenceli uyarlamas\u0131nda Goofy ile Mickey, macera pes\u0327indeki s\u0327o\u0308valye ile onun gu\u0308venilir yard\u0131mc\u0131s\u0131n\u0131 oynuyorlar!Kafas\u0131ndan bir darbe alan Goofy, Don Goofot adl\u0131 bir gezgin s\u0327o\u0308valyeye do\u0308nu\u0308s\u0327u\u0308yor. Birlikte hayal u\u0308ru\u0308nu\u0308 suc\u0327lularla, devlerle ve canavarlarla savas\u0327\u0131rlarken Mickey, Goofy\u2019nin yeni kimlig\u0306ini de sayg\u0131yla kabulleniyor. Ama iki ortak, s\u0327ehrin alt\u0131nda pusuda bekleyen ve asla hayal u\u0308ru\u0308nu\u0308 olmayan bir tehlikeyi fark edince, durumu kurtarmak ic\u0327indog\u0306ru zamanda gerc\u0327eklig\u0306e do\u0308nebilecek mi?<\/p>\n","protected":false},"excerpt":{"rendered":"<p>Miguel de Cervantes\u2019in klasik roman\u0131n\u0131n bu eg\u0306lenceli uyarlamas\u0131nda Goofy ile Mickey, macera pes\u0327indeki s\u0327o\u0308valye ile onun gu\u0308venilir yard\u0131mc\u0131s\u0131n\u0131 oynuyorlar!Kafas\u0131ndan bir darbe alan Goofy, Don Goofot adl\u0131<span class=\"excerpt-hellip\"> [\u2026]<\/span><\/p>\n","protected":false},"featured_media":0,"template":"","meta":{"_monsterinsights_skip_tracking":false,"_monsterinsights_sitenote_active":false,"_monsterinsights_sitenote_note":"","_monsterinsights_sitenote_category":0},"product_brand":[],"product_cat":[12689,12274],"product_tag":[],"class_list":{"0":"post-756108","1":"product","2":"type-product","3":"status-publish","5":"product_cat-cizgi-roman-cocuk-ve-genclik-kitaplari","6":"product_cat-cocuk-ve-genclik-kitaplari","7":"pa_cilt-ciltsiz","8":"pa_tur-kitap","9":"pa_yayinevi-beta-kids","10":"pa_yazar-disney-editor-ekibi-ve-joe-caramagna","12":"first","13":"instock","14":"sale","15":"shipping-taxable","16":"purchasable","17":"product-type-simple"},"_links":{"self":[{"href":"https:\/\/roveyayinevi.com.tr\/index.php\/wp-json\/wp\/v2\/product\/756108","targetHints":{"allow":["GET"]}}],"collection":[{"href":"https:\/\/roveyayinevi.com.tr\/index.php\/wp-json\/wp\/v2\/product"}],"about":[{"href":"https:\/\/roveyayinevi.com.tr\/index.php\/wp-json\/wp\/v2\/types\/product"}],"wp:attachment":[{"href":"https:\/\/roveyayinevi.com.tr\/index.php\/wp-json\/wp\/v2\/media?parent=756108"}],"wp:term":[{"taxonomy":"product_brand","embeddable":true,"href":"https:\/\/roveyayinevi.com.tr\/index.php\/wp-json\/wp\/v2\/product_brand?post=756108"},{"taxonomy":"product_cat","embeddable":true,"href":"https:\/\/roveyayinevi.com.tr\/index.php\/wp-json\/wp\/v2\/product_cat?post=756108"},{"taxonomy":"product_tag","embeddable":true,"href":"https:\/\/roveyayinevi.com.tr\/index.php\/wp-json\/wp\/v2\/product_tag?post=756108"}],"curies":[{"name":"wp","href":"https:\/\/api.w.org\/{rel}","templated":true}]}}