{"id":756103,"date":"2025-08-28T06:58:22","date_gmt":"2025-08-28T03:58:22","guid":{"rendered":"https:\/\/roveyayinevi.com.tr\/index.php\/urun\/disney-greenlerin-buyuk-sehir-maceralari-kanli\/"},"modified":"2026-04-16T03:09:28","modified_gmt":"2026-04-16T00:09:28","slug":"disney-greenlerin-buyuk-sehir-maceralari-kanli","status":"publish","type":"product","link":"https:\/\/roveyayinevi.com.tr\/index.php\/urun\/disney-greenlerin-buyuk-sehir-maceralari-kanli\/","title":{"rendered":"D\u0130SNEY GREENLER\u0130N B\u00dcY\u00dcK \u015eEH\u0130R MACERALARI KANLI"},"content":{"rendered":"<p>Disney Channel\u2019in \u00e7ok sevilen \u00e7izgi filmi Greenlerin B\u00fcy\u00fck\u015fehir Maceralar\u0131 \u015fimdi kitap olarak okuyucular\u0131yla bulu\u015fuyor!Cad\u0131lar Bayram\u0131 gelip \u00e7att\u0131 ve \u00fcrk\u00fct\u00fcc\u00fc Kanl\u0131 Ay, Greenlerin aile \u00e7iftli\u011findeki hayvanlar\u0131 k\u0131rm\u0131z\u0131 g\u00f6zl\u00fc, korkun\u00e7 zombilere d\u00f6n\u00fc\u015ft\u00fcrd\u00fc! T\u00fcm insanlar evlerinde mahsur kald\u0131lar! Acaba Cricket ile Tilly bir ka\u00e7\u0131\u015f yolu bulup \u015feker toplamaya \u00e7\u0131kabilecekler mi? Yoksa Bill\u2019le birlikte eve hapsolup b\u00fcy\u00fck\u015fehrin vadetti\u011fi t\u00fcm \u015fekerlerden mahrum mu kalacaklar?<\/p>\n","protected":false},"excerpt":{"rendered":"<p>Disney Channel\u2019in \u00e7ok sevilen \u00e7izgi filmi Greenlerin B\u00fcy\u00fck\u015fehir Maceralar\u0131 \u015fimdi kitap olarak okuyucular\u0131yla bulu\u015fuyor!Cad\u0131lar Bayram\u0131 gelip \u00e7att\u0131 ve \u00fcrk\u00fct\u00fcc\u00fc Kanl\u0131 Ay, Greenlerin aile \u00e7iftli\u011findeki hayvanlar\u0131 k\u0131rm\u0131z\u0131<span class=\"excerpt-hellip\"> [\u2026]<\/span><\/p>\n","protected":false},"featured_media":0,"template":"","meta":{"_monsterinsights_skip_tracking":false,"_monsterinsights_sitenote_active":false,"_monsterinsights_sitenote_note":"","_monsterinsights_sitenote_category":0},"product_brand":[],"product_cat":[12274,12284],"product_tag":[],"class_list":{"0":"post-756103","1":"product","2":"type-product","3":"status-publish","5":"product_cat-cocuk-ve-genclik-kitaplari","6":"product_cat-hikayeler","7":"pa_cilt-ciltsiz","8":"pa_tur-kitap","9":"pa_yayinevi-beta-kids","10":"pa_yazar-disney-editor-ekibi","12":"first","13":"instock","14":"sale","15":"shipping-taxable","16":"purchasable","17":"product-type-simple"},"_links":{"self":[{"href":"https:\/\/roveyayinevi.com.tr\/index.php\/wp-json\/wp\/v2\/product\/756103","targetHints":{"allow":["GET"]}}],"collection":[{"href":"https:\/\/roveyayinevi.com.tr\/index.php\/wp-json\/wp\/v2\/product"}],"about":[{"href":"https:\/\/roveyayinevi.com.tr\/index.php\/wp-json\/wp\/v2\/types\/product"}],"wp:attachment":[{"href":"https:\/\/roveyayinevi.com.tr\/index.php\/wp-json\/wp\/v2\/media?parent=756103"}],"wp:term":[{"taxonomy":"product_brand","embeddable":true,"href":"https:\/\/roveyayinevi.com.tr\/index.php\/wp-json\/wp\/v2\/product_brand?post=756103"},{"taxonomy":"product_cat","embeddable":true,"href":"https:\/\/roveyayinevi.com.tr\/index.php\/wp-json\/wp\/v2\/product_cat?post=756103"},{"taxonomy":"product_tag","embeddable":true,"href":"https:\/\/roveyayinevi.com.tr\/index.php\/wp-json\/wp\/v2\/product_tag?post=756103"}],"curies":[{"name":"wp","href":"https:\/\/api.w.org\/{rel}","templated":true}]}}