{"id":756102,"date":"2025-08-28T06:58:20","date_gmt":"2025-08-28T03:58:20","guid":{"rendered":"https:\/\/roveyayinevi.com.tr\/index.php\/urun\/disney-enkanto-sihirli-dunya-cizgi-roman\/"},"modified":"2026-04-16T03:09:28","modified_gmt":"2026-04-16T00:09:28","slug":"disney-enkanto-sihirli-dunya-cizgi-roman","status":"publish","type":"product","link":"https:\/\/roveyayinevi.com.tr\/index.php\/urun\/disney-enkanto-sihirli-dunya-cizgi-roman\/","title":{"rendered":"D\u0130SNEY-  ENKANTO S\u0130H\u0130RL\u0130 D\u00dcNYA \u00c7izgi Roman"},"content":{"rendered":"<p>A\u0130LEN\u0130N G\u00dcC\u00dcMadrigal\u2019ler, Enkanto denilen ola\u011fanu\u0308stu\u0308 ve bu\u0308yu\u0308lu\u0308 bir yerdeki sihirli evlerinde ya\u015fayan s\u0131ra d\u0131\u015f\u0131 bir aile. Enkanto\u2019nun mucizesi, ailedeki her \u00e7ocu\u011fa su\u0308per gu\u0308\u00e7ten tutun da iyile\u015ftirme gu\u0308cu\u0308ne kadar e\u015fsiz yetenekler kazand\u0131rd\u0131&#8230; Mirabel d\u0131\u015f\u0131ndakilere yani. Fakat Mirabel, Enkanto\u2019yu \u00e7evreleyen mucizenin tehlikede oldu\u011funu ke\u015ffedince Madrigal ailesinin tek s\u0131radan u\u0308yesi olarak bu ola\u011fanu\u0308stu\u0308 ailenin son umudu olabilece\u011fine karar verdi. Acaba hakl\u0131 \u00e7\u0131kacak m\u0131?<\/p>\n","protected":false},"excerpt":{"rendered":"<p>A\u0130LEN\u0130N G\u00dcC\u00dcMadrigal\u2019ler, Enkanto denilen ola\u011fanu\u0308stu\u0308 ve bu\u0308yu\u0308lu\u0308 bir yerdeki sihirli evlerinde ya\u015fayan s\u0131ra d\u0131\u015f\u0131 bir aile. Enkanto\u2019nun mucizesi, ailedeki her \u00e7ocu\u011fa su\u0308per gu\u0308\u00e7ten tutun da iyile\u015ftirme<span class=\"excerpt-hellip\"> [\u2026]<\/span><\/p>\n","protected":false},"featured_media":0,"template":"","meta":{"_monsterinsights_skip_tracking":false,"_monsterinsights_sitenote_active":false,"_monsterinsights_sitenote_note":"","_monsterinsights_sitenote_category":0},"product_brand":[],"product_cat":[12689,12274],"product_tag":[],"class_list":{"0":"post-756102","1":"product","2":"type-product","3":"status-publish","5":"product_cat-cizgi-roman-cocuk-ve-genclik-kitaplari","6":"product_cat-cocuk-ve-genclik-kitaplari","7":"pa_cilt-ciltsiz","8":"pa_tur-kitap","9":"pa_yayinevi-beta-kids","10":"pa_yazar-disney-editor-ekibi","12":"first","13":"instock","14":"sale","15":"shipping-taxable","16":"purchasable","17":"product-type-simple"},"_links":{"self":[{"href":"https:\/\/roveyayinevi.com.tr\/index.php\/wp-json\/wp\/v2\/product\/756102","targetHints":{"allow":["GET"]}}],"collection":[{"href":"https:\/\/roveyayinevi.com.tr\/index.php\/wp-json\/wp\/v2\/product"}],"about":[{"href":"https:\/\/roveyayinevi.com.tr\/index.php\/wp-json\/wp\/v2\/types\/product"}],"wp:attachment":[{"href":"https:\/\/roveyayinevi.com.tr\/index.php\/wp-json\/wp\/v2\/media?parent=756102"}],"wp:term":[{"taxonomy":"product_brand","embeddable":true,"href":"https:\/\/roveyayinevi.com.tr\/index.php\/wp-json\/wp\/v2\/product_brand?post=756102"},{"taxonomy":"product_cat","embeddable":true,"href":"https:\/\/roveyayinevi.com.tr\/index.php\/wp-json\/wp\/v2\/product_cat?post=756102"},{"taxonomy":"product_tag","embeddable":true,"href":"https:\/\/roveyayinevi.com.tr\/index.php\/wp-json\/wp\/v2\/product_tag?post=756102"}],"curies":[{"name":"wp","href":"https:\/\/api.w.org\/{rel}","templated":true}]}}