{"id":756101,"date":"2025-08-28T06:58:18","date_gmt":"2025-08-28T03:58:18","guid":{"rendered":"https:\/\/roveyayinevi.com.tr\/index.php\/urun\/disney-minnie-mouse-en-harika-kitap-cizgi-roman\/"},"modified":"2026-04-16T03:09:28","modified_gmt":"2026-04-16T00:09:28","slug":"disney-minnie-mouse-en-harika-kitap-cizgi-roman","status":"publish","type":"product","link":"https:\/\/roveyayinevi.com.tr\/index.php\/urun\/disney-minnie-mouse-en-harika-kitap-cizgi-roman\/","title":{"rendered":"D\u0130SNEY MINNIE MOUSE EN HAR\u0130KA K\u0130TAP \u00c7izgi Roman"},"content":{"rendered":"<p>D\u0130SNEY MINNIE MOUSE EN HAR\u0130KA K\u0130TAP \u00c7\u0130ZG\u0130 ROMANOkuma keyfi ba\u015fl\u0131yor!Uygun sayfa say\u0131s\u0131, takibi kolay b\u00f6l\u00fcmleri ve metni anlamay\u0131 destekleyen \u00e7izimleriyle bu kitab\u0131 \u00e7ocuklar\u0131n\u0131z \u00e7ok sevecekler!OKULDAK\u0130 K\u0130TAP FUARINDA MINNIE\u2019Y\u0130 HANG\u0130 MACERALAR BEKL\u0130YOR?<\/p>\n","protected":false},"excerpt":{"rendered":"<p>D\u0130SNEY MINNIE MOUSE EN HAR\u0130KA K\u0130TAP \u00c7\u0130ZG\u0130 ROMANOkuma keyfi ba\u015fl\u0131yor!Uygun sayfa say\u0131s\u0131, takibi kolay b\u00f6l\u00fcmleri ve metni anlamay\u0131 destekleyen \u00e7izimleriyle bu kitab\u0131 \u00e7ocuklar\u0131n\u0131z \u00e7ok sevecekler!OKULDAK\u0130 K\u0130TAP<span class=\"excerpt-hellip\"> [\u2026]<\/span><\/p>\n","protected":false},"featured_media":0,"template":"","meta":{"_monsterinsights_skip_tracking":false,"_monsterinsights_sitenote_active":false,"_monsterinsights_sitenote_note":"","_monsterinsights_sitenote_category":0},"product_brand":[],"product_cat":[12274,12284],"product_tag":[],"class_list":{"0":"post-756101","1":"product","2":"type-product","3":"status-publish","5":"product_cat-cocuk-ve-genclik-kitaplari","6":"product_cat-hikayeler","7":"pa_cilt-ciltsiz","8":"pa_tur-kitap","9":"pa_yayinevi-beta-kids","10":"pa_yazar-brooke-vitale","12":"first","13":"instock","14":"sale","15":"shipping-taxable","16":"purchasable","17":"product-type-simple"},"_links":{"self":[{"href":"https:\/\/roveyayinevi.com.tr\/index.php\/wp-json\/wp\/v2\/product\/756101","targetHints":{"allow":["GET"]}}],"collection":[{"href":"https:\/\/roveyayinevi.com.tr\/index.php\/wp-json\/wp\/v2\/product"}],"about":[{"href":"https:\/\/roveyayinevi.com.tr\/index.php\/wp-json\/wp\/v2\/types\/product"}],"wp:attachment":[{"href":"https:\/\/roveyayinevi.com.tr\/index.php\/wp-json\/wp\/v2\/media?parent=756101"}],"wp:term":[{"taxonomy":"product_brand","embeddable":true,"href":"https:\/\/roveyayinevi.com.tr\/index.php\/wp-json\/wp\/v2\/product_brand?post=756101"},{"taxonomy":"product_cat","embeddable":true,"href":"https:\/\/roveyayinevi.com.tr\/index.php\/wp-json\/wp\/v2\/product_cat?post=756101"},{"taxonomy":"product_tag","embeddable":true,"href":"https:\/\/roveyayinevi.com.tr\/index.php\/wp-json\/wp\/v2\/product_tag?post=756101"}],"curies":[{"name":"wp","href":"https:\/\/api.w.org\/{rel}","templated":true}]}}