{"id":756039,"date":"2025-08-28T06:56:36","date_gmt":"2025-08-28T03:56:36","guid":{"rendered":"https:\/\/roveyayinevi.com.tr\/index.php\/urun\/natinonal-geographic-kids-zamanini-yoneten-cocuklar\/"},"modified":"2026-04-16T03:09:26","modified_gmt":"2026-04-16T00:09:26","slug":"natinonal-geographic-kids-zamanini-yoneten-cocuklar","status":"publish","type":"product","link":"https:\/\/roveyayinevi.com.tr\/index.php\/urun\/natinonal-geographic-kids-zamanini-yoneten-cocuklar\/","title":{"rendered":"NATINONAL GEOGRAPHIC KIDS &#8211; ZAMANINI Y\u00d6NETEN \u00c7OCUKLAR"},"content":{"rendered":"<p>Bug\u00fcne kadar a\u015fa\u011f\u0131daki durumlardan hangilerini ya\u015fad\u0131n?En az bir veya birka\u00e7\u0131n\u0131 mutlaka ya\u015fam\u0131\u015f olmal\u0131s\u0131n:- Okula ge\u00e7 kalma- Sabahlar\u0131 uyanamama- \u00d6devini zaman\u0131nda tamamlayamama- Sorumluluklar\u0131n\u0131n son ana kalmas\u0131Bu kitap zaman kavram\u0131n\u0131 anlamak ve zaman\u0131n\u0131 ba\u015far\u0131l\u0131 bir \u015fekilde planlay\u0131p y\u00f6netmek isteyenler i\u00e7in benzersiz bir kaynak kitap.Kitapta yer alan \u00f6nerileri uygulayarak zaman\u0131n\u0131n kontrol\u00fcn\u00fc eline alabilir, kendine, sevdiklerine, do\u011faya ve t\u00fcm canl\u0131lara zaman ay\u0131rabilirsin.<\/p>\n","protected":false},"excerpt":{"rendered":"<p>Bug\u00fcne kadar a\u015fa\u011f\u0131daki durumlardan hangilerini ya\u015fad\u0131n?En az bir veya birka\u00e7\u0131n\u0131 mutlaka ya\u015fam\u0131\u015f olmal\u0131s\u0131n:- Okula ge\u00e7 kalma- Sabahlar\u0131 uyanamama- \u00d6devini zaman\u0131nda tamamlayamama- Sorumluluklar\u0131n\u0131n son ana kalmas\u0131Bu kitap<span class=\"excerpt-hellip\"> [\u2026]<\/span><\/p>\n","protected":false},"featured_media":0,"template":"","meta":{"_monsterinsights_skip_tracking":false,"_monsterinsights_sitenote_active":false,"_monsterinsights_sitenote_note":"","_monsterinsights_sitenote_category":0},"product_brand":[],"product_cat":[12274,14573],"product_tag":[],"class_list":{"0":"post-756039","1":"product","2":"type-product","3":"status-publish","5":"product_cat-cocuk-ve-genclik-kitaplari","6":"product_cat-referans-kitaplar-cocuk-ve-genclik-kitaplari","7":"pa_cilt-ciltsiz","8":"pa_tur-kitap","9":"pa_yayinevi-beta-kids","10":"pa_yazar-senay-kasap","11":"pa_yazar-zehra-kasap","13":"first","14":"instock","15":"sale","16":"shipping-taxable","17":"purchasable","18":"product-type-simple"},"_links":{"self":[{"href":"https:\/\/roveyayinevi.com.tr\/index.php\/wp-json\/wp\/v2\/product\/756039","targetHints":{"allow":["GET"]}}],"collection":[{"href":"https:\/\/roveyayinevi.com.tr\/index.php\/wp-json\/wp\/v2\/product"}],"about":[{"href":"https:\/\/roveyayinevi.com.tr\/index.php\/wp-json\/wp\/v2\/types\/product"}],"wp:attachment":[{"href":"https:\/\/roveyayinevi.com.tr\/index.php\/wp-json\/wp\/v2\/media?parent=756039"}],"wp:term":[{"taxonomy":"product_brand","embeddable":true,"href":"https:\/\/roveyayinevi.com.tr\/index.php\/wp-json\/wp\/v2\/product_brand?post=756039"},{"taxonomy":"product_cat","embeddable":true,"href":"https:\/\/roveyayinevi.com.tr\/index.php\/wp-json\/wp\/v2\/product_cat?post=756039"},{"taxonomy":"product_tag","embeddable":true,"href":"https:\/\/roveyayinevi.com.tr\/index.php\/wp-json\/wp\/v2\/product_tag?post=756039"}],"curies":[{"name":"wp","href":"https:\/\/api.w.org\/{rel}","templated":true}]}}