{"id":756035,"date":"2025-08-28T06:56:29","date_gmt":"2025-08-28T03:56:29","guid":{"rendered":"https:\/\/roveyayinevi.com.tr\/index.php\/urun\/natinonal-geographic-kids-mustafa-kemal-ataturk\/"},"modified":"2026-04-16T03:08:58","modified_gmt":"2026-04-16T00:08:58","slug":"natinonal-geographic-kids-mustafa-kemal-ataturk","status":"publish","type":"product","link":"https:\/\/roveyayinevi.com.tr\/index.php\/urun\/natinonal-geographic-kids-mustafa-kemal-ataturk\/","title":{"rendered":"NATINONAL GEOGRAPHIC KIDS -MUSTAFA KEMAL ATAT\u00dcRK"},"content":{"rendered":"<p>MUSTAFA KEMAL ATATU\u0308RK, YI\u0307RMI\u0307NCI\u0307 YU\u0308ZYILIN BAS\u0327INDA, NEREDEYSE HER S\u0327EYI\u0307NI\u0307 KAYBETMI\u0307S\u0327 BI\u0307R MI\u0307LLETI\u0307N YENI\u0307DEN AYAG\u0306A KALKMASINA VE O\u0308ZGU\u0308RLU\u0308G\u0306U\u0308NU\u0308 KAZANMASINA O\u0308NCU\u0308LU\u0308K EDEN BU\u0308YU\u0308K BI\u0307R LI\u0307DERDI\u0307R. Tu\u0308rkiye Cumhuriyeti\u2019ni kuran ve tu\u0308m du\u0308nyan\u0131n tan\u0131d\u0131g\u0306\u0131 ileri go\u0308ru\u0308s\u0327lu\u0308 bir lider olan Atatu\u0308rk\u2019u\u0308n: \u2022 C\u0327ocuklug\u0306unu ve ailesini,\u2022 Askerlik y\u0131llar\u0131n\u0131,\u2022 Bir lider olmas\u0131n\u0131 sag\u0306layan o\u0308zellikleri nas\u0131l kazand\u0131g\u0306\u0131n\u0131,\u2022 Askeri dehas\u0131n\u0131 ve Kurtulus\u0327 Savas\u0327\u0131\u2019n\u0131 nas\u0131l planlad\u0131g\u0306\u0131n\u0131,\u2022 Tu\u0308rkiye Cumhuriyeti\u2019ni nas\u0131l kurdug\u0306unu,\u2022 Devrimlerini,\u2022 Hakk\u0131nda az bilinenleri,\u2022 Son y\u0131llar\u0131ndaki yaln\u0131zlas\u0327mas\u0131n\u0131 ve vedas\u0131n\u0131,\u2022 Neden bu\u0308yu\u0308k bir lider oldug\u0306unu, bu kitapla o\u0308g\u0306reneceksiniz. Sade bir anlat\u0131ma ve muhtes\u0327em go\u0308rsellere sahip bu kitapla MUSTAFA KEMAL ATATU\u0308RK\u2019u\u0308 yak\u0131ndan tan\u0131yacaks\u0131n\u0131z.<\/p>\n","protected":false},"excerpt":{"rendered":"<p>MUSTAFA KEMAL ATATU\u0308RK, YI\u0307RMI\u0307NCI\u0307 YU\u0308ZYILIN BAS\u0327INDA, NEREDEYSE HER S\u0327EYI\u0307NI\u0307 KAYBETMI\u0307S\u0327 BI\u0307R MI\u0307LLETI\u0307N YENI\u0307DEN AYAG\u0306A KALKMASINA VE O\u0308ZGU\u0308RLU\u0308G\u0306U\u0308NU\u0308 KAZANMASINA O\u0308NCU\u0308LU\u0308K EDEN BU\u0308YU\u0308K BI\u0307R LI\u0307DERDI\u0307R. Tu\u0308rkiye Cumhuriyeti\u2019ni kuran<span class=\"excerpt-hellip\"> [\u2026]<\/span><\/p>\n","protected":false},"featured_media":0,"template":"","meta":{"_monsterinsights_skip_tracking":false,"_monsterinsights_sitenote_active":false,"_monsterinsights_sitenote_note":"","_monsterinsights_sitenote_category":0},"product_brand":[],"product_cat":[12530,12304],"product_tag":[],"class_list":{"0":"post-756035","1":"product","2":"type-product","3":"status-publish","5":"product_cat-mustafa-kemal-ataturk","6":"product_cat-tarih","7":"pa_cilt-ciltsiz","8":"pa_tur-kitap","9":"pa_yayinevi-beta-kids","10":"pa_yazar-ata-ozdemirci","12":"first","13":"instock","14":"sale","15":"shipping-taxable","16":"purchasable","17":"product-type-simple"},"_links":{"self":[{"href":"https:\/\/roveyayinevi.com.tr\/index.php\/wp-json\/wp\/v2\/product\/756035","targetHints":{"allow":["GET"]}}],"collection":[{"href":"https:\/\/roveyayinevi.com.tr\/index.php\/wp-json\/wp\/v2\/product"}],"about":[{"href":"https:\/\/roveyayinevi.com.tr\/index.php\/wp-json\/wp\/v2\/types\/product"}],"wp:attachment":[{"href":"https:\/\/roveyayinevi.com.tr\/index.php\/wp-json\/wp\/v2\/media?parent=756035"}],"wp:term":[{"taxonomy":"product_brand","embeddable":true,"href":"https:\/\/roveyayinevi.com.tr\/index.php\/wp-json\/wp\/v2\/product_brand?post=756035"},{"taxonomy":"product_cat","embeddable":true,"href":"https:\/\/roveyayinevi.com.tr\/index.php\/wp-json\/wp\/v2\/product_cat?post=756035"},{"taxonomy":"product_tag","embeddable":true,"href":"https:\/\/roveyayinevi.com.tr\/index.php\/wp-json\/wp\/v2\/product_tag?post=756035"}],"curies":[{"name":"wp","href":"https:\/\/api.w.org\/{rel}","templated":true}]}}