{"id":756028,"date":"2025-08-28T06:55:44","date_gmt":"2025-08-28T03:55:44","guid":{"rendered":"https:\/\/roveyayinevi.com.tr\/index.php\/urun\/natinonal-geographic-kids-dinozorlar-board-book\/"},"modified":"2026-04-16T03:08:58","modified_gmt":"2026-04-16T00:08:58","slug":"natinonal-geographic-kids-dinozorlar-board-book","status":"publish","type":"product","link":"https:\/\/roveyayinevi.com.tr\/index.php\/urun\/natinonal-geographic-kids-dinozorlar-board-book\/","title":{"rendered":"NATINONAL GEOGRAPHIC KIDS &#8211; D\u0130NOZORLAR (Board Book)"},"content":{"rendered":"<p>B\u00fcy\u00fck, k\u00fc\u00e7\u00fck, pen\u00e7eli, boynuzlu dinozorlar ve \u00e7ok daha fazlas\u0131 Dinozor Kitab\u0131m\u2019da!0-4 ya\u015f miniklerini do\u011fan\u0131n ve bilimin hazineleriyle tan\u0131\u015ft\u0131ran bu seri National Geographic Kids\u2019in \u00e7ok satan ve sevilen \u0130lk Kitaplar\u0131m Serisi\u2019nin okumas\u0131 kolay, k\u00fc\u00e7\u00fck karde\u015fi olarak tasarland\u0131.<\/p>\n","protected":false},"excerpt":{"rendered":"<p>B\u00fcy\u00fck, k\u00fc\u00e7\u00fck, pen\u00e7eli, boynuzlu dinozorlar ve \u00e7ok daha fazlas\u0131 Dinozor Kitab\u0131m\u2019da!0-4 ya\u015f miniklerini do\u011fan\u0131n ve bilimin hazineleriyle tan\u0131\u015ft\u0131ran bu seri National Geographic Kids\u2019in \u00e7ok satan ve<span class=\"excerpt-hellip\"> [\u2026]<\/span><\/p>\n","protected":false},"featured_media":0,"template":"","meta":{"_monsterinsights_skip_tracking":false,"_monsterinsights_sitenote_active":false,"_monsterinsights_sitenote_note":"","_monsterinsights_sitenote_category":0},"product_brand":[],"product_cat":[13829,12274],"product_tag":[],"class_list":{"0":"post-756028","1":"product","2":"type-product","3":"status-publish","5":"product_cat-bilimsel-kitaplar","6":"product_cat-cocuk-ve-genclik-kitaplari","7":"pa_cilt-ciltli","8":"pa_tur-kitap","9":"pa_yayinevi-beta-kids","10":"pa_yazar-ruth-a-musgrave","12":"first","13":"instock","14":"sale","15":"shipping-taxable","16":"purchasable","17":"product-type-simple"},"_links":{"self":[{"href":"https:\/\/roveyayinevi.com.tr\/index.php\/wp-json\/wp\/v2\/product\/756028","targetHints":{"allow":["GET"]}}],"collection":[{"href":"https:\/\/roveyayinevi.com.tr\/index.php\/wp-json\/wp\/v2\/product"}],"about":[{"href":"https:\/\/roveyayinevi.com.tr\/index.php\/wp-json\/wp\/v2\/types\/product"}],"wp:attachment":[{"href":"https:\/\/roveyayinevi.com.tr\/index.php\/wp-json\/wp\/v2\/media?parent=756028"}],"wp:term":[{"taxonomy":"product_brand","embeddable":true,"href":"https:\/\/roveyayinevi.com.tr\/index.php\/wp-json\/wp\/v2\/product_brand?post=756028"},{"taxonomy":"product_cat","embeddable":true,"href":"https:\/\/roveyayinevi.com.tr\/index.php\/wp-json\/wp\/v2\/product_cat?post=756028"},{"taxonomy":"product_tag","embeddable":true,"href":"https:\/\/roveyayinevi.com.tr\/index.php\/wp-json\/wp\/v2\/product_tag?post=756028"}],"curies":[{"name":"wp","href":"https:\/\/api.w.org\/{rel}","templated":true}]}}