{"id":756009,"date":"2025-08-28T06:55:16","date_gmt":"2025-08-28T03:55:16","guid":{"rendered":"https:\/\/roveyayinevi.com.tr\/index.php\/urun\/akilli-bebek-sozcukleri-kesfediyorum-ciftlik\/"},"modified":"2026-04-16T03:08:57","modified_gmt":"2026-04-16T00:08:57","slug":"akilli-bebek-sozcukleri-kesfediyorum-ciftlik","status":"publish","type":"product","link":"https:\/\/roveyayinevi.com.tr\/index.php\/urun\/akilli-bebek-sozcukleri-kesfediyorum-ciftlik\/","title":{"rendered":"Ak\u0131ll\u0131 Bebek &#8211; S\u00f6zc\u00fckleri Ke\u015ffediyorum &#8211; \u00c7\u0130FTL\u0130K"},"content":{"rendered":"<p>Ak\u0131ll\u0131 Bebek S\u00f6zc\u00fckleri Ke\u015ffediyorum e\u011fitici serisi ile bebe\u011finiz ilk s\u00f6zc\u00fcklerini \u00f6\u011frenecek, hayvanlar\u0131, \u00e7iftlik hayat\u0131n\u0131, yiyecekleri, ta\u015f\u0131tlar\u0131 ve renkleri tan\u0131yacak.Canl\u0131 renklerdeki resimler mini\u011finizin ilgisini \u00e7ekerken sade tasar\u0131m da dikkatinin da\u011f\u0131lmamas\u0131n\u0131 sa\u011flayacak.Kal\u0131n kartondan sayfalar ve yuvarlat\u0131lm\u0131\u015f kenarlar sayesinde bebe\u011finiz kitap okuma keyfini kolayca ve zarar g\u00f6rmeden tadacak.<\/p>\n","protected":false},"excerpt":{"rendered":"<p>Ak\u0131ll\u0131 Bebek S\u00f6zc\u00fckleri Ke\u015ffediyorum e\u011fitici serisi ile bebe\u011finiz ilk s\u00f6zc\u00fcklerini \u00f6\u011frenecek, hayvanlar\u0131, \u00e7iftlik hayat\u0131n\u0131, yiyecekleri, ta\u015f\u0131tlar\u0131 ve renkleri tan\u0131yacak.Canl\u0131 renklerdeki resimler mini\u011finizin ilgisini \u00e7ekerken sade tasar\u0131m<span class=\"excerpt-hellip\"> [\u2026]<\/span><\/p>\n","protected":false},"featured_media":0,"template":"","meta":{"_monsterinsights_skip_tracking":false,"_monsterinsights_sitenote_active":false,"_monsterinsights_sitenote_note":"","_monsterinsights_sitenote_category":0},"product_brand":[],"product_cat":[12274,12518],"product_tag":[],"class_list":{"0":"post-756009","1":"product","2":"type-product","3":"status-publish","5":"product_cat-cocuk-ve-genclik-kitaplari","6":"product_cat-okul-oncesi-kitaplar","7":"pa_cilt-ciltli","8":"pa_tur-kitap","9":"pa_yayinevi-beta-kids","10":"pa_yazar-e-bahar-duzen","12":"first","13":"instock","14":"sale","15":"shipping-taxable","16":"purchasable","17":"product-type-simple"},"_links":{"self":[{"href":"https:\/\/roveyayinevi.com.tr\/index.php\/wp-json\/wp\/v2\/product\/756009","targetHints":{"allow":["GET"]}}],"collection":[{"href":"https:\/\/roveyayinevi.com.tr\/index.php\/wp-json\/wp\/v2\/product"}],"about":[{"href":"https:\/\/roveyayinevi.com.tr\/index.php\/wp-json\/wp\/v2\/types\/product"}],"wp:attachment":[{"href":"https:\/\/roveyayinevi.com.tr\/index.php\/wp-json\/wp\/v2\/media?parent=756009"}],"wp:term":[{"taxonomy":"product_brand","embeddable":true,"href":"https:\/\/roveyayinevi.com.tr\/index.php\/wp-json\/wp\/v2\/product_brand?post=756009"},{"taxonomy":"product_cat","embeddable":true,"href":"https:\/\/roveyayinevi.com.tr\/index.php\/wp-json\/wp\/v2\/product_cat?post=756009"},{"taxonomy":"product_tag","embeddable":true,"href":"https:\/\/roveyayinevi.com.tr\/index.php\/wp-json\/wp\/v2\/product_tag?post=756009"}],"curies":[{"name":"wp","href":"https:\/\/api.w.org\/{rel}","templated":true}]}}