{"id":755932,"date":"2025-08-28T06:53:04","date_gmt":"2025-08-28T03:53:04","guid":{"rendered":"https:\/\/roveyayinevi.com.tr\/index.php\/urun\/korsan-havuzunda-nasil-dalarsin\/"},"modified":"2025-10-05T22:12:39","modified_gmt":"2025-10-05T19:12:39","slug":"korsan-havuzunda-nasil-dalarsin","status":"publish","type":"product","link":"https:\/\/roveyayinevi.com.tr\/index.php\/urun\/korsan-havuzunda-nasil-dalarsin\/","title":{"rendered":"KORSAN HAVUZUNDA NASIL DALARSIN ?"},"content":{"rendered":"<p>Barlas yu\u0308zme derslerine bay\u0131l\u0131yor ama o gu\u0308n havuzda tuhaf \u015feyler oluyordu. Yoksa sudaki, bir k\u00f6pekbal\u0131\u011f\u0131 m\u0131yd\u0131? \u00c7\u0131lg\u0131n korsanlardan olu\u015fan bir tayfayla bat\u0131k hazineyi ararkenheyecan verici bir sualt\u0131 maceras\u0131nda Barlas\u2019a kat\u0131lmaya ne dersin?Deniz canavar\u0131 P\u00f6rtlek ile tan\u0131\u015f ve k\u00f6pekbal\u0131\u011f\u0131 \u015feklindeki bir denizalt\u0131da denizleri a\u015f, hazineye ula\u015f. Yu\u0308zme dersleri hi\u00e7 bu kadar e\u011flenceli olmam\u0131\u015ft\u0131!<\/p>\n","protected":false},"excerpt":{"rendered":"<p>Barlas yu\u0308zme derslerine bay\u0131l\u0131yor ama o gu\u0308n havuzda tuhaf \u015feyler oluyordu. Yoksa sudaki, bir k\u00f6pekbal\u0131\u011f\u0131 m\u0131yd\u0131? \u00c7\u0131lg\u0131n korsanlardan olu\u015fan bir tayfayla bat\u0131k hazineyi ararkenheyecan verici bir<span class=\"excerpt-hellip\"> [\u2026]<\/span><\/p>\n","protected":false},"featured_media":0,"template":"","meta":{"_monsterinsights_skip_tracking":false,"_monsterinsights_sitenote_active":false,"_monsterinsights_sitenote_note":"","_monsterinsights_sitenote_category":0},"product_brand":[],"product_cat":[12274,12518],"product_tag":[],"class_list":{"0":"post-755932","1":"product","2":"type-product","3":"status-publish","5":"product_cat-cocuk-ve-genclik-kitaplari","6":"product_cat-okul-oncesi-kitaplar","7":"pa_cilt-ciltsiz","8":"pa_tur-kitap","9":"pa_yayinevi-beta-kids","10":"pa_yazar-caryl-hart-ed-eaves","12":"first","13":"instock","14":"sale","15":"shipping-taxable","16":"purchasable","17":"product-type-simple"},"_links":{"self":[{"href":"https:\/\/roveyayinevi.com.tr\/index.php\/wp-json\/wp\/v2\/product\/755932","targetHints":{"allow":["GET"]}}],"collection":[{"href":"https:\/\/roveyayinevi.com.tr\/index.php\/wp-json\/wp\/v2\/product"}],"about":[{"href":"https:\/\/roveyayinevi.com.tr\/index.php\/wp-json\/wp\/v2\/types\/product"}],"wp:attachment":[{"href":"https:\/\/roveyayinevi.com.tr\/index.php\/wp-json\/wp\/v2\/media?parent=755932"}],"wp:term":[{"taxonomy":"product_brand","embeddable":true,"href":"https:\/\/roveyayinevi.com.tr\/index.php\/wp-json\/wp\/v2\/product_brand?post=755932"},{"taxonomy":"product_cat","embeddable":true,"href":"https:\/\/roveyayinevi.com.tr\/index.php\/wp-json\/wp\/v2\/product_cat?post=755932"},{"taxonomy":"product_tag","embeddable":true,"href":"https:\/\/roveyayinevi.com.tr\/index.php\/wp-json\/wp\/v2\/product_tag?post=755932"}],"curies":[{"name":"wp","href":"https:\/\/api.w.org\/{rel}","templated":true}]}}