{"id":755931,"date":"2025-08-28T06:53:02","date_gmt":"2025-08-28T03:53:02","guid":{"rendered":"https:\/\/roveyayinevi.com.tr\/index.php\/urun\/barlas-antik-romada\/"},"modified":"2026-04-16T03:08:56","modified_gmt":"2026-04-16T00:08:56","slug":"barlas-antik-romada","status":"publish","type":"product","link":"https:\/\/roveyayinevi.com.tr\/index.php\/urun\/barlas-antik-romada\/","title":{"rendered":"BARLAS ANT\u0130K ROMADA"},"content":{"rendered":"<p>Barlas atlar\u0131 beslerken ya\u011fmur ya\u011fmaya ba\u015flay\u0131nca, birden kendini Antik Roma\u2019ya g\u00f6tu\u0308ru\u0308lu\u0308rken bulur.Orada gen\u00e7 bir Romal\u0131 olan Defne ile tan\u0131\u015f\u0131r. Barlas ile Defne, daha fark\u0131na varmadan, ka\u00e7ak bir sava\u015f arabas\u0131n\u0131 su\u0308ru\u0308yorlard\u0131r! \u00c7ok ge\u00e7 olmadan sava\u015f arabas\u0131n\u0131 durdurabilirler mi dersin? Antik Roma\u2019ya zamanda bir yolculu\u011fa \u00e7\u0131kmak hi\u00e7 bu kadar e\u011flenceli olmam\u0131\u015ft\u0131!<\/p>\n","protected":false},"excerpt":{"rendered":"<p>Barlas atlar\u0131 beslerken ya\u011fmur ya\u011fmaya ba\u015flay\u0131nca, birden kendini Antik Roma\u2019ya g\u00f6tu\u0308ru\u0308lu\u0308rken bulur.Orada gen\u00e7 bir Romal\u0131 olan Defne ile tan\u0131\u015f\u0131r. Barlas ile Defne, daha fark\u0131na varmadan, ka\u00e7ak<span class=\"excerpt-hellip\"> [\u2026]<\/span><\/p>\n","protected":false},"featured_media":0,"template":"","meta":{"_monsterinsights_skip_tracking":false,"_monsterinsights_sitenote_active":false,"_monsterinsights_sitenote_note":"","_monsterinsights_sitenote_category":0},"product_brand":[],"product_cat":[12274,12284],"product_tag":[],"class_list":{"0":"post-755931","1":"product","2":"type-product","3":"status-publish","5":"product_cat-cocuk-ve-genclik-kitaplari","6":"product_cat-hikayeler","7":"pa_cilt-ciltsiz","8":"pa_tur-kitap","9":"pa_yayinevi-beta-kids","10":"pa_yazar-caryl-hart-ed-eaves","12":"first","13":"instock","14":"sale","15":"shipping-taxable","16":"purchasable","17":"product-type-simple"},"_links":{"self":[{"href":"https:\/\/roveyayinevi.com.tr\/index.php\/wp-json\/wp\/v2\/product\/755931","targetHints":{"allow":["GET"]}}],"collection":[{"href":"https:\/\/roveyayinevi.com.tr\/index.php\/wp-json\/wp\/v2\/product"}],"about":[{"href":"https:\/\/roveyayinevi.com.tr\/index.php\/wp-json\/wp\/v2\/types\/product"}],"wp:attachment":[{"href":"https:\/\/roveyayinevi.com.tr\/index.php\/wp-json\/wp\/v2\/media?parent=755931"}],"wp:term":[{"taxonomy":"product_brand","embeddable":true,"href":"https:\/\/roveyayinevi.com.tr\/index.php\/wp-json\/wp\/v2\/product_brand?post=755931"},{"taxonomy":"product_cat","embeddable":true,"href":"https:\/\/roveyayinevi.com.tr\/index.php\/wp-json\/wp\/v2\/product_cat?post=755931"},{"taxonomy":"product_tag","embeddable":true,"href":"https:\/\/roveyayinevi.com.tr\/index.php\/wp-json\/wp\/v2\/product_tag?post=755931"}],"curies":[{"name":"wp","href":"https:\/\/api.w.org\/{rel}","templated":true}]}}