{"id":755915,"date":"2025-08-28T06:52:36","date_gmt":"2025-08-28T03:52:36","guid":{"rendered":"https:\/\/roveyayinevi.com.tr\/index.php\/urun\/atesten-hoslanmayan-ejderha\/"},"modified":"2026-04-16T03:08:55","modified_gmt":"2026-04-16T00:08:55","slug":"atesten-hoslanmayan-ejderha","status":"publish","type":"product","link":"https:\/\/roveyayinevi.com.tr\/index.php\/urun\/atesten-hoslanmayan-ejderha\/","title":{"rendered":"ATE\u015eTEN HO\u015eLANMAYAN EJDERHA"},"content":{"rendered":"<p>U\u00e7mak ve ates p\u00fcsk\u00fcrtmek ejderhal\u0131\u011f\u0131n kitab\u0131nda vard\u0131r. Ejderhalar sudan pek ho\u015flanmaz, bunu herkes bilir. Peki gen\u00e7 bir ejderha, bir bal\u0131k gibi y\u00fczebildi\u011fini \u00f6\u011frendi\u011finde ne yapar? Peki ya bu his&#8230; MUHTE\u015eEMSE? Ya ejderha babas\u0131 ne d\u00fc\u015f\u00fcn\u00fcr, nas\u0131l tepki verir? Eyvahlar olsun! Kabullenme, farkl\u0131l\u0131k ve aile sevgisi \u00fczerine b\u00fcy\u00fcleyici ve e\u011flenceli bir hik\u00e2ye. Bir Ejderha Suyu Sevmezse&#8217;nin \u00f6d\u00fcll\u00fc yazar\u0131ndan. GEMMA MERINO \u0130\u00c7\u0130N \u00d6VG\u00dcLER: \u201c\u0130nan\u0131lmaz e\u011flenceli&#8221; The Guardian Gazetesi &#8220;Komik ve ilham verici&#8221; Baby and Me Dergisi<\/p>\n","protected":false},"excerpt":{"rendered":"<p>U\u00e7mak ve ates p\u00fcsk\u00fcrtmek ejderhal\u0131\u011f\u0131n kitab\u0131nda vard\u0131r. Ejderhalar sudan pek ho\u015flanmaz, bunu herkes bilir. Peki gen\u00e7 bir ejderha, bir bal\u0131k gibi y\u00fczebildi\u011fini \u00f6\u011frendi\u011finde ne yapar? Peki<span class=\"excerpt-hellip\"> [\u2026]<\/span><\/p>\n","protected":false},"featured_media":0,"template":"","meta":{"_monsterinsights_skip_tracking":false,"_monsterinsights_sitenote_active":false,"_monsterinsights_sitenote_note":"","_monsterinsights_sitenote_category":0},"product_brand":[],"product_cat":[12274,12284],"product_tag":[],"class_list":{"0":"post-755915","1":"product","2":"type-product","3":"status-publish","5":"product_cat-cocuk-ve-genclik-kitaplari","6":"product_cat-hikayeler","7":"pa_cilt-ciltsiz","8":"pa_tur-kitap","9":"pa_yayinevi-beta-kids","10":"pa_yazar-gemma-merino","12":"first","13":"instock","14":"sale","15":"shipping-taxable","16":"purchasable","17":"product-type-simple"},"_links":{"self":[{"href":"https:\/\/roveyayinevi.com.tr\/index.php\/wp-json\/wp\/v2\/product\/755915","targetHints":{"allow":["GET"]}}],"collection":[{"href":"https:\/\/roveyayinevi.com.tr\/index.php\/wp-json\/wp\/v2\/product"}],"about":[{"href":"https:\/\/roveyayinevi.com.tr\/index.php\/wp-json\/wp\/v2\/types\/product"}],"wp:attachment":[{"href":"https:\/\/roveyayinevi.com.tr\/index.php\/wp-json\/wp\/v2\/media?parent=755915"}],"wp:term":[{"taxonomy":"product_brand","embeddable":true,"href":"https:\/\/roveyayinevi.com.tr\/index.php\/wp-json\/wp\/v2\/product_brand?post=755915"},{"taxonomy":"product_cat","embeddable":true,"href":"https:\/\/roveyayinevi.com.tr\/index.php\/wp-json\/wp\/v2\/product_cat?post=755915"},{"taxonomy":"product_tag","embeddable":true,"href":"https:\/\/roveyayinevi.com.tr\/index.php\/wp-json\/wp\/v2\/product_tag?post=755915"}],"curies":[{"name":"wp","href":"https:\/\/api.w.org\/{rel}","templated":true}]}}