{"id":755912,"date":"2025-08-28T06:52:31","date_gmt":"2025-08-28T03:52:31","guid":{"rendered":"https:\/\/roveyayinevi.com.tr\/index.php\/urun\/ejderhayla-yasayan-cocuk\/"},"modified":"2026-04-16T03:08:55","modified_gmt":"2026-04-16T00:08:55","slug":"ejderhayla-yasayan-cocuk","status":"publish","type":"product","link":"https:\/\/roveyayinevi.com.tr\/index.php\/urun\/ejderhayla-yasayan-cocuk\/","title":{"rendered":"EJDERHAYLA YA\u015eAYAN \u00c7OCUK"},"content":{"rendered":"<p>Beta Kids gururla sunar!T\u00fcm d\u00fcnyada b\u00fcy\u00fck ilgi g\u00f6ren ve \u00e7ok satanlar listesine giren Ejderhayla Ya\u015fayan \u00c7ocuk \u015fimdi T\u00fcr\u00e7e bask\u0131s\u0131yla okurlar\u0131yla bulu\u015fmay\u0131 bekliyor.Sen, ejderha pe\u015finde ko\u015fan macerac\u0131, aram\u0131za ho\u015f geldin!Bu kitab\u0131 iki nedenden dolay\u0131 se\u00e7ti\u011fini du\u0308\u015fu\u0308nu\u0308yorum.1) Ejderhalar\u0131 nas\u0131l yeti\u015ftirdi\u011fimizi duydun ve sen de bu ate\u015f tu\u0308ten maceran\u0131n bir par\u00e7as\u0131 olmak istiyorsun.2) \u00c7oktan bir ejder meyvesi a\u011fac\u0131 buldun, kendine bir ejderha \u00e7\u0131kard\u0131n ve sonras\u0131nda ne yapaca\u011f\u0131n\u0131 hi\u00e7 bilmiyorsun.  Peki ben bunu nereden mi biliyorum? Ba\u015flang\u0131\u00e7ta biz de bilmiyorduk da ondan&#8230;<\/p>\n","protected":false},"excerpt":{"rendered":"<p>Beta Kids gururla sunar!T\u00fcm d\u00fcnyada b\u00fcy\u00fck ilgi g\u00f6ren ve \u00e7ok satanlar listesine giren Ejderhayla Ya\u015fayan \u00c7ocuk \u015fimdi T\u00fcr\u00e7e bask\u0131s\u0131yla okurlar\u0131yla bulu\u015fmay\u0131 bekliyor.Sen, ejderha pe\u015finde ko\u015fan macerac\u0131,<span class=\"excerpt-hellip\"> [\u2026]<\/span><\/p>\n","protected":false},"featured_media":0,"template":"","meta":{"_monsterinsights_skip_tracking":false,"_monsterinsights_sitenote_active":false,"_monsterinsights_sitenote_note":"","_monsterinsights_sitenote_category":0},"product_brand":[],"product_cat":[12274,12284],"product_tag":[],"class_list":{"0":"post-755912","1":"product","2":"type-product","3":"status-publish","5":"product_cat-cocuk-ve-genclik-kitaplari","6":"product_cat-hikayeler","7":"pa_cilt-ciltsiz","8":"pa_tur-kitap","9":"pa_yayinevi-beta-kids","10":"pa_yazar-andy-shepherd","12":"first","13":"instock","14":"sale","15":"shipping-taxable","16":"purchasable","17":"product-type-simple"},"_links":{"self":[{"href":"https:\/\/roveyayinevi.com.tr\/index.php\/wp-json\/wp\/v2\/product\/755912","targetHints":{"allow":["GET"]}}],"collection":[{"href":"https:\/\/roveyayinevi.com.tr\/index.php\/wp-json\/wp\/v2\/product"}],"about":[{"href":"https:\/\/roveyayinevi.com.tr\/index.php\/wp-json\/wp\/v2\/types\/product"}],"wp:attachment":[{"href":"https:\/\/roveyayinevi.com.tr\/index.php\/wp-json\/wp\/v2\/media?parent=755912"}],"wp:term":[{"taxonomy":"product_brand","embeddable":true,"href":"https:\/\/roveyayinevi.com.tr\/index.php\/wp-json\/wp\/v2\/product_brand?post=755912"},{"taxonomy":"product_cat","embeddable":true,"href":"https:\/\/roveyayinevi.com.tr\/index.php\/wp-json\/wp\/v2\/product_cat?post=755912"},{"taxonomy":"product_tag","embeddable":true,"href":"https:\/\/roveyayinevi.com.tr\/index.php\/wp-json\/wp\/v2\/product_tag?post=755912"}],"curies":[{"name":"wp","href":"https:\/\/api.w.org\/{rel}","templated":true}]}}