{"id":755867,"date":"2025-08-28T06:51:25","date_gmt":"2025-08-28T03:51:25","guid":{"rendered":"https:\/\/roveyayinevi.com.tr\/index.php\/urun\/filozof-dedemle-felsefe-seruvenlerim-dusunmek-uzerine\/"},"modified":"2026-04-16T03:08:54","modified_gmt":"2026-04-16T00:08:54","slug":"filozof-dedemle-felsefe-seruvenlerim-dusunmek-uzerine","status":"publish","type":"product","link":"https:\/\/roveyayinevi.com.tr\/index.php\/urun\/filozof-dedemle-felsefe-seruvenlerim-dusunmek-uzerine\/","title":{"rendered":"F\u0130LOZOF DEDEMLE FELSEFE SER\u00dcVENLER\u0130M D\u00dc\u015e\u00dcNMEK \u00dcZER\u0130NE"},"content":{"rendered":"<p>\u00c7ocuk, okuldaki bir etkinlikte \u201cd\u00fc\u015f\u00fcnmek\u201d \u00fczerine d\u00fc\u015f\u00fcnmeye ba\u015flar ve ara\u015ft\u0131rma yaparken ilk kez \u201cAristoteles\u201d ad\u0131yla kar\u015f\u0131la\u015f\u0131r: Felsefe tarihinin en b\u00fcy\u00fck filozoflar\u0131ndan biri ve ayn\u0131 zamanda da \u00f6nemli bir bilim insan\u0131. Bilim insan\u0131n\u0131n ne demek oldu\u011funu bilir \u00c7ocuk. Peki ya filozof nedir, felsefe nedir, d\u00fc\u015f\u00fcnen herkes filozof mudur? Sorular\u0131n ard\u0131 arkas\u0131 kesilmez. \u00c7ocuk\u2019un sorular\u0131na en do\u011fru yan\u0131t\u0131 bir ki\u015fi verebilecektir; emekli felsefe profes\u00f6r\u00fc olan ve uzakta ya\u015fayan dedesi. Serinin ilk kitab\u0131nda \u00c7ocuk, felsefe ser\u00fcvenine okulunda ba\u015flayacak ve bilge dedesiyle yaz tatili boyunca devam edecektir. Haydi onunla bu yolculu\u011fa \u00e7\u0131k\u0131n ve d\u00fc\u015f\u00fcnme molalar\u0131ndaki harika etkinliklerle \u201cfelsefi d\u00fc\u015f\u00fcnce\u201dyle tan\u0131\u015f\u0131n.<\/p>\n","protected":false},"excerpt":{"rendered":"<p>\u00c7ocuk, okuldaki bir etkinlikte \u201cd\u00fc\u015f\u00fcnmek\u201d \u00fczerine d\u00fc\u015f\u00fcnmeye ba\u015flar ve ara\u015ft\u0131rma yaparken ilk kez \u201cAristoteles\u201d ad\u0131yla kar\u015f\u0131la\u015f\u0131r: Felsefe tarihinin en b\u00fcy\u00fck filozoflar\u0131ndan biri ve ayn\u0131 zamanda da<span class=\"excerpt-hellip\"> [\u2026]<\/span><\/p>\n","protected":false},"featured_media":0,"template":"","meta":{"_monsterinsights_skip_tracking":false,"_monsterinsights_sitenote_active":false,"_monsterinsights_sitenote_note":"","_monsterinsights_sitenote_category":0},"product_brand":[],"product_cat":[12274,12284],"product_tag":[],"class_list":{"0":"post-755867","1":"product","2":"type-product","3":"status-publish","5":"product_cat-cocuk-ve-genclik-kitaplari","6":"product_cat-hikayeler","7":"pa_cilt-ciltsiz","8":"pa_tur-kitap","9":"pa_yayinevi-beta-kids","10":"pa_yazar-buket-kurt","12":"first","13":"instock","14":"sale","15":"shipping-taxable","16":"purchasable","17":"product-type-simple"},"_links":{"self":[{"href":"https:\/\/roveyayinevi.com.tr\/index.php\/wp-json\/wp\/v2\/product\/755867","targetHints":{"allow":["GET"]}}],"collection":[{"href":"https:\/\/roveyayinevi.com.tr\/index.php\/wp-json\/wp\/v2\/product"}],"about":[{"href":"https:\/\/roveyayinevi.com.tr\/index.php\/wp-json\/wp\/v2\/types\/product"}],"wp:attachment":[{"href":"https:\/\/roveyayinevi.com.tr\/index.php\/wp-json\/wp\/v2\/media?parent=755867"}],"wp:term":[{"taxonomy":"product_brand","embeddable":true,"href":"https:\/\/roveyayinevi.com.tr\/index.php\/wp-json\/wp\/v2\/product_brand?post=755867"},{"taxonomy":"product_cat","embeddable":true,"href":"https:\/\/roveyayinevi.com.tr\/index.php\/wp-json\/wp\/v2\/product_cat?post=755867"},{"taxonomy":"product_tag","embeddable":true,"href":"https:\/\/roveyayinevi.com.tr\/index.php\/wp-json\/wp\/v2\/product_tag?post=755867"}],"curies":[{"name":"wp","href":"https:\/\/api.w.org\/{rel}","templated":true}]}}