{"id":755861,"date":"2025-08-28T06:51:16","date_gmt":"2025-08-28T03:51:16","guid":{"rendered":"https:\/\/roveyayinevi.com.tr\/index.php\/urun\/hicbir-seyi-unutmayan-adam\/"},"modified":"2026-04-16T03:08:54","modified_gmt":"2026-04-16T00:08:54","slug":"hicbir-seyi-unutmayan-adam","status":"publish","type":"product","link":"https:\/\/roveyayinevi.com.tr\/index.php\/urun\/hicbir-seyi-unutmayan-adam\/","title":{"rendered":"Hi\u00e7bir \u015eeyi Unutmayan Adam"},"content":{"rendered":"<p>\u015e. (Solomon \u015eere\u015fevski) eski Sovyetler Birli\u011fi\u2019nde bir gazete muhabiriydi. Ona s\u00f6ylenilen hi\u00e7bir \u015feyi unutmuyor, not almaya gereksinim duymuyor ve her \u015feyi akl\u0131nda tutabiliyordu. Haf\u0131zas\u0131n\u0131n onu di\u011fer insanlardan ay\u0131ran baz\u0131 \u00f6zelliklere sahip oldu\u011funun fark\u0131nda de\u011fildi. Fakat yolu modern n\u00f6ro psikolojinin kurucusu Aleksandr Luriya ile kesi\u015fti\u011finde ortaya psikoloji tarihinin en ilgin\u00e7 vaka \u00f6yk\u00fclerinden biri \u00e7\u0131kt\u0131: Neredeyse sonsuz bir hat\u0131rlama g\u00fcc\u00fcne sahip, haf\u0131zas\u0131n\u0131n belirgin s\u0131n\u0131rlar\u0131 olmayan bir adam. Aleksandr Luriya 30 y\u0131l boyunca yapt\u0131\u011f\u0131 g\u00f6r\u00fc\u015fmeler, deneyler ve testlerden yola \u00e7\u0131karak \u015e.\u2019nin haf\u0131zas\u0131n\u0131n sadece ola\u011fan\u00fcst\u00fc g\u00fc\u00e7l\u00fc y\u00f6nlerini de\u011fil, ayn\u0131 zamanda \u015fa\u015f\u0131rt\u0131c\u0131 zay\u0131fl\u0131\u011f\u0131n\u0131 da zengin ayr\u0131nt\u0131lar\u0131yla ortaya koyuyor. Luriya\u2019n\u0131n \u201cromantik bilim\u201d olarak adland\u0131rd\u0131\u011f\u0131 t\u00fcr\u00fcn klasik bir \u00f6rne\u011fi.   *** \u201cSadece haf\u0131zan\u0131n i\u00e7 d\u00fczenine de\u011fil ayn\u0131 zamanda haf\u0131zan\u0131n bir ya\u015fam \u00f6r\u00fcnt\u00fcs\u00fcne nas\u0131l yerle\u015fti\u011fine dair kapsaml\u0131 bir inceleme.\u201d \u2014Jerome S. Bruner \u201cBu kitap bilime oldu\u011fu kadar edebiyata da bir katk\u0131.\u201d                                                \u2014Psychological Medicine <\/p>\n","protected":false},"excerpt":{"rendered":"<p>\u015e. (Solomon \u015eere\u015fevski) eski Sovyetler Birli\u011fi\u2019nde bir gazete muhabiriydi. Ona s\u00f6ylenilen hi\u00e7bir \u015feyi unutmuyor, not almaya gereksinim duymuyor ve her \u015feyi akl\u0131nda tutabiliyordu. Haf\u0131zas\u0131n\u0131n onu di\u011fer<span class=\"excerpt-hellip\"> [\u2026]<\/span><\/p>\n","protected":false},"featured_media":0,"template":"","meta":{"_monsterinsights_skip_tracking":false,"_monsterinsights_sitenote_active":false,"_monsterinsights_sitenote_note":"","_monsterinsights_sitenote_category":0},"product_brand":[],"product_cat":[12357],"product_tag":[],"class_list":{"0":"post-755861","1":"product","2":"type-product","3":"status-publish","5":"product_cat-psikoloji","6":"pa_cilt-ciltsiz","7":"pa_tur-kitap","8":"pa_yayinevi-say-yayinlari","9":"pa_yazar-aleksandr-r-luriya","11":"first","12":"instock","13":"sale","14":"shipping-taxable","15":"purchasable","16":"product-type-simple"},"_links":{"self":[{"href":"https:\/\/roveyayinevi.com.tr\/index.php\/wp-json\/wp\/v2\/product\/755861","targetHints":{"allow":["GET"]}}],"collection":[{"href":"https:\/\/roveyayinevi.com.tr\/index.php\/wp-json\/wp\/v2\/product"}],"about":[{"href":"https:\/\/roveyayinevi.com.tr\/index.php\/wp-json\/wp\/v2\/types\/product"}],"wp:attachment":[{"href":"https:\/\/roveyayinevi.com.tr\/index.php\/wp-json\/wp\/v2\/media?parent=755861"}],"wp:term":[{"taxonomy":"product_brand","embeddable":true,"href":"https:\/\/roveyayinevi.com.tr\/index.php\/wp-json\/wp\/v2\/product_brand?post=755861"},{"taxonomy":"product_cat","embeddable":true,"href":"https:\/\/roveyayinevi.com.tr\/index.php\/wp-json\/wp\/v2\/product_cat?post=755861"},{"taxonomy":"product_tag","embeddable":true,"href":"https:\/\/roveyayinevi.com.tr\/index.php\/wp-json\/wp\/v2\/product_tag?post=755861"}],"curies":[{"name":"wp","href":"https:\/\/api.w.org\/{rel}","templated":true}]}}